000
CXUS51 KBUF 011845
CLMROC


CLIMATE REPORT
NATIONAL WEATHER SERVICE BUFFALO NY
1205 PM EDT FRI JUL 1 2016

...................................

...THE ROCHESTER NY CLIMATE SUMMARY FOR THE MONTH OF JUNE 2016...

CLIMATE NORMAL PERIOD 1981 TO 2010
CLIMATE RECORD PERIOD 1871 TO 2016

WEATHER         OBSERVED          NORMAL  DEPART  LAST YEAR`S
                 VALUE   DATE(S)  VALUE   FROM    VALUE  DATE(S)
                                          NORMAL
................................................................
TEMPERATURE (F)
RECORD
 HIGH             100   06/21/1953
 LOW               35   06/08/1949
HIGHEST            93   06/26                         83  06/22
                                                          06/12
LOWEST             44   06/14                         42  06/03
                        06/10
                        06/09
AVG. MAXIMUM     79.2              76.6     2.6     75.2
AVG. MINIMUM     55.8              55.9    -0.1     56.5
MEAN             67.5              66.2     1.3     65.9
DAYS MAX >= 90      4               0.9     3.1        0
DAYS MAX <= 32      0               0.0     0.0        0
DAYS MIN <= 32      0               0.0     0.0        0
DAYS MIN <= 0       0               0.0     0.0        0

PRECIPITATION (INCHES)
RECORD
 MAXIMUM         8.14   1922
 MINIMUM         0.22   1963
TOTALS           0.91              3.34   -2.43     6.20
DAYS >= .01         7                                 17
DAYS >= .10         3                                 12
DAYS >= .50         0                                  5
DAYS >= 1.00        0                                  2
GREATEST
 24 HR. TOTAL    0.49   06/02 TO 06/02

SNOWFALL (INCHES)
RECORDS
 TOTAL             MM   MM
TOTALS            0.0               0.0     0.0      0.0
SINCE 7/1        63.7              99.5   -35.8    101.9
SNOWDEPTH AVG.      0                MM      MM        0
DAYS >= 1.0         0               0.0     0.0        0
GREATEST
 SNOW DEPTH         0   MM                             0  MM
 24 HR TOTAL      0.0   06/30 TO 06/30           06/30 TO 06/30
                                                          06/30 TO 06/30
                                                          06/30 TO 06/30

DEGREE_DAYS
HEATING TOTAL      47                68     -21       57
 SINCE 7/1       5655              6646    -991     6871
COOLING TOTAL     129               106      23       94
 SINCE 1/1        191               136      55      197
.................................................

WIND (MPH)
AVERAGE WIND SPEED              8.4
HIGHEST WIND SPEED/DIRECTION    33/350    DATE  06/06
HIGHEST GUST SPEED/DIRECTION    41/350    DATE  06/06

SKY COVER
POSSIBLE SUNSHINE (PERCENT)   MM
AVERAGE SKY COVER           0.50
NUMBER OF DAYS FAIR            8
NUMBER OF DAYS PC             17
NUMBER OF DAYS CLOUDY          5

AVERAGE RH (PERCENT)     61

WEATHER CONDITIONS. NUMBER OF DAYS WITH
THUNDERSTORM              5     MIXED PRECIP               0
HEAVY RAIN                1     RAIN                       3
LIGHT RAIN               10     FREEZING RAIN              0
LT FREEZING RAIN          0     HAIL                       0
HEAVY SNOW                0     SNOW                       0
LIGHT SNOW                0     SLEET                      0
FOG                       7     FOG W/VIS <= 1/4 MILE      0
HAZE                      1

-  INDICATES NEGATIVE NUMBERS.
R  INDICATES RECORD WAS SET OR TIED.
MM INDICATES DATA IS MISSING.
T  INDICATES TRACE AMOUNT.

$$
