000
CXUS51 KBUF 022027
CLMROC


CLIMATE REPORT
NATIONAL WEATHER SERVICE BUFFALO NY
425 PM EDT TUE AUG 2 2016

...................................

...THE ROCHESTER NY CLIMATE SUMMARY FOR THE MONTH OF JULY 2016...

CLIMATE NORMAL PERIOD 1981 TO 2010
CLIMATE RECORD PERIOD 1871 TO 2016

WEATHER         OBSERVED          NORMAL  DEPART  LAST YEAR`S
                 VALUE   DATE(S)  VALUE   FROM    VALUE  DATE(S)
                                          NORMAL
................................................................
TEMPERATURE (F)
RECORD
 HIGH             102   07/10/1936
                        07/09/1936
 LOW               24   07/01/2016
HIGHEST            94   07/13                         91  07/29
LOWEST             53   07/20                         50  07/16
                                                          07/03
AVG. MAXIMUM     85.8              81.0     4.8     80.7
AVG. MINIMUM     63.7              60.7     3.0     61.0
MEAN             74.8              70.8     4.0     70.9
DAYS MAX >= 90      9               2.3     6.7        1
DAYS MAX <= 32      0               0.0     0.0        0
DAYS MIN <= 32      0               0.0     0.0        0
DAYS MIN <= 0       0               0.0     0.0        0

PRECIPITATION (INCHES)
RECORD
 MAXIMUM         9.70   1947
 MINIMUM         0.43   1933
TOTALS           1.22              3.33   -2.11     3.56
DAYS >= .01         7                                 12
DAYS >= .10         6                                  8
DAYS >= .50         0                                  2
DAYS >= 1.00        0                                  1
GREATEST
 24 HR. TOTAL    0.60   07/07 TO 07/08           07/17 TO 07/18
                                                          07/18 TO 07/18
                                                          07/18 TO 07/18

SNOWFALL (INCHES)
RECORDS
 TOTAL             MM   MM
TOTALS            0.0               0.0     0.0      0.0
SINCE 7/1         0.0               0.0     0.0      0.0
SNOWDEPTH AVG.      0                MM      MM        0
DAYS >= 1.0         0               0.0     0.0        0
GREATEST
 SNOW DEPTH         0   MM                             0  MM
 24 HR TOTAL      0.0   07/31 TO 07/31           07/18 TO 07/18
                                                          07/18 TO 07/18
                                                          07/18 TO 07/18

DEGREE_DAYS
HEATING TOTAL       0                12     -12       11
 SINCE 7/1          0                12     -12       11
COOLING TOTAL     313               193     120      200
 SINCE 1/1        504               329     175      397
.........................................................

WIND (MPH)
AVERAGE WIND SPEED              8.0
HIGHEST WIND SPEED/DIRECTION    33/300
HIGHEST GUST SPEED/DIRECTION    50/280    DATE  07/01

SKY COVER
POSSIBLE SUNSHINE (PERCENT)   MM
AVERAGE SKY COVER           0.50
NUMBER OF DAYS FAIR            6
NUMBER OF DAYS PC             22
NUMBER OF DAYS CLOUDY          3

AVERAGE RH (PERCENT)     64

WEATHER CONDITIONS. NUMBER OF DAYS WITH
THUNDERSTORM              6     MIXED PRECIP               0
HEAVY RAIN                3     RAIN                       4
LIGHT RAIN                9     FREEZING RAIN              0
LT FREEZING RAIN          0     HAIL                       0
HEAVY SNOW                0     SNOW                       0
LIGHT SNOW                0     SLEET                      0
FOG                       5     FOG W/VIS <= 1/4 MILE      0
HAZE                      0

-  INDICATES NEGATIVE NUMBERS.
R  INDICATES RECORD WAS SET OR TIED.
MM INDICATES DATA IS MISSING.
T  INDICATES TRACE AMOUNT.

$$
