000
CXUS55 KABQ 011110
CF6ROW
PRELIMINARY LOCAL CLIMATOLOGICAL DATA (WS FORM: F-6)
STATION: ROSWELL NM
MONTH: DECEMBER
YEAR: 2022
LATITUDE: 33 17 N
LONGITUDE: 104 32 W
TEMPERATURE IN F: :PCPN: SNOW: WIND :SUNSHINE: SKY :PK WND
================================================================================
1 2 3 4 5 6A 6B 7 8 9 10 11 12 13 14 15 16 17 18
12Z AVG MX 2MIN
DY MAX MIN AVG DEP HDD CDD WTR SNW DPTH SPD SPD DIR MIN PSBL S-S WX SPD DR
================================================================================
1 55 27 41 -5 24 0 0.00 0.0 0 4.9 13 180 M M 0 17 190
2 80 34 57 12 8 0 0.00 0.0 0 6.9 18 240 M M 0 25 290
3 50 35 43 -2 22 0 0.04 0.0 0 7.0 17 20 M M 3 8 23 50
4 58 38 48 3 17 0 0.01 0.0 0 5.8 17 190 M M 2 21 190
5 79 44 62 18 3 0 0.01 0.0 0 6.1 26 260 M M 1 1 32 260
6 75 43 59 15 6 0 0.00 0.0 0 3.6 13 240 M M 0 18 15 240
7 57 48 53 9 12 0 T 0.0 0 5.0 15 210 M M 5 1 20 210
8 67 39 53 9 12 0 0.00 0.0 0 5.1 13 220 M M 2 12 16 230
9 55 39 47 4 18 0 0.00 0.0 0 3.9 9 340 M M 5 12 360
10 66 34 50 7 15 0 0.00 0.0 0 4.9 13 360 M M 0 8 15 360
11 64 30 47 4 18 0 0.00 0.0 0 6.7 16 170 M M 0 18 23 170
12 70 42 56 13 9 0 0.00 0.0 0 16.6 36 250 M M 4 12 53 240
13 54 37 46 4 19 0 0.00 0.0 0 13.5 29 270 M M 2 39 260
14 55 28 42 0 23 0 0.00 0.0 0 13.8 35 320 M M 0 51 290
15 52 26 39 -3 26 0 0.00 0.0 0 4.5 14 170 M M 0 18 190
16 51 27 39 -3 26 0 0.00 0.0 0 11.2 25 330 M M 0 36 330
17 50 18 34 -8 31 0 0.00 0.0 0 3.5 10 150 M M 0 14 160
18 45 26 36 -6 29 0 0.01 0.0 0 4.2 10 60 M M 3 13 60
19 63 24 44 2 21 0 0.00 0.0 0 4.7 18 340 M M 0 24 310
20 51 24 38 -3 27 0 0.00 0.0 0 5.7 10 180 M M 0 15 160
21 54 28 41 0 24 0 0.00 0.0 0 6.1 12 180 M M 2 18 15 180
22 31 12 22 -19 43 0 0.00 0.0 0 9.8 25 20 M M 0 33 10
23 22 11 17 -24 48 0 0.00 0.0 0 3.8 8 170 M M 1 12 170
24 41 14 28 -13 37 0 0.00 0.0 0 4.8 15 180 M M 0 18 170
25 54 19 37 -4 28 0 0.00 0.0 0 4.3 17 170 M M 0 20 170
26 57 28 43 2 22 0 0.00 0.0 0 6.9 18 10 M M 0 25 10
27 70 26 48 7 17 0 0.00 0.0 0 5.0 15 200 M M 0 22 210
28 68 48 58 17 7 0 0.00 0.0 0 15.0 35 220 M M 1 46 220
29 63 35 49 8 16 0 0.00 0.0 0 5.8 21 250 M M 0 27 250
30 61 35 48 7 17 0 T 0.0 0 6.2 15 190 M M 4 20 200
31 70 35 53 12 12 0 0.00 0.0 0 5.8 13 10 M M 0 18 220
================================================================================
SM 1788 954 637 0 0.07 0.0 211.1 M 35
================================================================================
AV 57.7 30.8 6.8 FASTST M M 1 MAX(MPH)
MISC ----> 36 250 53 240
================================================================================
NOTES:
# LAST OF SEVERAL OCCURRENCES
COLUMN 17 PEAK WIND IN M.P.H.
PRELIMINARY LOCAL CLIMATOLOGICAL DATA (WS FORM: F-6) , PAGE 2
STATION: ROSWELL NM
MONTH: DECEMBER
YEAR: 2022
LATITUDE: 33 17 N
LONGITUDE: 104 32 W
[TEMPERATURE DATA] [PRECIPITATION DATA] SYMBOLS USED IN COLUMN 16
AVERAGE MONTHLY: 44.2 TOTAL FOR MONTH: 0.07 1 = FOG OR MIST
DPTR FM NORMAL: 1.8 DPTR FM NORMAL: -0.49 2 = FOG REDUCING VISIBILITY
HIGHEST: 80 ON 2 GRTST 24HR 0.05 ON 3- 4 TO 1/4 MILE OR LESS
LOWEST: 11 ON 23 3 = THUNDER
SNOW, ICE PELLETS, HAIL 4 = ICE PELLETS
TOTAL MONTH: 0.0 INCH 5 = HAIL
GRTST 24HR 0.0 6 = FREEZING RAIN OR DRIZZLE
GRTST DEPTH: 0 7 = DUSTSTORM OR SANDSTORM:
VSBY 1/2 MILE OR LESS
8 = SMOKE OR HAZE
[NO. OF DAYS WITH] [WEATHER - DAYS WITH] 9 = BLOWING SNOW
X = TORNADO
MAX 32 OR BELOW: 2 0.01 INCH OR MORE: 4
MAX 90 OR ABOVE: 0 0.10 INCH OR MORE: 0
MIN 32 OR BELOW: 16 0.50 INCH OR MORE: 0
MIN 0 OR BELOW: 0 1.00 INCH OR MORE: 0
[HDD (BASE 65) ]
TOTAL THIS MO. 637 CLEAR (SCALE 0-3) 27
DPTR FM NORMAL -63 PTCLDY (SCALE 4-7) 4
TOTAL FM JUL 1 1286 CLOUDY (SCALE 8-10) 0
DPTR FM NORMAL 31
[CDD (BASE 65) ]
TOTAL THIS MO. 0
DPTR FM NORMAL 0 [PRESSURE DATA]
TOTAL FM JAN 1 2618 HIGHEST SLP 30.68 ON 23
DPTR FM NORMAL 382 LOWEST SLP 29.45 ON 12
[REMARKS]
#FINAL-12-22#