000
CXUS53 KARX 091307 CCA
CLSRST
CLIMATE REPORT...CORRECTED
NATIONAL WEATHER SERVICE
626 AM CST WED DEC 09 2020
...................................
...THE ROCHESTER MN CLIMATE SUMMARY FOR THE SEASON, FROM
9/1/2020 TO 11/30/2020...
CLIMATE NORMAL PERIOD 1981 TO 2010
CLIMATE RECORD PERIOD 1886 TO 2020
WEATHER OBSERVED NORMAL DEPART LAST YEAR`S
VALUE DATE(S) VALUE FROM VALUE DATE(S)
NORMAL
................................................................
TEMPERATURE (F)
RECORD
HIGH 100 09/06/1913
LOW -24 11/28/1887
HIGHEST 82 09/06 89 09/30
LOWEST 13 11/13 0 11/08
AVG. MAXIMUM 55.5 57.1 -1.6 53.8
AVG. MINIMUM 37.2 38.3 -1.1 37.5
MEAN 46.3 47.7 -1.4 45.7
DAYS MAX >= 90 0 0.0 0.0 0
DAYS MAX <= 32 5 6.0 -1.0 13
DAYS MIN <= 32 39 29.9 9.1 43
DAYS MIN <= 0 0 0.7 -0.7 1
PRECIPITATION (INCHES)
RECORD
MAXIMUM 16.95 2019
MINIMUM 1.49 1976
TOTALS 6.73 7.60 -0.87 16.95
DAYS >= .01 21 28.6 -7.6 43
DAYS >= .10 6 14.7 -8.7 25
DAYS >= .50 4 4.5 -0.5 11
DAYS >= 1.00 2 1.6 0.4 6
GREATEST
24 HR. TOTAL 1.32 09/24 2.70
SNOWFALL (INCHES)
RECORDS
TOTAL 24.8 1991
SNOW DEPTH 12 11/30/1934
TOTALS 8.6 6.9 +1.7 13.4
SNOWDEPTH AVG. 0 0
DAYS >= TRACE 6 6.0 0.0 15
DAYS >= 1.0 5 2.0 3.0 4
GREATEST
SNOW DEPTH 3 11/25 5 11/28
11/27
DEGREE DAYS
HEATING TOTAL 999 1633 -634 1826
COOLING TOTAL 25 60 -35 89
................................................................
WIND (MPH)
AVERAGE WIND SPEED 12.1
HIGHEST WIND SPEED/DIRECTION 40/350 DATE 09/24
HIGHEST GUST SPEED/DIRECTION 54/310 DATE 09/30
AVERAGE RH (PERCENT) 74
WEATHER CONDITIONS. NUMBER OF DAYS WITH
THUNDERSTORM 3 MIXED PRECIP 0
HEAVY RAIN 2 RAIN 8
LIGHT RAIN 20 FREEZING RAIN 1
LT FREEZING RAIN 1 HAIL 0
HEAVY SNOW 0 SNOW 0
LIGHT SNOW 6 SLEET 0
FOG 19 FOG W/VIS <= 1/4 MILE 5
HAZE 2
- INDICATES NEGATIVE NUMBERS.
R INDICATES RECORD WAS SET OR TIED.
MM INDICATES DATA IS MISSING.
T INDICATES TRACE AMOUNT.
$$
BOYNE