000
CXUS53 KMPX 010910
CF6RWF
PRELIMINARY LOCAL CLIMATOLOGICAL DATA (WS FORM: F-6)
STATION: REDWOOD FALLS MN
MONTH: JUNE
YEAR: 2023
LATITUDE: 44 32 N
LONGITUDE: 95 5 W
TEMPERATURE IN F: :PCPN: SNOW: WIND :SUNSHINE: SKY :PK WND
================================================================================
1 2 3 4 5 6A 6B 7 8 9 10 11 12 13 14 15 16 17 18
12Z AVG MX 2MIN
DY MAX MIN AVG DEP HDD CDD WTR SNW DPTH SPD SPD DIR MIN PSBL S-S WX SPD DR
================================================================================
1 87 64 76 11 0 11 0.00 M M 10.4 21 130 M M 1 26 150
2 86 66 76 11 0 11 0.09 M M 9.3 28 150 M M 2 38 38 150
3 88 66 77 11 0 12 0.00 M M 4.9 14 90 M M 1 23 90
4 91 65 78 12 0 13 T M M 5.0 17 180 M M 1 24 190
5 90 63 77 11 0 12 0.00 M M 3.9 10 10 M M 1 16 10
6 87 68 78 12 0 13 0.00 M M 5.8 10 80 M M 2 8 15 80
7 86 63 75 8 0 10 0.40 M M 7.2 17 80 M M 5 138 27 70
8 77 59 68 1 0 3 0.03 M M 8.1 18 100 M M 5 13 28 100
9 79 61 70 3 0 5 0.00 M M 7.1 15 160 M M 1 18 21 150
10 83 58 71 3 0 6 0.25 M M 6.6 18 80 M M 5 138 30 40
11 72 51 62 -6 3 0 0.00 M M 8.4 20 360 M M 0 31 360
12 81 50 66 -2 0 1 0.00 M M 8.4 20 270 M M 2 29 270
13 87 54 71 2 0 6 0.00 M M 6.8 18 290 M M 2 29 290
14 85 57 71 2 0 6 0.00 M M 1.0 7 330 M M 0 8 9 290
15 81 59 70 1 0 5 0.00 M M 6.5 14 60 M M 2 18 21 60
16 77 51 64 -5 1 0 0.00 M M 6.9 13 110 M M 0 19 90
17 78 57 68 -2 0 3 T M M 7.6 21 170 M M 4 38 26 210
18 80 62 71 1 0 6 T M M 3.5 10 110 M M 6 1 15 90
19 93 61 77 7 0 12 0.00 M M 11.5 22 140 M M 0 18 30 140
20 92 66 79 9 0 14 0.00 M M 13.1 23 150 M M 0 33 150
21 91 62 77 7 0 12 0.00 M M 8.4 16 140 M M 1 22 140
22 92 62 77 6 0 12 0.00 M M 7.1 14 290 M M 1 22 220
23 92 66 79 8 0 14 0.00 M M 5.6 21 140 M M 2 138 25 150
24 84 65 75 4 0 10 0.37 M M 12.1 31 210 M M 4 13 40 210
25 73 62 68 -3 0 3 0.13 M M 11.6 24 300 M M 7 1 35 300
26 83 63 73 2 0 8 0.00 M M 9.7 18 350 M M 4 29 300
27 84 60 72 0 0 7 T M M 6.3 15 130 M M 2 18 20 190
28 87 64 76 4 0 11 0.05 M M 10.0 24 150 M M 3 18 31 150
29 90 64 77 5 0 12 0.00 M M 6.1 17 290 M M 0 18 23 300
30 85 63 74 2 0 9 T M M 3.6 8 240 M M 1 14 300
================================================================================
SM 2541 1832 4 247 1.32 M 222.5 M 65
================================================================================
AV 84.7 61.1 7.4 FASTST M M 2 MAX(MPH)
MISC ----> 31 210 40 210
================================================================================
NOTES:
# LAST OF SEVERAL OCCURRENCES
COLUMN 17 PEAK WIND IN M.P.H.
PRELIMINARY LOCAL CLIMATOLOGICAL DATA (WS FORM: F-6) , PAGE 2
STATION: REDWOOD FALLS MN
MONTH: JUNE
YEAR: 2023
LATITUDE: 44 32 N
LONGITUDE: 95 5 W
[TEMPERATURE DATA] [PRECIPITATION DATA] SYMBOLS USED IN COLUMN 16
AVERAGE MONTHLY: 72.9 TOTAL FOR MONTH: 1.32 1 = FOG OR MIST
DPTR FM NORMAL: 4.0 DPTR FM NORMAL: -3.34 2 = FOG REDUCING VISIBILITY
HIGHEST: 93 ON 19 GRTST 24HR 0.40 ON 7- 7 TO 1/4 MILE OR LESS
LOWEST: 50 ON 12 3 = THUNDER
SNOW, ICE PELLETS, HAIL 4 = ICE PELLETS
TOTAL MONTH: M 5 = HAIL
GRTST 24HR M ON M 6 = FREEZING RAIN OR DRIZZLE
GRTST DEPTH: M ON M 7 = DUSTSTORM OR SANDSTORM:
VSBY 1/2 MILE OR LESS
8 = SMOKE OR HAZE
[NO. OF DAYS WITH] [WEATHER - DAYS WITH] 9 = BLOWING SNOW
X = TORNADO
MAX 32 OR BELOW: 0 0.01 INCH OR MORE: 7
MAX 90 OR ABOVE: 8 0.10 INCH OR MORE: 4
MIN 32 OR BELOW: 0 0.50 INCH OR MORE: 0
MIN 0 OR BELOW: 0 1.00 INCH OR MORE: 0
[HDD (BASE 65) ]
TOTAL THIS MO. 4 CLEAR (SCALE 0-3) 21
DPTR FM NORMAL -33 PTCLDY (SCALE 4-7) 9
TOTAL FM JUL 1 7885 CLOUDY (SCALE 8-10) 0
DPTR FM NORMAL 80
[CDD (BASE 65) ]
TOTAL THIS MO. 247
DPTR FM NORMAL 91 [PRESSURE DATA]
TOTAL FM JAN 1 305 HIGHEST SLP 30.08 ON 21
DPTR FM NORMAL 105 LOWEST SLP 29.55 ON 25
[REMARKS]
#FINAL-06-23#