000
CXUS55 KCYS 151119
CF6RWL
PRELIMINARY LOCAL CLIMATOLOGICAL DATA (WS FORM: F-6)...CORRECTED
STATION: RAWLINS WYOMING AIRPORT
MONTH: AUGUST
YEAR: 2021
LATITUDE: 41 47 N
LONGITUDE: 107 12 W
TEMPERATURE IN F: :PCPN: SNOW: WIND :SUNSHINE: SKY :PK WND
================================================================================
1 2 3 4 5 6A 6B 7 8 9 10 11 12 13 14 15 16 17 18
12Z AVG MX 2MIN
DY MAX MIN AVG DEP HDD CDD WTR SNW DPTH SPD SPD DIR MIN PSBL S-S WX SPD DR
================================================================================
1 85 52 69 0 0 4 0.00 M M 9.0 20 80 M M 0 8 27 80
2 84 54 69 0 0 4 0.01 M M 9.7 23 210 M M 3 38 31 240
3 73 53 63 -6 2 0 0.06 M M 7.8 17 240 M M 7 13 23 240
4 81 48 65 -3 0 0 0.00 M M 4.1 14 270 M M 1 8 22 280
5 89 48 69 1 0 4 T M M 7.3 24 250 M M 1 8 39 280
6 90 54 72 4 0 7 T M M 13.3 37 280 M M 3 38 51 280
7 78 52 65 -3 0 0 0.00 M M 13.0 23 250 M M 4 8 30 250
8 86 56 71 3 0 6 0.00 M M 11.4 23 220 M M 0 8 32 220
9 86 53 70 2 0 5 0.00 M M 14.7 32 260 M M 0 8 43 290
10 M M M M M M 0.00 M M M M M M M 5 M M
11 M M M M M M 0.00 M M M M M M M M M M
12 M M M M M M 0.00 M M M M M M M M M M
13 88 53 71 4 0 6 0.00 M M 10.2 17 340 M M 0 24 50
14 92 54 73 7 0 8 0.01 M M 6.3 32 310 M M 2 3 46 320
15 89 52 71 5 0 6 T M M 9.4 30 80 M M 0 3 41 340
16 88 47 68 2 0 3 0.00 M M 4.6 13 290 M M 1 19 330
17 89 54 72 6 0 7 T M M 8.6 29 310 M M 1 39 310
18 85 56 71 5 0 6 0.16 M M 8.8 37 240 M M 4 13 53 230
19 63 47 55 -10 10 0 T M M 13.7 29 230 M M 4 39 240
20 66 45 56 -9 9 0 0.00 M M 14.6 29 230 M M 5 40 240
21 75 39 57 -8 8 0 0.01 M M 12.0 40 280 M M 1 8 58 260
22 76 48 62 -3 3 0 0.31 M M 13.9 29 270 M M 4 18 42 280
23 82 46 64 0 1 0 T M M 11.4 32 220 M M 1 8 46 220
24 85 47 66 2 0 1 0.00 M M 8.4 23 220 M M 0 31 210
25 85 45 65 1 0 0 0.00 M M 10.5 28 220 M M 0 39 250
26 82 51 67 3 0 2 T M M 11.7 39 240 M M 3 3 50 240
27 83 45 64 1 1 0 0.00 M M 10.5 28 240 M M 0 39 220
28 80 42 61 -2 4 0 0.00 M M 10.0 28 270 M M 0 8 39 290
29 83 41 62 -1 3 0 0.00 M M 7.0 21 260 M M 0 28 260
30 86 48 67 5 0 2 0.00 M M 6.4 24 240 M M 0 8 33 240
31 88 45 67 5 0 2 T M M 7.9 35 220 M M 1 8 56 230
================================================================================
SM 2317 1375 41 73 0.56 M 276.2 M 51
================================================================================
AV 82.8 49.1 9.9 FASTST M M 2 MAX(MPH)
MISC ----> 40 280 58 260
================================================================================
NOTES:
# LAST OF SEVERAL OCCURRENCES
COLUMN 17 PEAK WIND IN M.P.H.
PRELIMINARY LOCAL CLIMATOLOGICAL DATA (WS FORM: F-6) , PAGE 2
STATION: RAWLINS WYOMING AIRPORT
MONTH: AUGUST
YEAR: 2021
LATITUDE: 41 47 N
LONGITUDE: 107 12 W
[TEMPERATURE DATA] [PRECIPITATION DATA] SYMBOLS USED IN COLUMN 16
AVERAGE MONTHLY: 65.9 TOTAL FOR MONTH: 0.56 1 = FOG OR MIST
DPTR FM NORMAL: 0.1 DPTR FM NORMAL: -0.17 2 = FOG REDUCING VISIBILITY
HIGHEST: 92 ON 14 GRTST 24HR 0.31 ON 22-22 TO 1/4 MILE OR LESS
LOWEST: 39 ON 21 3 = THUNDER
SNOW, ICE PELLETS, HAIL 4 = ICE PELLETS
TOTAL MONTH: M 5 = HAIL
GRTST 24HR M ON M 6 = FREEZING RAIN OR DRIZZLE
GRTST DEPTH: M ON M 7 = DUSTSTORM OR SANDSTORM:
VSBY 1/2 MILE OR LESS
8 = SMOKE OR HAZE
[NO. OF DAYS WITH] [WEATHER - DAYS WITH] 9 = BLOWING SNOW
X = TORNADO
MAX 32 OR BELOW: 0 0.01 INCH OR MORE: 6
MAX 90 OR ABOVE: 2 0.10 INCH OR MORE: 2
MIN 32 OR BELOW: 0 0.50 INCH OR MORE: 0
MIN 0 OR BELOW: 0 1.00 INCH OR MORE: 0
[HDD (BASE 65) ]
TOTAL THIS MO. 41 CLEAR (SCALE 0-3) 21
DPTR FM NORMAL -10 PTCLDY (SCALE 4-7) 8
TOTAL FM JUL 1 41 CLOUDY (SCALE 8-10) 2
DPTR FM NORMAL -36
[CDD (BASE 65) ]
TOTAL THIS MO. 73
DPTR FM NORMAL -4 [PRESSURE DATA]
TOTAL FM JAN 1 403 HIGHEST SLP 30.21 ON 1
DPTR FM NORMAL 186 LOWEST SLP 29.61 ON 17
[REMARKS]
AUGUST 10-12...MISSING TEMPERATURES AND WINDS.
#FINAL-08-21#