000
CXUS55 KCYS 011530
CLMRWL
CLIMATE REPORT
NATIONAL WEATHER SERVICE CHEYENNE WY
930 AM MDT SAT APR 01 2023
...................................
...THE RAWLINS WYOMING AIRPORT CLIMATE SUMMARY FOR THE MONTH OF MARCH 2023...
CLIMATE NORMAL PERIOD 1991 TO 2020
CLIMATE RECORD PERIOD 1951 TO 2023
WEATHER OBSERVED NORMAL DEPART LAST YEAR`S
VALUE DATE(S) VALUE FROM VALUE DATE(S)
NORMAL
................................................................
TEMPERATURE (F)
RECORD
HIGH 73 03/31/2012
LOW -24 03/10/2022
HIGHEST 49 03/29 MM MM 70
LOWEST 0 03/01 MM MM -24
AVG. MAXIMUM 31.4 45.1 -13.7 43.6
AVG. MINIMUM 14.4 22.0 -7.6 20.6
MEAN 22.9 33.6 -10.7 32.1
DAYS MAX >= 90 0 0.0 0.0 0
DAYS MAX <= 32 17 3.7 13.3 6
DAYS MIN <= 32 31 27.3 3.7 26
DAYS MIN <= 0 1 1.7 -0.7 5
PRECIPITATION (INCHES)
RECORD
MAXIMUM 2.09 1998
TOTALS 0.18 0.66 -0.48 0.51
DAYS >= .01 7 6.8 0.2 9
DAYS >= .10 0 1.8 -1.8 2
DAYS >= .50 0 0.1 -0.1 0
DAYS >= 1.00 0 0.0 0.0 0
GREATEST
24 HR. TOTAL 0.08 03/22 TO 03/23 0.21 03/05 TO 03/06
DEGREE DAYS
HEATING TOTAL 1297 975 322 1011
SINCE 7/1 7277 6783 494 MM
COOLING TOTAL 0 0 0 0
SINCE 1/1 0 0 0 MM
................................................................
WIND (MPH)
AVERAGE WIND SPEED 14.6
HIGHEST WIND SPEED/DIRECTION 48/210 DATE 03/10
HIGHEST GUST SPEED/DIRECTION 65/210 DATE 03/10
65/220 03/15
SKY COVER
POSSIBLE SUNSHINE (PERCENT) MM
AVERAGE SKY COVER 0.44
NUMBER OF DAYS FAIR 11
NUMBER OF DAYS PC 17
NUMBER OF DAYS CLOUDY 3
AVERAGE RH (PERCENT) 69
WEATHER CONDITIONS. NUMBER OF DAYS WITH
THUNDERSTORM 0 MIXED PRECIP 0
HEAVY RAIN 0 RAIN 1
LIGHT RAIN 1 FREEZING RAIN 0
LT FREEZING RAIN 0 HAIL 0
HEAVY SNOW 3 SNOW 6
LIGHT SNOW 25 SLEET 0
FOG 17 FOG W/VIS <= 1/4 MILE 5
HAZE 12
- INDICATES NEGATIVE NUMBERS.
R INDICATES RECORD WAS SET OR TIED.
MM INDICATES DATA IS MISSING.
T INDICATES TRACE AMOUNT.
$$