000
CXUS54 KEWX 011010
CF6RYW
PRELIMINARY LOCAL CLIMATOLOGICAL DATA (WS FORM: F-6)
STATION: LAGO VISTA
MONTH: JUNE
YEAR: 2020
LATITUDE: 30 30 N
LONGITUDE: 97 58 W
TEMPERATURE IN F: :PCPN: SNOW: WIND :SUNSHINE: SKY :PK WND
================================================================================
1 2 3 4 5 6A 6B 7 8 9 10 11 12 13 14 15 16 17 18
12Z AVG MX 2MIN
DY MAX MIN AVG DEP HDD CDD WTR SNW DPTH SPD SPD DIR MIN PSBL S-S WX SPD DR
================================================================================
1 82 67 75 M 0 10 0.00 M M 4.2 9 110 M M 6 1 M M
2 87 69 78 M 0 13 0.00 M M 3.2 9 150 M M 6 M M
3 90 70 80 M 0 15 0.00 M M 4.1 9 170 M M 4 M M
4 91 72 82 M 0 17 0.00 M M 5.5 9 180 M M 4 M M
5 91 73 82 M 0 17 0.00 M M 5.5 9 190 M M 2 M M
6 93 73 83 M 0 18 0.00 M M 3.7 7 110 M M 2 M M
7 93 72 83 M 0 18 0.00 M M 4.2 8 80 M M 2 M M
8 97 73 85 M 0 20 0.00 M M 4.8 9 160 M M 1 20 160
9 99 76 88 M 0 23 0.00 M M 7.6 14 190 M M 1 17 190
10 91 65 78 M 0 13 0.00 M M 7.3 14 40 M M 0 23 40
11 92 66 79 M 0 14 0.00 M M 4.6 10 80 M M 0 20 60
12 90 65 78 M 0 13 0.00 M M 5.6 9 60 M M 0 16 60
13 91 67 79 M 0 14 0.00 M M 7.0 12 70 M M 0 20 110
14 91 66 79 M 0 14 0.00 M M 3.7 12 180 M M 2 M M
15 92 71 82 M 0 17 0.00 M M 5.9 12 150 M M 2 21 150
16 92 73 83 M 0 18 0.00 M M 6.2 12 130 M M 4 20 130
17 91 69 80 M 0 15 0.00 M M 8.2 14 170 M M 2 20 150
18 92 71 82 M 0 17 0.00 M M 8.4 13 140 M M 6 20 130
19 92 74 83 M 0 18 0.00 M M 8.8 13 150 M M 7 23 150
20 91 67 79 M 0 14 0.22 M M 6.4 9 130 M M 6 3 20 30
21 92 73 83 M 0 18 0.00 M M 7.5 14 140 M M 5 22 190
22 91 75 83 M 0 18 0.00 M M 7.7 13 200 M M 5 23 200
23 88 67 78 M 0 13 0.44 M M 7.1 13 360 M M 5 3 27 360
24 84 70 77 M 0 12 0.00 M M 4.7 9 350 M M 6 M M
25 91 69 80 M 0 15 0.00 M M 3.6 9 140 M M 5 12 17 140
26 86 70 78 M 0 13 0.35 M M 7.7 14 210 M M 6 8 24 180
27 89 73 81 M 0 16 0.00 M M 8.3 14 160 M M 5 18 23 160
28 86 73 80 M 0 15 0.00 M M 9.2 14 170 M M 9 3 24 180
29 87 75 81 M 0 16 0.00 M M 10.4 17 190 M M 9 27 190
30 91 77 84 M 0 19 0.00 M M 9.9 13 170 M M 6 22 180
================================================================================
SM 2713 2121 0 473 1.01 M 191.0 M 118
================================================================================
AV 90.4 70.7 6.4 FASTST M M 4 MAX(MPH)
MISC ----> # 17 190 # 27 360
================================================================================
NOTES:
# LAST OF SEVERAL OCCURRENCES
COLUMN 17 PEAK WIND IN M.P.H.
PRELIMINARY LOCAL CLIMATOLOGICAL DATA (WS FORM: F-6) , PAGE 2
STATION: LAGO VISTA
MONTH: JUNE
YEAR: 2020
LATITUDE: 30 30 N
LONGITUDE: 97 58 W
[TEMPERATURE DATA] [PRECIPITATION DATA] SYMBOLS USED IN COLUMN 16
AVERAGE MONTHLY: 80.6 TOTAL FOR MONTH: 1.01 1 = FOG OR MIST
DPTR FM NORMAL: M DPTR FM NORMAL: M 2 = FOG REDUCING VISIBILITY
HIGHEST: 99 ON 9 GRTST 24HR 0.44 ON 23-23 TO 1/4 MILE OR LESS
LOWEST: 65 ON 12,10 3 = THUNDER
SNOW, ICE PELLETS, HAIL 4 = ICE PELLETS
TOTAL MONTH: M 5 = HAIL
GRTST 24HR M ON M 6 = FREEZING RAIN OR DRIZZLE
GRTST DEPTH: M ON M 7 = DUSTSTORM OR SANDSTORM:
VSBY 1/2 MILE OR LESS
8 = SMOKE OR HAZE
[NO. OF DAYS WITH] [WEATHER - DAYS WITH] 9 = BLOWING SNOW
X = TORNADO
MAX 32 OR BELOW: 0 0.01 INCH OR MORE: 3
MAX 90 OR ABOVE: 22 0.10 INCH OR MORE: 3
MIN 32 OR BELOW: 0 0.50 INCH OR MORE: 0
MIN 0 OR BELOW: 0 1.00 INCH OR MORE: 0
[HDD (BASE 65) ]
TOTAL THIS MO. 0 CLEAR (SCALE 0-3) 12
DPTR FM NORMAL M PTCLDY (SCALE 4-7) 16
TOTAL FM JUL 1 1652 CLOUDY (SCALE 8-10) 2
DPTR FM NORMAL M
[CDD (BASE 65) ]
TOTAL THIS MO. 473
DPTR FM NORMAL M [PRESSURE DATA]
TOTAL FM JAN 1 1036 HIGHEST SLP M ON M
DPTR FM NORMAL M LOWEST SLP M ON M
[REMARKS]
#FINAL-06-20#