000
CXUS54 KEWX 011110
CF6SAT
PRELIMINARY LOCAL CLIMATOLOGICAL DATA (WS FORM: F-6)
STATION: SAN ANTONIO
MONTH: FEBRUARY
YEAR: 2023
LATITUDE: 29 31 N
LONGITUDE: 98 28 W
TEMPERATURE IN F: :PCPN: SNOW: WIND :SUNSHINE: SKY :PK WND
================================================================================
1 2 3 4 5 6A 6B 7 8 9 10 11 12 13 14 15 16 17 18
12Z AVG MX 2MIN
DY MAX MIN AVG DEP HDD CDD WTR SNW DPTH SPD SPD DIR MIN PSBL S-S WX SPD DR
================================================================================
1 35 31 33 -21 32 0 0.61 0.0 0 9.4 16 360 M M 10 16 23 360
2 45 34 40 -14 25 0 0.03 0.0 0 9.2 18 340 M M 10 13 26 350
3 58 33 46 -8 19 0 0.00 0.0 0 5.6 17 20 M M 1 26 10
4 62 37 50 -4 15 0 0.00 0.0 0 4.9 17 180 M M 5 12 22 170
5 73 40 57 3 8 0 0.00 0.0 0 4.8 14 190 M M 1 21 210
6 76 57 67 12 0 2 T 0.0 0 12.6 23 140 M M 8 1 29 140
7 72 53 63 8 2 0 0.26 0.0 0 8.9 20 310 M M 10 25 350
8 66 43 55 0 10 0 0.27 0.0 0 9.9 20 320 M M 7 13 28 320
9 71 37 54 -1 11 0 0.00 0.0 0 6.0 17 310 M M 1 25 340
10 57 37 47 -8 18 0 0.00 0.0 0 15.0 29 330 M M 4 40 330
11 62 32 47 -9 18 0 0.00 0.0 0 7.2 23 350 M M 2 32 340
12 63 33 48 -8 17 0 0.00 0.0 0 4.9 15 180 M M 8 19 170
13 72 42 57 1 8 0 T 0.0 0 10.2 24 130 M M 8 31 140
14 80 50 65 9 0 0 T 0.0 0 10.2 24 280 M M 6 33 290
15 81 47 64 8 1 0 0.00 0.0 0 8.2 18 150 M M 7 12 24 150
16 71 42 57 1 8 0 T 0.0 0 16.2 29 310 M M 9 1 40 310
17 56 35 46 -11 19 0 0.00 0.0 0 9.2 17 20 M M 5 27 10
18 56 35 46 -11 19 0 0.00 0.0 0 4.7 16 170 M M 6 21 160
19 74 43 59 2 6 0 0.00 0.0 0 5.7 16 210 M M 7 21 200
20 79 55 67 10 0 2 T 0.0 0 5.8 17 200 M M 8 22 200
21 85 57 71 13 0 6 0.00 0.0 0 10.2 26 130 M M 5 1 33 130
22 89 68 79 21 0 14 T 0.0 0 10.4 25 260 M M 7 38 250
23 80 62 71 13 0 6 T 0.0 0 9.2 17 30 M M 7 12 27 30
24 63 54 59 1 6 0 T 0.0 0 10.5 16 360 M M 10 22 360
25 70 50 60 2 5 0 0.00 0.0 0 8.3 14 110 M M 10 18 20
26 81 64 73 14 0 8 T 0.0 0 12.4 25 140 M M 9 1 33 150
27 87 58 73 14 0 8 0.00 0.0 0 6.0 21 350 M M 4 28 340
28 84 53 69 10 0 4 0.00 0.0 0 6.2 17 130 M M 5 8 23 140
================================================================================
SM 1948 1282 247 50 1.17 0.0 241.8 M 180
================================================================================
AV 69.6 45.8 8.6 FASTST M M 6 MAX(MPH)
MISC ----> # 29 330 # 40 330
================================================================================
NOTES:
# LAST OF SEVERAL OCCURRENCES
COLUMN 17 PEAK WIND IN M.P.H.
PRELIMINARY LOCAL CLIMATOLOGICAL DATA (WS FORM: F-6) , PAGE 2
STATION: SAN ANTONIO
MONTH: FEBRUARY
YEAR: 2023
LATITUDE: 29 31 N
LONGITUDE: 98 28 W
[TEMPERATURE DATA] [PRECIPITATION DATA] SYMBOLS USED IN COLUMN 16
AVERAGE MONTHLY: 57.7 TOTAL FOR MONTH: 1.17 1 = FOG OR MIST
DPTR FM NORMAL: 1.4 DPTR FM NORMAL: -0.57 2 = FOG REDUCING VISIBILITY
HIGHEST: 89 ON 22 GRTST 24HR 0.62 ON 31- 1 TO 1/4 MILE OR LESS
LOWEST: 31 ON 1 3 = THUNDER
SNOW, ICE PELLETS, HAIL 4 = ICE PELLETS
TOTAL MONTH: 0.0 INCH 5 = HAIL
GRTST 24HR 0.0 6 = FREEZING RAIN OR DRIZZLE
GRTST DEPTH: 0 7 = DUSTSTORM OR SANDSTORM:
VSBY 1/2 MILE OR LESS
8 = SMOKE OR HAZE
[NO. OF DAYS WITH] [WEATHER - DAYS WITH] 9 = BLOWING SNOW
X = TORNADO
MAX 32 OR BELOW: 0 0.01 INCH OR MORE: 4
MAX 90 OR ABOVE: 0 0.10 INCH OR MORE: 3
MIN 32 OR BELOW: 2 0.50 INCH OR MORE: 1
MIN 0 OR BELOW: 0 1.00 INCH OR MORE: 0
[HDD (BASE 65) ]
TOTAL THIS MO. 247 CLEAR (SCALE 0-3) 4
DPTR FM NORMAL -19 PTCLDY (SCALE 4-7) 16
TOTAL FM JUL 1 1078 CLOUDY (SCALE 8-10) 8
DPTR FM NORMAL -184
[CDD (BASE 65) ]
TOTAL THIS MO. 50
DPTR FM NORMAL 28 [PRESSURE DATA]
TOTAL FM JAN 1 68 HIGHEST SLP 30.56 ON 3
DPTR FM NORMAL 36 LOWEST SLP 29.51 ON 22
[REMARKS]
#FINAL-02-23#