000
CXUS52 KCHS 051444
CF6SAV
PRELIMINARY LOCAL CLIMATOLOGICAL DATA (WS FORM: F-6)
STATION: SAVANNAH GA
MONTH: JULY
YEAR: 2020
LATITUDE: 32 7 N
LONGITUDE: 81 12 W
TEMPERATURE IN F: :PCPN: SNOW: WIND :SUNSHINE: SKY :PK WND
================================================================================
1 2 3 4 5 6A 6B 7 8 9 10 11 12 13 14 15 16 17 18
12Z AVG MX 2MIN
DY MAX MIN AVG DEP HDD CDD WTR SNW DPTH SPD SPD DIR MIN PSBL S-S WX SPD DR
================================================================================
1 96 76 86 4 0 21 T 0.0 0 9.0 22 290 M M 5 3 27 300
2 93 73 83 1 0 18 0.14 0.0 0 6.3 20 80 M M 6 13 24 80
3 91 73 82 0 0 17 0.00 0.0 0 5.5 15 160 M M 3 1 20 110
4 92 73 83 1 0 18 0.00 0.0 0 5.4 15 130 M M 3 1 21 140
5 89 73 81 -1 0 16 0.96 0.0 0 6.1 23 150 M M 5 13 26 150
6 87 76 82 0 0 17 0.32 0.0 0 5.4 21 180 M M 8 13 30 180
7 88 77 83 1 0 18 0.05 0.0 0 7.1 20 200 M M 8 13 23 200
8 91 76 84 2 0 19 T 0.0 0 8.0 17 300 M M 7 18 21 310
9 94 76 85 3 0 20 0.13 0.0 0 4.9 14 180 M M 6 1 17 340
10 97 76 87 4 0 22 0.00 0.0 0 5.8 15 180 M M 3 1 16 180
11 98 77 88 5 0 23 0.00 0.0 0 5.0 14 250 M M 3 18 240
12 96 76 86 3 0 21 0.00 0.0 0 4.7 13 280 M M 3 19 280
13 96 77 87 4 0 22 0.00 0.0 0 7.1 16 280 M M 4 21 260
14 99 75 87 4 0 22 0.00 0.0 0 6.7 14 250 M M 1 18 270
15 98 77 88 5 0 23 0.00 0.0 0 5.8 15 130 M M 5 20 130
16 95 77 86 3 0 21 0.00 0.0 0 6.4 15 90 M M 3 1 19 120
17 96 77 87 4 0 22 0.00 0.0 0 5.8 16 100 M M 3 19 110
18 94 75 85 2 0 20 0.00 0.0 0 5.0 15 130 M M 3 19 150
19 97 75 86 3 0 21 0.00 0.0 0 5.4 16 160 M M 2 20 140
20 96 77 87 4 0 22 0.00 0.0 0 6.5 20 170 M M 3 22 160
21 96 76 86 3 0 21 0.00 0.0 0 6.0 17 180 M M 3 13 23 150
22 94 76 85 2 0 20 0.01 0.0 0 5.0 18 170 M M 4 13 22 170
23 95 76 86 3 0 21 0.00 0.0 0 6.7 18 140 M M 3 23 130
24 92 76 84 1 0 19 0.62 0.0 0 3.7 17 120 M M 5 138 21 120
25 93 74 84 1 0 19 1.35 0.0 0 2.7 24 70 M M 6 13 38 80
26 92 73 83 0 0 18 0.03 0.0 0 4.9 15 110 M M 4 3 18 100
27 95 76 86 3 0 21 0.00 0.0 0 7.6 20 170 M M 4 8 23 180
28 97 77 87 4 0 22 0.20 0.0 0 6.2 25 170 M M 6 3 30 170
29 91 76 84 1 0 19 0.63 0.0 0 9.1 25 270 M M 7 13 30 270
30 90 75 83 0 0 18 0.40 0.0 0 9.2 25 270 M M 6 13 36 250
31 96 76 86 3 0 21 0.00 0.0 0 8.7 16 210 M M 3 20 200
================================================================================
SM 2914 2343 0 622 4.84 0.0 191.7 M 135
================================================================================
AV 94.0 75.6 6.2 FASTST M M 4 MAX(MPH)
MISC ----> # 25 170 38 80
================================================================================
NOTES:
# LAST OF SEVERAL OCCURRENCES
COLUMN 17 PEAK WIND IN M.P.H.
PRELIMINARY LOCAL CLIMATOLOGICAL DATA (WS FORM: F-6) , PAGE 2
STATION: SAVANNAH GA
MONTH: JULY
YEAR: 2020
LATITUDE: 32 7 N
LONGITUDE: 81 12 W
[TEMPERATURE DATA] [PRECIPITATION DATA] SYMBOLS USED IN COLUMN 16
AVERAGE MONTHLY: 84.8 TOTAL FOR MONTH: 4.84 1 = FOG OR MIST
DPTR FM NORMAL: 2.2 DPTR FM NORMAL: -0.76 2 = FOG REDUCING VISIBILITY
HIGHEST: 99 ON 14 GRTST 24HR 1.38 ON 25-26 TO 1/4 MILE OR LESS
LOWEST: 73 ON 26, 5 3 = THUNDER
SNOW, ICE PELLETS, HAIL 4 = ICE PELLETS
TOTAL MONTH: 0.0 INCH 5 = HAIL
GRTST 24HR 0.0 6 = FREEZING RAIN OR DRIZZLE
GRTST DEPTH: 0 7 = DUSTSTORM OR SANDSTORM:
VSBY 1/2 MILE OR LESS
8 = SMOKE OR HAZE
[NO. OF DAYS WITH] [WEATHER - DAYS WITH] 9 = BLOWING SNOW
X = TORNADO
MAX 32 OR BELOW: 0 0.01 INCH OR MORE: 12
MAX 90 OR ABOVE: 28 0.10 INCH OR MORE: 9
MIN 32 OR BELOW: 0 0.50 INCH OR MORE: 4
MIN 0 OR BELOW: 0 1.00 INCH OR MORE: 1
[HDD (BASE 65) ]
TOTAL THIS MO. 0 CLEAR (SCALE 0-3) 9
DPTR FM NORMAL 0 PTCLDY (SCALE 4-7) 22
TOTAL FM JUL 1 0 CLOUDY (SCALE 8-10) 0
DPTR FM NORMAL 0
[CDD (BASE 65) ]
TOTAL THIS MO. 622
DPTR FM NORMAL 76 [PRESSURE DATA]
TOTAL FM JAN 1 1777 HIGHEST SLP 30.20 ON 17
DPTR FM NORMAL 382 LOWEST SLP 29.78 ON 12
[REMARKS]
#FINAL-07-20#