000
CXUS51 KAKQ 010833
CF6SBY
PRELIMINARY LOCAL CLIMATOLOGICAL DATA (WS FORM: F-6)
STATION: SALISBURY MD
MONTH: OCTOBER
YEAR: 2020
LATITUDE: 38 20 N
LONGITUDE: 75 30 W
TEMPERATURE IN F: :PCPN: SNOW: WIND :SUNSHINE: SKY :PK WND
================================================================================
1 2 3 4 5 6A 6B 7 8 9 10 11 12 13 14 15 16 17 18
12Z AVG MX 2MIN
DY MAX MIN AVG DEP HDD CDD WTR SNW DPTH SPD SPD DIR MIN PSBL S-S WX SPD DR
================================================================================
1 78 54 66 4 0 1 0.00 0.0 0 4.6 16 330 M M 1 21 330
2 69 49 59 -3 6 0 0.00 0.0 0 6.3 16 310 M M 6 20 310
3 69 44 57 -5 8 0 0.00 0.0 0 3.5 10 320 M M 0 15 290
4 71 43 57 -4 8 0 0.00 0.0 0 2.8 14 70 M M 1 18 60
5 72 50 61 0 4 0 0.00 0.0 0 4.1 15 320 M M 2 18 320
6 73 46 60 0 5 0 0.00 0.0 0 4.2 14 210 M M 2 18 200
7 79 54 67 7 0 2 0.00 0.0 0 8.3 22 240 M M 0 1 30 220
8 71 48 60 0 5 0 0.00 0.0 0 6.0 21 340 M M 0 1 27 310
9 72 43 58 -1 7 0 0.00 0.0 0 3.5 13 240 M M 0 16 210
10 73 57 65 6 0 0 0.00 0.0 0 9.2 21 220 M M 6 25 220
11 74 65 70 11 0 5 0.57 0.0 0 5.8 15 100 M M 9 1 19 90
12 69 65 67 9 0 2 0.66 0.0 0 11.6 21 70 M M 10 1 28 100
13 67 54 61 3 4 0 0.01 0.0 0 6.8 16 300 M M 7 1 22 320
14 74 47 61 3 4 0 0.00 0.0 0 4.4 13 320 M M 0 16 290
15 77 53 65 8 0 0 0.00 0.0 0 8.5 20 200 M M 0 24 230
16 69 52 61 4 4 0 0.73 0.0 0 7.8 28 330 M M 9 1 34 330
17 62 41 52 -5 13 0 0.02 0.0 0 6.7 18 360 M M 1 25 10
18 69 39 54 -2 11 0 0.00 0.0 0 3.8 16 120 M M 2 22 120
19 73 48 61 5 4 0 0.00 0.0 0 4.3 13 100 M M 3 1 17 120
20 77 62 70 14 0 5 0.01 0.0 0 2.7 10 140 M M 8 128 13 140
21 81 60 71 15 0 6 0.00 0.0 0 3.4 12 200 M M 5 12 15 200
22 81 56 69 14 0 4 0.00 0.0 0 2.2 12 130 M M 6 12 15 120
23 75 58 67 12 0 2 0.00 0.0 0 3.5 13 110 M M 7 12 15 110
24 81 57 69 14 0 4 0.00 0.0 0 6.4 16 20 M M 6 12 20 30
25 59 50 55 1 10 0 1.06 0.0 0 8.9 16 50 M M 10 1 22 50
26 73 57 65 11 0 0 0.03 0.0 0 3.9 10 320 M M 9 12 15 300
27 69 59 64 10 1 0 0.00 0.0 0 4.3 12 10 M M 10 1 14 10
28 71 60 66 12 0 1 0.00 0.0 0 6.5 15 190 M M 7 18 21 230
29 76 55 66 13 0 1 1.34 0.0 0 8.9 30 210 M M 10 1 40 230
30 57 43 50 -3 15 0 1.23 0.0 0 10.8 23 330 M M 9 1 35 310
31 53 38 46 -7 19 0 0.00 0.0 0 4.6 15 70 M M 3 19 50
================================================================================
SM 2214 1607 128 33 5.66 0.0 178.3 M 149
================================================================================
AV 71.4 51.8 5.8 FASTST M M 5 MAX(MPH)
MISC ----> # 30 210 # 40 230
================================================================================
NOTES:
# LAST OF SEVERAL OCCURRENCES
COLUMN 17 PEAK WIND IN M.P.H.
PRELIMINARY LOCAL CLIMATOLOGICAL DATA (WS FORM: F-6) , PAGE 2
STATION: SALISBURY MD
MONTH: OCTOBER
YEAR: 2020
LATITUDE: 38 20 N
LONGITUDE: 75 30 W
[TEMPERATURE DATA] [PRECIPITATION DATA] SYMBOLS USED IN COLUMN 16
AVERAGE MONTHLY: 61.6 TOTAL FOR MONTH: 5.66 1 = FOG OR MIST
DPTR FM NORMAL: 4.4 DPTR FM NORMAL: 2.17 2 = FOG REDUCING VISIBILITY
HIGHEST: 81 ON 24,22 GRTST 24HR 1.34 ON 29-29 TO 1/4 MILE OR LESS
LOWEST: 38 ON 31 3 = THUNDER
SNOW, ICE PELLETS, HAIL 4 = ICE PELLETS
TOTAL MONTH: 0.0 INCH 5 = HAIL
GRTST 24HR 0.0 6 = FREEZING RAIN OR DRIZZLE
GRTST DEPTH: 0 7 = DUSTSTORM OR SANDSTORM:
VSBY 1/2 MILE OR LESS
8 = SMOKE OR HAZE
[NO. OF DAYS WITH] [WEATHER - DAYS WITH] 9 = BLOWING SNOW
X = TORNADO
MAX 32 OR BELOW: 0 0.01 INCH OR MORE: 10
MAX 90 OR ABOVE: 0 0.10 INCH OR MORE: 6
MIN 32 OR BELOW: 0 0.50 INCH OR MORE: 6
MIN 0 OR BELOW: 0 1.00 INCH OR MORE: 3
[HDD (BASE 65) ]
TOTAL THIS MO. 128 CLEAR (SCALE 0-3) 12
DPTR FM NORMAL -137 PTCLDY (SCALE 4-7) 11
TOTAL FM JUL 1 160 CLOUDY (SCALE 8-10) 8
DPTR FM NORMAL -153
[CDD (BASE 65) ]
TOTAL THIS MO. 33
DPTR FM NORMAL 8 [PRESSURE DATA]
TOTAL FM JAN 1 1539 HIGHEST SLP 30.55 ON 31
DPTR FM NORMAL 389 LOWEST SLP 29.30 ON 29
[REMARKS]
#FINAL-10-20#