000
CXUS52 KMLB 301130
CF6SFB
PRELIMINARY LOCAL CLIMATOLOGICAL DATA (WS FORM: F-6)

                                          STATION:   SANFORD
                                          MONTH:     OCTOBER
                                          YEAR:      2014
                                          LATITUDE:   28 46 N
                                          LONGITUDE:  81 15 W

  TEMPERATURE IN F:       :PCPN:    SNOW:  WIND      :SUNSHINE: SKY     :PK WND
================================================================================
1   2   3   4   5  6A  6B    7    8   9   10  11  12  13   14  15   16   17  18
                                     12Z  AVG MX 2MIN
DY MAX MIN AVG DEP HDD CDD  WTR  SNW DPTH SPD SPD DIR MIN PSBL S-S WX    SPD DR
================================================================================

 1  84  74  79   0   0  14 0.13  0.0    0  3.6  9 130   M    M   7 1       M  M
 2  88  73  81   2   0  16 0.00  0.0    0  4.5 17  40   M    M   3        20  30
 3  91  73  82   3   0  17 0.02  0.0    0  3.7 15 250   M    M   3        18 250
 4  87  67  77  -1   0  12 0.00  0.0    0  8.7 20 310   M    M   2        25 300
 5  79  60  70  -8   0   5 0.00  0.0    0  9.2 21 360   M    M   0        26 350
 6  82  57  70  -8   0   5 0.00  0.0    0  4.4 13  90   M    M   0        15 140
 7  86  68  77  -1   0  12 0.00  0.0    0  3.9 13 150   M    M   1        16 150
 8  90  71  81   3   0  16 0.00  0.0    0  3.0 14  90   M    M   0 1      17 100
 9  89  69  79   2   0  14 0.00  0.0    0  5.4 15 100   M    M   0 1      23  80
10  89  70  80   3   0  15 0.00  0.0    0  5.2 15  90   M    M   1 18     18 120
11  89  68  79   2   0  14 0.00  0.0    0  3.7 14 100   M    M   2        17  70
12  89  68  79   3   0  14 0.00  0.0    0  5.3 15 100   M    M   1 1      21 100
13  90  71  81   5   0  16 0.00  0.0    M  7.9 20 110   M    M   2        24 120
14  90  73  82   6   0  17 0.41  0.0    0  8.1 24 260   M    M   2 138    32 250
15  83  62  73  -3   0   8 0.06  0.0    M  7.8 16 270   M    M   4 1      19 290
16  81  59  70  -6   0   5 0.00  0.0    0  8.3 21 290   M    M   0        27 290
17  83  58  71  -4   0   6 0.00  0.0    0  4.6 12 350   M    M   0        23 280
18  84  57  71  -4   0   6 0.00  0.0    0  5.8 12 260   M    M   0        17 270
19  84  61  73  -2   0   8 0.00  0.0    0  6.8 12  50   M    M   2         M  M
20  85  68  77   3   0  12 0.00  0.0    0  5.4 10  80   M    M   3         M  M
21  85  69  77   3   0  12 0.00  0.0    0  2.9 10 100   M    M   1 1      13  40
22  85  64  75   1   0  10 0.00  0.0    M  6.1 15  40   M    M   2 12     19  60
23  81  62  72  -2   0   7 0.00  0.0    0  7.8 12  40   M    M   0         M  M
24  81  63  72  -1   0   7 0.00  0.0    M  8.9 12 340   M    M   4        18  60
25  80  59  70  -3   0   5 0.00  0.0    0  7.3 13 340   M    M   1        17 340
26  83  54  69  -4   0   4 0.00  0.0    0  5.4  9 330   M    M   0        15 340
27  86  55  71  -2   0   6 0.00  0.0    0  4.9 14 120   M    M   0 12     18 130
28  86  60  73   1   0   8 0.00  0.0    0  3.7 13 110   M    M   1 12     16 100
29  87  63  75   3   0  10 0.00  0.0    0  2.0 13 100   M    M   3 12     17 190
================================================================================
SM 2477 1876         0 301  0.62     0.0 164.3          M       45
================================================================================
AV 85.4 64.7                               5.7 FASTST   M    M   2    MAX(MPH)
                                 MISC ---->  # 24 260               # 32  250
================================================================================
NOTES:
# LAST OF SEVERAL OCCURRENCES

COLUMN 17 PEAK WIND IN M.P.H.

PRELIMINARY LOCAL CLIMATOLOGICAL DATA (WS FORM: F-6) , PAGE 2

                                          STATION:  SANFORD
                                          MONTH:    OCTOBER
                                          YEAR:     2014
                                          LATITUDE:   28 46 N
                                          LONGITUDE:  81 15 W

[TEMPERATURE DATA]      [PRECIPITATION DATA]       SYMBOLS USED IN COLUMN 16

AVERAGE MONTHLY: 75.1   TOTAL FOR MONTH:   0.62    1 = FOG OR MIST
DPTR FM NORMAL:  -0.6   DPTR FM NORMAL:   -2.90    2 = FOG REDUCING VISIBILITY
HIGHEST:    91 ON  3    GRTST 24HR  0.82 ON 30- 1      TO 1/4 MILE OR LESS
LOWEST:     54 ON 26                               3 = THUNDER
                        SNOW, ICE PELLETS, HAIL    4 = ICE PELLETS
                        TOTAL MONTH:   0.0 INCH    5 = HAIL
                        GRTST 24HR     0.0         6 = FREEZING RAIN OR DRIZZLE
                        GRTST DEPTH:   0           7 = DUSTSTORM OR SANDSTORM:
                                                       VSBY 1/2 MILE OR LESS
                                                   8 = SMOKE OR HAZE
[NO. OF DAYS WITH]      [WEATHER - DAYS WITH]      9 = BLOWING SNOW
                                                   X = TORNADO
MAX 32 OR BELOW:   0    0.01 INCH OR MORE:   4
MAX 90 OR ABOVE:   4    0.10 INCH OR MORE:   2
MIN 32 OR BELOW:   0    0.50 INCH OR MORE:   0
MIN  0 OR BELOW:   0    1.00 INCH OR MORE:   0

[HDD (BASE 65) ]
TOTAL THIS MO.     0    CLEAR  (SCALE 0-3)  24
DPTR FM NORMAL     0    PTCLDY (SCALE 4-7)   5
TOTAL FM JUL 1     0    CLOUDY (SCALE 8-10)  0
DPTR FM NORMAL     0

[CDD (BASE 65) ]
TOTAL THIS MO.   301
DPTR FM NORMAL   -15    [PRESSURE DATA]
TOTAL FM JAN 1  3318    HIGHEST SLP M ON M
DPTR FM NORMAL   108    LOWEST  SLP 29.82 ON  4

[REMARKS]
