000
CXUS52 KMLB 290647
CF6SFB
PRELIMINARY LOCAL CLIMATOLOGICAL DATA (WS FORM: F-6)

                                          STATION:   SANFORD
                                          MONTH:     JUNE
                                          YEAR:      2016
                                          LATITUDE:   28 46 N
                                          LONGITUDE:  81 15 W

  TEMPERATURE IN F:       :PCPN:    SNOW:  WIND      :SUNSHINE: SKY     :PK WND
================================================================================
1   2   3   4   5  6A  6B    7    8   9   10  11  12  13   14  15   16   17  18
                                     12Z  AVG MX 2MIN
DY MAX MIN AVG DEP HDD CDD  WTR  SNW DPTH SPD SPD DIR MIN PSBL S-S WX    SPD DR
================================================================================

 1  93  72  83   3   0  18 0.00  0.0    0  5.5 20  40   M    M   0 3      24  40
 2  94  74  84   4   0  19 0.00  0.0    0  6.6 16 120   M    M   1        20 110
 3  94  74  84   4   0  19 0.00  0.0    0  7.3 18  90   M    M   2        23 110
 4  94  75  85   5   0  20 0.00  0.0    0  7.3 20 130   M    M   1        22 120
 5  94  74  84   3   0  19 0.78  0.0    0  7.5 36 210   M    M   2 13     42 230
 6  88  74  81   0   0  16 1.12  0.0    0 11.0 25 160   M    M   5 13     33 150
 7  91  77  84   3   0  19 1.64  0.0    0 12.3 25 200   M    M   6 13     36 190
 8  92  77  85   4   0  20 0.00  0.0    0  5.7 17  80   M    M   6 8      22 120
 9  90  75  83   2   0  18 0.01  0.0    0  5.8 16 110   M    M   4 3      20 110
10  91  74  83   2   0  18 0.00  0.0    0  6.3 16 140   M    M   3        20 100
11  90  73  82   1   0  17 0.00  0.0    0  6.6 15 130   M    M   1        18 110
12  93  74  84   3   0  19 0.08  0.0    0  4.3 14 280   M    M   2 3      15 120
13  95  75  85   4   0  20 0.01  0.0    0  6.0 21  80   M    M   1 38     25 270
14  96  76  86   4   0  21 0.98  0.0    0  6.7 28 240   M    M   2 123    33 240
15  95  77  86   4   0  21 0.32  0.0    0  6.6 23 340   M    M   2 38     27 330
16  94  72  83   1   0  18 0.33  0.0    0 11.2 36 330   M    M   2 13     46 320
17  90  79  85   3   0  20 0.05  0.0    0 11.4 28 280   M    M   0 38     33 290
18  94  72  83   1   0  18 1.49  0.0    0  6.2 25  20   M    M   3 13     34  40
19  86  73  80  -2   0  15 0.35  0.0    0 11.3 25  70   M    M   8 1      30  70
20  86  70  78  -4   0  13 0.00  0.0    0  9.5 20  50   M    M   3        25  70
21  87  67  77  -5   0  12 0.00  0.0    0  7.3 17 100   M    M   2        22 100
22  92  70  81  -1   0  16 0.00  0.0    0  4.2 16  60   M    M   1        18  50
23  95  75  85   3   0  20 0.00  0.0    0  5.5 16 100   M    M   0        22 100
24  96  77  87   5   0  22 0.13  0.0    0  6.2 23 260   M    M   1 3      29 270
25  96  79  88   6   0  23 0.00  0.0    0  6.4 16 120   M    M   2 3      19 120
26  92  77  85   3   0  20 0.00  0.0    0  7.0 16  30   M    M   1        20 210
27  93  74  84   2   0  19    T  0.0    0  6.2 22  70   M    M   2        25  80
28  95  78  87   5   0  22 0.00  0.0    0  5.9 18 320   M    M   5 3      22 320
================================================================================
SM 2586 2084         0 522  7.29     0.0 203.8          M       68
================================================================================
AV 92.4 74.4                               7.3 FASTST   M    M   2    MAX(MPH)
                                 MISC ---->  # 36 210               # 46  320
================================================================================
NOTES:
# LAST OF SEVERAL OCCURRENCES

COLUMN 17 PEAK WIND IN M.P.H.

PRELIMINARY LOCAL CLIMATOLOGICAL DATA (WS FORM: F-6) , PAGE 2

                                          STATION:  SANFORD
                                          MONTH:    JUNE
                                          YEAR:     2016
                                          LATITUDE:   28 46 N
                                          LONGITUDE:  81 15 W

[TEMPERATURE DATA]      [PRECIPITATION DATA]       SYMBOLS USED IN COLUMN 16

AVERAGE MONTHLY: 83.4   TOTAL FOR MONTH:   7.29    1 = FOG OR MIST
DPTR FM NORMAL:   2.0   DPTR FM NORMAL:    0.66    2 = FOG REDUCING VISIBILITY
HIGHEST:    96 ON 25,24 GRTST 24HR  2.70 ON  6- 7      TO 1/4 MILE OR LESS
LOWEST:     67 ON 21                               3 = THUNDER
                        SNOW, ICE PELLETS, HAIL    4 = ICE PELLETS
                        TOTAL MONTH:   0.0 INCH    5 = HAIL
                        GRTST 24HR     0.0         6 = FREEZING RAIN OR DRIZZLE
                        GRTST DEPTH:   0           7 = DUSTSTORM OR SANDSTORM:
                                                       VSBY 1/2 MILE OR LESS
                                                   8 = SMOKE OR HAZE
[NO. OF DAYS WITH]      [WEATHER - DAYS WITH]      9 = BLOWING SNOW
                                                   X = TORNADO
MAX 32 OR BELOW:   0    0.01 INCH OR MORE:  13
MAX 90 OR ABOVE:  24    0.10 INCH OR MORE:   9
MIN 32 OR BELOW:   0    0.50 INCH OR MORE:   5
MIN  0 OR BELOW:   0    1.00 INCH OR MORE:   3

[HDD (BASE 65) ]
TOTAL THIS MO.     0    CLEAR  (SCALE 0-3)  21
DPTR FM NORMAL     0    PTCLDY (SCALE 4-7)   6
TOTAL FM JUL 1   410    CLOUDY (SCALE 8-10)  1
DPTR FM NORMAL  -188

[CDD (BASE 65) ]
TOTAL THIS MO.   522
DPTR FM NORMAL    64    [PRESSURE DATA]
TOTAL FM JAN 1  1417    HIGHEST SLP M ON M
DPTR FM NORMAL   167    LOWEST  SLP 29.67 ON  7

[REMARKS]
