000
CXUS52 KMLB 230643
CF6SFB
PRELIMINARY LOCAL CLIMATOLOGICAL DATA (WS FORM: F-6)

                                          STATION:   SANFORD
                                          MONTH:     JANUARY
                                          YEAR:      2017
                                          LATITUDE:   28 46 N
                                          LONGITUDE:  81 15 W

  TEMPERATURE IN F:       :PCPN:    SNOW:  WIND      :SUNSHINE: SKY     :PK WND
================================================================================
1   2   3   4   5  6A  6B    7    8   9   10  11  12  13   14  15   16   17  18
                                     12Z  AVG MX 2MIN
DY MAX MIN AVG DEP HDD CDD  WTR  SNW DPTH SPD SPD DIR MIN PSBL S-S WX    SPD DR
================================================================================

 1  82  53  68   8   0   3 0.00  0.0    0  6.6 16 180   M    M   1 1      22 190
 2  86  60  73  13   0   8 0.00  0.0    0  7.4 14 170   M    M   2 128    18 170
 3  86  70  78  18   0  13 0.41  0.0    0  9.2 18 260   M    M   5 1      24 240
 4  78  59  69   9   0   4 0.03  0.0    0  8.1 20 290   M    M   5 1      26 270
 5  75  55  65   6   0   0 0.00  0.0    0  6.3 14 260   M    M   1        21 250
 6  80  50  65   6   0   0 0.17  0.0    0  5.3 12 290   M    M   2 1238   14 180
 7  72  43  58  -1   7   0 0.68  0.0    0 12.6 24  10   M    M   9 13     33  10
 8  54  36  45 -14  20   0 0.00  0.0    0 14.0 22  30   M    M   4        30  20
 9  68  41  55  -4  10   0 0.00  0.0    0  8.9 15  50   M    M   1        22  70
10  72  46  59   0   6   0 0.00  0.0    0  6.3 18 110   M    M   5        23 110
11  76  56  66   7   0   1    T  0.0    0  3.7 15 150   M    M   7        18 150
12  80  54  67   8   0   2    T  0.0    0  4.9 16 130   M    M   4        19 130
13  77  61  69   9   0   4 0.17  0.0    0  6.4 20  70   M    M   6 1      23  70
14  80  60  70  10   0   5    T  0.0    0  6.0 21 120   M    M   5 12     24 120
15  80  60  70  10   0   5 0.00  0.0    0  5.5 14 120   M    M   3 12     19 120
16  81  56  69   9   0   4 0.00  0.0    0  3.8 15 130   M    M   1 12     19 130
17  81  55  68   8   0   3 0.00  0.0    0  3.5 14 180   M    M   1 1      18 180
18  82  58  70  10   0   5 0.00  0.0    0  5.1 15 270   M    M   0 1      19 290
19  80  59  70  10   0   5 0.00  0.0    0  3.8 14 250   M    M   1 1      17 250
20  84  60  72  12   0   7 0.00  0.0    0  7.0 17 240   M    M   1        22 220
21  84  60  72  12   0   7 0.00  0.0    0  7.9 20 210   M    M   1 1      26 220
22  87  63  75  15   0  10 0.79  0.0    0 14.6 37 230   M    M   7 13     61 200
================================================================================
SM 1725 1215        43  86  2.25     0.0 156.9          M       72
================================================================================
AV 78.4 55.2                               7.1 FASTST   M    M   3    MAX(MPH)
                                 MISC ---->  # 37 230               # 61  200
================================================================================
NOTES:
# LAST OF SEVERAL OCCURRENCES

COLUMN 17 PEAK WIND IN M.P.H.

PRELIMINARY LOCAL CLIMATOLOGICAL DATA (WS FORM: F-6) , PAGE 2

                                          STATION:  SANFORD
                                          MONTH:    JANUARY
                                          YEAR:     2017
                                          LATITUDE:   28 46 N
                                          LONGITUDE:  81 15 W

[TEMPERATURE DATA]      [PRECIPITATION DATA]       SYMBOLS USED IN COLUMN 16

AVERAGE MONTHLY: 66.8   TOTAL FOR MONTH:   2.25    1 = FOG OR MIST
DPTR FM NORMAL:   7.2   DPTR FM NORMAL:    0.30    2 = FOG REDUCING VISIBILITY
HIGHEST:    87 ON 22    GRTST 24HR  0.85 ON  6- 7      TO 1/4 MILE OR LESS
LOWEST:     36 ON  8                               3 = THUNDER
                        SNOW, ICE PELLETS, HAIL    4 = ICE PELLETS
                        TOTAL MONTH:   0.0 INCH    5 = HAIL
                        GRTST 24HR     0.0         6 = FREEZING RAIN OR DRIZZLE
                        GRTST DEPTH:   0           7 = DUSTSTORM OR SANDSTORM:
                                                       VSBY 1/2 MILE OR LESS
                                                   8 = SMOKE OR HAZE
[NO. OF DAYS WITH]      [WEATHER - DAYS WITH]      9 = BLOWING SNOW
                                                   X = TORNADO
MAX 32 OR BELOW:   0    0.01 INCH OR MORE:   6
MAX 90 OR ABOVE:   0    0.10 INCH OR MORE:   5
MIN 32 OR BELOW:   0    0.50 INCH OR MORE:   2
MIN  0 OR BELOW:   0    1.00 INCH OR MORE:   0

[HDD (BASE 65) ]
TOTAL THIS MO.    43    CLEAR  (SCALE 0-3)  12
DPTR FM NORMAL  -105    PTCLDY (SCALE 4-7)   9
TOTAL FM JUL 1   108    CLOUDY (SCALE 8-10)  1
DPTR FM NORMAL  -242

[CDD (BASE 65) ]
TOTAL THIS MO.    86
DPTR FM NORMAL    60    [PRESSURE DATA]
TOTAL FM JAN 1    86    HIGHEST SLP M ON M
DPTR FM NORMAL    60    LOWEST  SLP 29.40 ON 22

[REMARKS]
