000
CXUS56 KMTR 010900
CF6SFD
PRELIMINARY LOCAL CLIMATOLOGICAL DATA (WS FORM: F-6)
STATION: SAN FRANCISCO DWTN CA
MONTH: JUNE
YEAR: 2021
LATITUDE: 37 46 N
LONGITUDE: 122 26 W
TEMPERATURE IN F: :PCPN: SNOW: WIND :SUNSHINE: SKY :PK WND
================================================================================
1 2 3 4 5 6A 6B 7 8 9 10 11 12 13 14 15 16 17 18
12Z AVG MX 2MIN
DY MAX MIN AVG DEP HDD CDD WTR SNW DPTH SPD SPD DIR MIN PSBL S-S WX SPD DR
================================================================================
1 62 51 57 -2 8 0 0.00 M 0 M M M M M M M M
2 59 50 55 -4 10 0 0.00 M 0 M M M M M M M M
3 67 51 59 0 6 0 0.00 M 0 M M M M M M M M
4 58 52 55 -4 10 0 0.00 M 0 M M M M M M M M
5 66 52 59 0 6 0 0.00 M 0 M M M M M M M M
6 63 52 58 -1 7 0 0.00 M 0 M M M M M M M M
7 60 51 56 -3 9 0 0.00 M 0 M M M M M M M M
8 61 51 56 -3 9 0 0.00 M 0 M M M M M M M M
9 61 51 56 -4 9 0 0.00 M 0 M M M M M M M M
10 62 51 57 -3 8 0 0.00 M 0 M M M M M M M M
11 66 53 60 0 5 0 0.00 M 0 M M M M M M M M
12 73 58 66 6 0 1 0.00 M 0 M M M M M M M M
13 67 56 62 2 3 0 0.00 M 0 M M M M M M M M
14 66 55 61 1 4 0 0.01 M 0 M M M M M M M M
15 69 52 61 1 4 0 0.00 M 0 M M M M M M M M
16 75 57 66 6 0 1 0.00 M 0 M M M M M M M M
17 80 58 69 9 0 4 0.00 M 0 M M M M M M M M
18 75 55 65 5 0 0 0.00 M 0 M M M M M M M M
19 66 54 60 0 5 0 0.00 M 0 M M M M M M M M
20 63 54 59 -1 6 0 0.00 M 0 M M M M M M M M
21 65 56 61 1 4 0 0.00 M 0 M M M M M M M M
22 68 59 64 4 1 0 0.00 M 0 M M M M M M M M
23 67 58 63 3 2 0 0.00 M 0 M M M M M M M M
24 67 57 62 2 3 0 0.00 M 0 M M M M M M M M
25 62 54 58 -2 7 0 0.00 M 0 M M M M M M M M
26 64 54 59 -1 6 0 0.00 M 0 M M M M M M M M
27 61 55 58 -2 7 0 0.00 M 0 M M M M M M M M
28 62 54 58 -2 7 0 0.00 M 0 M M M M M M M M
29 65 54 60 0 5 0 0.00 M 0 M M M M M M M M
30 61 55 58 -2 7 0 0.00 M 0 M M M M M M M M
================================================================================
SM 1961 1620 158 6 0.01 M M M M
================================================================================
AV 65.4 54.0 M FASTST M M M MAX(MPH)
MISC ----> M M M M
================================================================================
NOTES:
# LAST OF SEVERAL OCCURRENCES
COLUMN 17 PEAK WIND IN M.P.H.
PRELIMINARY LOCAL CLIMATOLOGICAL DATA (WS FORM: F-6) , PAGE 2
STATION: SAN FRANCISCO DWTN CA
MONTH: JUNE
YEAR: 2021
LATITUDE: 37 46 N
LONGITUDE: 122 26 W
[TEMPERATURE DATA] [PRECIPITATION DATA] SYMBOLS USED IN COLUMN 16
AVERAGE MONTHLY: 59.7 TOTAL FOR MONTH: 0.01 1 = FOG OR MIST
DPTR FM NORMAL: 0.0 DPTR FM NORMAL: -0.19 2 = FOG REDUCING VISIBILITY
HIGHEST: 80 ON 17 GRTST 24HR 0.01 ON 14-14 TO 1/4 MILE OR LESS
LOWEST: 50 ON 2 3 = THUNDER
SNOW, ICE PELLETS, HAIL 4 = ICE PELLETS
TOTAL MONTH: M 5 = HAIL
GRTST 24HR M ON M 6 = FREEZING RAIN OR DRIZZLE
GRTST DEPTH: 0 7 = DUSTSTORM OR SANDSTORM:
VSBY 1/2 MILE OR LESS
8 = SMOKE OR HAZE
[NO. OF DAYS WITH] [WEATHER - DAYS WITH] 9 = BLOWING SNOW
X = TORNADO
MAX 32 OR BELOW: 0 0.01 INCH OR MORE: 1
MAX 90 OR ABOVE: 0 0.10 INCH OR MORE: 0
MIN 32 OR BELOW: 0 0.50 INCH OR MORE: 0
MIN 0 OR BELOW: 0 1.00 INCH OR MORE: 0
[HDD (BASE 65) ]
TOTAL THIS MO. 158 CLEAR (SCALE 0-3) 0
DPTR FM NORMAL -11 PTCLDY (SCALE 4-7) 0
TOTAL FM JUL 1 2746 CLOUDY (SCALE 8-10) 30
DPTR FM NORMAL -35
[CDD (BASE 65) ]
TOTAL THIS MO. 6
DPTR FM NORMAL -6 [PRESSURE DATA]
TOTAL FM JAN 1 10 HIGHEST SLP M ON M
DPTR FM NORMAL -17 LOWEST SLP 9999.00 ON 1
[REMARKS]
#FINAL-06-21#