000
CXUS56 KOTX 011500
CF6SFF
PRELIMINARY LOCAL CLIMATOLOGICAL DATA (WS FORM: F-6)

                                          STATION:   SPOKANE WA FELTS AIRPORT
                                          MONTH:     JANUARY
                                          YEAR:      2016
                                          LATITUDE:   47 40 N
                                          LONGITUDE: 117 20 W

  TEMPERATURE IN F:       :PCPN:    SNOW:  WIND      :SUNSHINE: SKY     :PK WND
================================================================================
1   2   3   4   5  6A  6B    7    8   9   10  11  12  13   14  15   16   17  18
                                     12Z  AVG MX 2MIN
DY MAX MIN AVG DEP HDD CDD  WTR  SNW DPTH SPD SPD DIR MIN PSBL S-S WX    SPD DR
================================================================================

 1  24   4  14 -15  51   0 0.00    M    M  0.9  6 230   M    M   2 128     6 230
 2  20   3  12 -18  53   0 0.00    M    M  1.4  6 230   M    M   1 128     7 230
 3  26   8  17 -13  48   0 0.04    M    M  0.5  6  70   M    M   7 18      9  70
 4  34  25  30   0  35   0    T    M    M  1.0  6 290   0    0   0         M  M
 5  40  24  32   2  33   0 0.01    M    M  0.6  7  60   M    M   5 16      7  60
 6  38  33  36   6  29   0 0.02    M    M  0.6  5  60   M    M  10 1       6 100
 7  35  32  34   4  31   0 0.00    M    M  2.6  8 230   M    M  10 12     10 210
 8  37  32  35   5  30   0 0.01    M    M  0.4  5 250   M    M  10 1       6 290
 9  38  30  34   4  31   0 0.00    M    M  1.8 12 220   M    M  10 1      12 220
10  33  30  32   1  33   0 0.00    M    M  4.1 10 240   M    M  10        13 230
11  35  25  30  -1  35   0 0.01    M    M  1.1 10 210   M    M   9 18     11 200
12  38  31  35   4  30   0 0.20    M    M  0.8 10 100   M    M  10 1      12 100
13  44  34  39   8  26   0 0.27    M    M  6.4 14 240   M    M  10 1      19 120
14  38  28  33   2  32   0 0.00    M    M  4.1 13 210   M    M   8 12     16 210
15  33  25  29  -2  36   0    T    M    M  0.9  7 140   M    M  10 12      8 140
16  36  32  34   2  31   0 0.21    M    M  1.1  8 100   M    M  10 1      12 100
17  42  35  39   7  26   0 0.22    M    M  2.0  9  80   M    M  10 1      13  70
18  40  32  36   4  29   0 0.00    M    M  2.2 14 220   M    M   9 12     16 220
19  44  32  38   6  27   0 0.22    M    M  3.5 22 230   M    M   9 1      30 220
20  42  32  37   5  28   0 0.06    M    M  4.3 13 240   M    M   7 1      17 240
21  42  34  38   6  27   0 0.20    M    M  0.8  7 120   M    M   9 1       8 120
22  52  33  43  11  22   0 0.08    M    M  4.1 20 210   M    M   7 1      27 200
23  43  32  38   6  27   0 0.20    M    M  4.4 15 210   M    M   9 1      19 220
24  41  29  35   3  30   0 0.00    M    M  4.4 14 250   M    M   6 12     18 240
25  37  29  33   1  32   0 0.00    M    M  0.8  7 110   M    M  10 12      8 110
26  45  33  39   7  26   0 0.03    M    M  1.5  8 120   M    M   9 1      10 120
27  47  36  42   9  23   0 0.04    M    M  0.6  6  80   M    M   9 12      7  80
28  48  35  42   9  23   0 0.28    M    M  6.9 20 200   M    M   8 1      27 200
29  39  31  35   2  30   0 0.22    M    M  4.3 17 230   M    M   6 1      22 230
30  40  29  35   2  30   0 0.00    M    M  4.6 15 220   M    M   7 1      19 220
31  38  29  34   1  31   0    T    M    M  3.1 12 200   M    M   9 1      15 200
================================================================================
SM 1189  877       975   0  2.32    M     75.8            0    246
================================================================================
AV 38.4 28.3                               2.4 FASTST    0   0   8    MAX(MPH)
                                 MISC ---->  # 22 230               # 30  220
================================================================================
NOTES:
# LAST OF SEVERAL OCCURRENCES

COLUMN 17 PEAK WIND IN M.P.H.

PRELIMINARY LOCAL CLIMATOLOGICAL DATA (WS FORM: F-6) , PAGE 2

                                          STATION:  SPOKANE WA FELTS AIRPORT
                                          MONTH:    JANUARY
                                          YEAR:     2016
                                          LATITUDE:   47 40 N
                                          LONGITUDE: 117 20 W

[TEMPERATURE DATA]      [PRECIPITATION DATA]       SYMBOLS USED IN COLUMN 16

AVERAGE MONTHLY: 33.3   TOTAL FOR MONTH:   2.32    1 = FOG OR MIST
DPTR FM NORMAL:   2.0   DPTR FM NORMAL:    0.37    2 = FOG REDUCING VISIBILITY
HIGHEST:    52 ON 22    GRTST 24HR  0.41 ON 12-13      TO 1/4 MILE OR LESS
LOWEST:      3 ON  2                               3 = THUNDER
                        SNOW, ICE PELLETS, HAIL    4 = ICE PELLETS
                        TOTAL MONTH:    M          5 = HAIL
                        GRTST 24HR    M  ON   M    6 = FREEZING RAIN OR DRIZZLE
                        GRTST DEPTH:  M  ON   M    7 = DUSTSTORM OR SANDSTORM:
                                                       VSBY 1/2 MILE OR LESS
                                                   8 = SMOKE OR HAZE
[NO. OF DAYS WITH]      [WEATHER - DAYS WITH]      9 = BLOWING SNOW
                                                   X = TORNADO
MAX 32 OR BELOW:   3    0.01 INCH OR MORE:  18
MAX 90 OR ABOVE:   0    0.10 INCH OR MORE:   9
MIN 32 OR BELOW:  23    0.50 INCH OR MORE:   0
MIN  0 OR BELOW:   0    1.00 INCH OR MORE:   0

[HDD (BASE 65) ]
TOTAL THIS MO.   975    CLEAR  (SCALE 0-3)   3
DPTR FM NORMAL   -68    PTCLDY (SCALE 4-7)   9
TOTAL FM JUL 1  3196    CLOUDY (SCALE 8-10) 19
DPTR FM NORMAL  -516

[CDD (BASE 65) ]
TOTAL THIS MO.     0
DPTR FM NORMAL     0    [PRESSURE DATA]
TOTAL FM JAN 1     0    HIGHEST SLP 30.76 ON  1
DPTR FM NORMAL     0    LOWEST  SLP 29.63 ON 29

[REMARKS]
#FINAL-01-16#
