000
CXUS56 KOTX 011500
CF6SFF
PRELIMINARY LOCAL CLIMATOLOGICAL DATA (WS FORM: F-6)

                                          STATION:   SPOKANE WA FELTS AIRPORT
                                          MONTH:     JANUARY
                                          YEAR:      2014
                                          LATITUDE:   47 40 N
                                          LONGITUDE: 117 20 W

  TEMPERATURE IN F:       :PCPN:    SNOW:  WIND      :SUNSHINE: SKY     :PK WND
================================================================================
1   2   3   4   5  6A  6B    7    8   9   10  11  12  13   14  15   16   17  18
                                     12Z  AVG MX 2MIN
DY MAX MIN AVG DEP HDD CDD  WTR  SNW DPTH SPD SPD DIR MIN PSBL S-S WX    SPD DR
================================================================================

 1  35  32  34   5  31   0 0.00    M    M  1.5  9 100   M    M  10 1      14  90
 2  45  32  39   9  26   0    T    M    M  1.9 15 220   M    M  10 18     21 220
 3  40  28  34   4  31   0 0.01    M    M  6.5 20 250   M    M   2        29 260
 4  39  23  31   1  34   0 0.00    M    M  4.9 15 290   M    M   0        23 290
 5  36  16  26  -4  39   0 0.00    M    M  0.5  5  30   M    M   2 18      6  50
 6  34  17  26  -4  39   0 0.00    M    M  0.3  6  90   M    M   0         8  90
 7  31  24  28  -2  37   0 0.21    M    M  1.4  9  90   M    M   8 18     13  90
 8  41  30  36   6  29   0 0.22    M    M  2.1 17 220   M    M  10 126    23 210
 9  39  33  36   6  29   0 0.15    M    M  7.4 16 220   M    M   9 1      20 220
10  44  35  40   9  25   0    T    M    M  6.9 16 230   M    M   7        21 230
11  50  39  45  14  20   0 0.08    M    M 19.8 41 230   M    M   8        49 240
12  45  36  41  10  24   0    T    M    M  9.0 24 240   M    M   7        33 240
13  50  34  42  11  23   0 0.00    M    M  9.9 23 240   M    M   3        32 230
14  48  28  38   7  27   0 0.00    M    M  2.7 13 190   M    M   4 12     15 200
15  46  28  37   6  28   0 0.00    M    M  1.3  5  20   M    M   1 12      7  10
16  31  27  29  -3  36   0 0.00    M    M  1.3  6  10   M    M  10 12      8 360
17  31  26  29  -3  36   0    T    M    M  3.0 10  90   M    M  10 12     13  80
18  32  28  30  -2  35   0 0.00    M    M  2.6  9  70   M    M  10 1      10  70
19  33  29  31  -1  34   0 0.00    M    M  1.4  7 250   M    M  10 18      9 250
20  35  27  31  -1  34   0 0.00    M    M  3.3  8 280   M    M   8 18     11  20
21  30  27  29  -3  36   0 0.00    M    M  2.2  7  20   M    M  10 12      9  10
22  31  29  30  -2  35   0 0.00    M    M  2.9  9 330   M    M  10 1      13 330
23  33  30  32   0  33   0 0.00    M    M  2.0  8 350   M    M  10 18     11 360
24  33  30  32   0  33   0 0.00    M    M  0.4  7  60   M    M  10 18      8  60
25  33  28  31  -1  34   0 0.00    M    M  2.7  9 220   M    M  10        10 210
26  33  26  30  -2  35   0 0.00    M    M  1.5  7 330   M    M   9 1      11 330
27  32  23  28  -5  37   0 0.00    M    M  2.0  8 330   M    M   9 18     11 330
28  32  29  31  -2  34   0 0.01    M    M  1.3  7 140   M    M  10 18      9 220
29  32  28  30  -3  35   0 0.38    M    M  2.0 14 220   M    M  10 1      17 190
30  34  24  29  -4  36   0 0.09    M    M  2.8  9 100   M    M  10 18     12 100
31  36  17  27  -6  38   0    T    M    M  1.4  8 220   M    M   7 18     10 250
================================================================================
SM 1144  863      1003   0  1.15    M    108.9          M      234
================================================================================
AV 36.9 27.8                               3.5 FASTST   M    M   8    MAX(MPH)
                                 MISC ---->  # 41 230               # 49  240
================================================================================
NOTES:
# LAST OF SEVERAL OCCURRENCES

COLUMN 17 PEAK WIND IN M.P.H.

PRELIMINARY LOCAL CLIMATOLOGICAL DATA (WS FORM: F-6) , PAGE 2

                                          STATION:  SPOKANE WA FELTS AIRPORT
                                          MONTH:    JANUARY
                                          YEAR:     2014
                                          LATITUDE:   47 40 N
                                          LONGITUDE: 117 20 W

[TEMPERATURE DATA]      [PRECIPITATION DATA]       SYMBOLS USED IN COLUMN 16

AVERAGE MONTHLY: 32.4   TOTAL FOR MONTH:   1.15    1 = FOG OR MIST
DPTR FM NORMAL:   1.1   DPTR FM NORMAL:   -0.80    2 = FOG REDUCING VISIBILITY
HIGHEST:    50 ON 13,11 GRTST 24HR  0.38 ON 28-29      TO 1/4 MILE OR LESS
LOWEST:     16 ON  5                               3 = THUNDER
                        SNOW, ICE PELLETS, HAIL    4 = ICE PELLETS
                        TOTAL MONTH:    M          5 = HAIL
                        GRTST 24HR    M  ON   M    6 = FREEZING RAIN OR DRIZZLE
                        GRTST DEPTH:  M  ON   M    7 = DUSTSTORM OR SANDSTORM:
                                                       VSBY 1/2 MILE OR LESS
                                                   8 = SMOKE OR HAZE
[NO. OF DAYS WITH]      [WEATHER - DAYS WITH]      9 = BLOWING SNOW
                                                   X = TORNADO
MAX 32 OR BELOW:   9    0.01 INCH OR MORE:   8
MAX 90 OR ABOVE:   0    0.10 INCH OR MORE:   4
MIN 32 OR BELOW:  26    0.50 INCH OR MORE:   0
MIN  0 OR BELOW:   0    1.00 INCH OR MORE:   0

[HDD (BASE 65) ]
TOTAL THIS MO.  1003    CLEAR  (SCALE 0-3)   6
DPTR FM NORMAL   -40    PTCLDY (SCALE 4-7)   7
TOTAL FM JUL 1  3665    CLOUDY (SCALE 8-10) 18
DPTR FM NORMAL   -47

[CDD (BASE 65) ]
TOTAL THIS MO.     0
DPTR FM NORMAL     0    [PRESSURE DATA]
TOTAL FM JAN 1     0    HIGHEST SLP 30.69 ON 24
DPTR FM NORMAL     0    LOWEST  SLP 29.67 ON 29

[REMARKS]
#FINAL-01-14#
