000
CXUS56 KOTX 011500
CF6SFF
PRELIMINARY LOCAL CLIMATOLOGICAL DATA (WS FORM: F-6)

                                          STATION:   SPOKANE WA FELTS AIRPORT
                                          MONTH:     JUNE
                                          YEAR:      2014
                                          LATITUDE:   47 40 N
                                          LONGITUDE: 117 20 W

  TEMPERATURE IN F:       :PCPN:    SNOW:  WIND      :SUNSHINE: SKY     :PK WND
================================================================================
1   2   3   4   5  6A  6B    7    8   9   10  11  12  13   14  15   16   17  18
                                     12Z  AVG MX 2MIN
DY MAX MIN AVG DEP HDD CDD  WTR  SNW DPTH SPD SPD DIR MIN PSBL S-S WX    SPD DR
================================================================================

 1  83  46  65   6   0   0 0.00    M    M  4.0 17 290   M    M   2        21 290
 2  85  49  67   8   0   2 0.27    M    M  5.0 25 130   M    M   3        38 110
 3  79  52  66   6   0   1 0.34    M    M  4.7 18 130   M    M   5 38     24 130
 4  79  48  64   4   1   0 0.00    M    M  5.9 20 220   M    M   2 12     25 230
 5  75  50  63   3   2   0 0.00    M    M  4.5 15 270   M    M   0        22 280
 6  77  45  61   1   4   0 0.00    M    M  2.9 13 290   M    M   3        20 280
 7  78  46  62   2   3   0 0.00    M    M  3.6 12 200   M    M   4        15 170
 8  82  50  66   5   0   1 0.00    M    M  5.8 21 220   M    M   1        24 210
 9  80  56  68   7   0   3 0.00    M    M  8.0 23 230   M    M   1        28 240
10  76  49  63   2   2   0 0.00    M    M  6.2 21 290   M    M   3 8      27 290
11  79  45  62   1   3   0 0.00    M    M  2.2 12 110   M    M   0        15 100
12  81  53  67   5   0   2 0.00    M    M  6.0 20 210   M    M   1 8      27 200
13  67  50  59  -3   6   0    T    M    M  8.2 17 210   M    M   7        24 190
14  65  50  58  -4   7   0 0.10    M    M  7.8 16 210   M    M  10 18     20 230
15  66  51  59  -3   6   0 0.04    M    M  6.4 16 190   M    M   9        21 160
16  61  47  54  -8  11   0 0.01    M    M  7.7 18 230   M    M   7        23 170
17  55  47  51 -12  14   0 0.88    M    M  3.6 12 230   M    M   9 1      14 240
18  65  49  57  -6   8   0 0.27    M    M  5.1 12 230   M    M   9 1      14 230
19  78  50  64   1   1   0 0.00    M    M  7.2 17 210   M    M   0        21 180
20  77  49  63   0   2   0 0.00    M    M  9.0 21 230   M    M   3        28 220
21  75  46  61  -3   4   0 0.00    M    M  3.0 10 240   M    M   0        15 240
22  82  47  65   1   0   0 0.00    M    M  2.8 10 200   M    M   0        14 200
23  87  53  70   6   0   5 0.00    M    M  2.8 12 210   M    M   0 8      14 230
24  75  56  66   2   0   1 0.00    M    M  5.3 14 240   M    M   5        17 230
25  79  50  65   0   0   0 0.00    M    M  2.5 10 190   M    M   1 1      15 200
26  69  58  64  -1   1   0 0.15    M    M  3.9 12 220   M    M   9 13     16 280
27  69  57  63  -2   2   0 0.58    M    M  6.5 16 210   M    M   8 13     20 210
28  75  55  65  -1   0   0 0.00    M    M 10.7 24 210   M    M   7        30 220
29  73  53  63  -3   2   0 0.00    M    M  7.8 23 230   M    M   5        29 220
30  80  49  65  -1   0   0 0.00    M    M  2.5 10  60   M    M   0 1      16  70
================================================================================
SM 2252 1506        79  15  2.64    M    161.6          M      114
================================================================================
AV 75.1 50.2                               5.4 FASTST   M    M   4    MAX(MPH)
                                 MISC ---->  # 25 130               # 38  110
================================================================================
NOTES:
# LAST OF SEVERAL OCCURRENCES

COLUMN 17 PEAK WIND IN M.P.H.

PRELIMINARY LOCAL CLIMATOLOGICAL DATA (WS FORM: F-6) , PAGE 2

                                          STATION:  SPOKANE WA FELTS AIRPORT
                                          MONTH:    JUNE
                                          YEAR:     2014
                                          LATITUDE:   47 40 N
                                          LONGITUDE: 117 20 W

[TEMPERATURE DATA]      [PRECIPITATION DATA]       SYMBOLS USED IN COLUMN 16

AVERAGE MONTHLY: 62.6   TOTAL FOR MONTH:   2.64    1 = FOG OR MIST
DPTR FM NORMAL:   0.2   DPTR FM NORMAL:    1.27    2 = FOG REDUCING VISIBILITY
HIGHEST:    87 ON 23    GRTST 24HR  1.08 ON 17-18      TO 1/4 MILE OR LESS
LOWEST:     45 ON 11, 6                            3 = THUNDER
                        SNOW, ICE PELLETS, HAIL    4 = ICE PELLETS
                        TOTAL MONTH:    M          5 = HAIL
                        GRTST 24HR    M  ON   M    6 = FREEZING RAIN OR DRIZZLE
                        GRTST DEPTH:  M  ON   M    7 = DUSTSTORM OR SANDSTORM:
                                                       VSBY 1/2 MILE OR LESS
                                                   8 = SMOKE OR HAZE
[NO. OF DAYS WITH]      [WEATHER - DAYS WITH]      9 = BLOWING SNOW
                                                   X = TORNADO
MAX 32 OR BELOW:   0    0.01 INCH OR MORE:   9
MAX 90 OR ABOVE:   0    0.10 INCH OR MORE:   7
MIN 32 OR BELOW:   0    0.50 INCH OR MORE:   2
MIN  0 OR BELOW:   0    1.00 INCH OR MORE:   0

[HDD (BASE 65) ]
TOTAL THIS MO.    79    CLEAR  (SCALE 0-3)  16
DPTR FM NORMAL   -39    PTCLDY (SCALE 4-7)   9
TOTAL FM JUL 1  6210    CLOUDY (SCALE 8-10)  5
DPTR FM NORMAL   -83

[CDD (BASE 65) ]
TOTAL THIS MO.    15
DPTR FM NORMAL   -25    [PRESSURE DATA]
TOTAL FM JAN 1    20    HIGHEST SLP 30.19 ON 30
DPTR FM NORMAL   -27    LOWEST  SLP 29.58 ON 12

[REMARKS]
#FINAL-06-14#
