000
CXUS56 KOTX 011500
CF6SFF
PRELIMINARY LOCAL CLIMATOLOGICAL DATA (WS FORM: F-6)

                                          STATION:   SPOKANE WA FELTS AIRPORT
                                          MONTH:     JUNE
                                          YEAR:      2013
                                          LATITUDE:   47 40 N
                                          LONGITUDE: 117 20 W

  TEMPERATURE IN F:       :PCPN:    SNOW:  WIND      :SUNSHINE: SKY     :PK WND
================================================================================
1   2   3   4   5  6A  6B    7    8   9   10  11  12  13   14  15   16   17  18
                                     12Z  AVG MX 2MIN
DY MAX MIN AVG DEP HDD CDD  WTR  SNW DPTH SPD SPD DIR MIN PSBL S-S WX    SPD DR
================================================================================

 1  73  42  58  -1   7   0 0.00    M    M  2.8 13 200   M    M   3        16 180
 2  64  49  57  -2   8   0 0.55    M    M  2.3 16 100   M    M   7 1      20 100
 3  72  45  59  -1   6   0 0.22    M    M  2.8 15 340   M    M   6 12     22 350
 4  77  46  62   2   3   0 0.00    M    M  1.7 10 100   M    M   0 1      16  80
 5  83  49  66   6   0   1 0.00    M    M  3.3 17 240   M    M   1        30 220
 6  86  58  72  12   0   7 0.00    M    M  4.4 15 220   M    M   1        20 230
 7  84  60  72  12   0   7 0.00    M    M 11.0 24 280   M    M   2        37 270
 8  81  50  66   5   0   1 0.00    M    M  7.1 18 220   M    M   0        30 160
 9  77  52  65   4   0   0 0.00    M    M  7.5 21 230   M    M   0        26 230
10  78  46  62   1   3   0 0.00    M    M  3.9 13 200   M    M   0        20 230
11  72  47  60  -1   5   0 0.00    M    M  9.6 21 220   M    M   0        28 210
12  71  47  59  -3   6   0 0.00    M    M  4.3 15 230   M    M   2        18 230
13  69  47  58  -4   7   0 0.01    M    M  5.4 17  10   M    M   4        26 350
14  71  45  58  -4   7   0 0.00    M    M  6.5 16 220   M    M   4        21 220
15  81  43  62   0   3   0 0.00    M    M  2.5  9  30   M    M   0        15  30
16  86  49  68   6   0   3 0.00    M    M  2.8  9  20   M    M   1        15  40
17  85  60  73  10   0   8    T    M    M  3.6 14 320   M    M   2 3      20 290
18  68  56  62  -1   3   0 0.14    M    M  5.9 16 260   M    M   7 13     23 260
19  58  51  55  -8  10   0 0.15    M    M  4.8 15 210   M    M   9 18     20 210
20  52  50  51 -12  14   0 1.20    M    M  9.1 20 240   M    M  10 1      26 240
21  65  50  58  -6   7   0 0.05    M    M  1.9  8 210   M    M   8 1      12 240
22  71  47  59  -5   6   0 0.00    M    M  1.7  8 290   M    M   6 1      10 190
23  77  47  62  -2   3   0    T    M    M  2.3 13 220   M    M   3 1      15 180
24  67  56  62  -2   3   0 0.23    M    M  4.8 17 230   M    M  10 1      22 220
25  69  52  61  -4   4   0 0.16    M    M  4.6 16 200   M    M   6 1      21 200
26  74  57  66   1   0   1    T    M    M  4.9 15 220   M    M   5        18 220
27  81  58  70   5   0   5 0.00    M    M  3.4 12 340   M    M   3        15 340
28  89  57  73   7   0   8 0.00    M    M  2.0  8 340   M    M   0         M  40
29  78  61  70   4   0   5 0.09    M    M  4.5 18 110   M    M   3 3      24  30
30  93  58  76  10   0  11 0.00    M    M  1.5  7 220   M    M   1 1       9 110
================================================================================
SM 2252 1535       105  57  2.80    M    132.9          M      104
================================================================================
AV 75.1 51.2                               4.4 FASTST   M    M   3    MAX(MPH)
                                 MISC ---->  # 24 280               # 37  270
================================================================================
NOTES:
# LAST OF SEVERAL OCCURRENCES

COLUMN 17 PEAK WIND IN M.P.H.

PRELIMINARY LOCAL CLIMATOLOGICAL DATA (WS FORM: F-6) , PAGE 2

                                          STATION:  SPOKANE WA FELTS AIRPORT
                                          MONTH:    JUNE
                                          YEAR:     2013
                                          LATITUDE:   47 40 N
                                          LONGITUDE: 117 20 W

[TEMPERATURE DATA]      [PRECIPITATION DATA]       SYMBOLS USED IN COLUMN 16

AVERAGE MONTHLY: 63.1   TOTAL FOR MONTH:   2.80    1 = FOG OR MIST
DPTR FM NORMAL:   0.7   DPTR FM NORMAL:    1.43    2 = FOG REDUCING VISIBILITY
HIGHEST:    93 ON 30    GRTST 24HR  1.23 ON 19-20      TO 1/4 MILE OR LESS
LOWEST:     42 ON  1                               3 = THUNDER
                        SNOW, ICE PELLETS, HAIL    4 = ICE PELLETS
                        TOTAL MONTH:    M          5 = HAIL
                        GRTST 24HR    M  ON   M    6 = FREEZING RAIN OR DRIZZLE
                        GRTST DEPTH:  M  ON   M    7 = DUSTSTORM OR SANDSTORM:
                                                       VSBY 1/2 MILE OR LESS
                                                   8 = SMOKE OR HAZE
[NO. OF DAYS WITH]      [WEATHER - DAYS WITH]      9 = BLOWING SNOW
                                                   X = TORNADO
MAX 32 OR BELOW:   0    0.01 INCH OR MORE:  10
MAX 90 OR ABOVE:   1    0.10 INCH OR MORE:   7
MIN 32 OR BELOW:   0    0.50 INCH OR MORE:   2
MIN  0 OR BELOW:   0    1.00 INCH OR MORE:   1

[HDD (BASE 65) ]
TOTAL THIS MO.   105    CLEAR  (SCALE 0-3)  18
DPTR FM NORMAL   -13    PTCLDY (SCALE 4-7)   9
TOTAL FM JUL 1  5659    CLOUDY (SCALE 8-10)  3
DPTR FM NORMAL  -634

[CDD (BASE 65) ]
TOTAL THIS MO.    57
DPTR FM NORMAL    17    [PRESSURE DATA]
TOTAL FM JAN 1    83    HIGHEST SLP 30.24 ON  1
DPTR FM NORMAL    36    LOWEST  SLP 29.58 ON 24

[REMARKS]
#FINAL-06-13#
