000
CXUS56 KOTX 011500
CF6SFF
PRELIMINARY LOCAL CLIMATOLOGICAL DATA (WS FORM: F-6)

                                          STATION:   SPOKANE WA FELTS AIRPORT
                                          MONTH:     APRIL
                                          YEAR:      2014
                                          LATITUDE:   47 40 N
                                          LONGITUDE: 117 20 W

  TEMPERATURE IN F:       :PCPN:    SNOW:  WIND      :SUNSHINE: SKY     :PK WND
================================================================================
1   2   3   4   5  6A  6B    7    8   9   10  11  12  13   14  15   16   17  18
                                     12Z  AVG MX 2MIN
DY MAX MIN AVG DEP HDD CDD  WTR  SNW DPTH SPD SPD DIR MIN PSBL S-S WX    SPD DR
================================================================================

 1  59  28  44   0  21   0 0.00    M    M  2.0 12 330   M    M   1        17 360
 2  58  29  44  -1  21   0 0.00    M    M  4.2 17 280   M    M   3        24 260
 3  56  35  46   1  19   0    T    M    M  8.0 20 200   M    M   4        25 200
 4  53  41  47   2  18   0 0.06    M    M  8.9 21 190   M    M   9 1      26 190
 5  54  36  45   0  20   0 0.03    M    M  8.3 23 220   M    M   6        34 220
 6  62  41  52   7  13   0 0.00    M    M  6.2 21 290   M    M   3        26 280
 7  66  39  53   7  12   0 0.00    M    M  5.5 14 220   M    M   2        19 230
 8  72  39  56  10   9   0    T    M    M  9.7 24 210   M    M   3        30 220
 9  61  38  50   4  15   0 0.00    M    M  6.7 22 230   M    M   1        28 210
10  61  35  48   2  17   0 0.00    M    M  5.6 16 220   M    M   0        20 230
11  64  36  50   4  15   0 0.00    M    M  8.1 22 230   M    M   2        29 250
12  60  32  46   0  19   0 0.00    M    M  4.4 20  10   M    M   3        31  10
13  60  27  44  -3  21   0 0.00    M    M  4.4 15  80   M    M   0        19  90
14  66  29  48   1  17   0 0.00    M    M  4.4 17 220   M    M   1        21 230
15  60  38  49   2  16   0 0.00    M    M  7.3 18 280   M    M   5        27 330
16  53  35  44  -3  21   0 0.09    M    M  5.2 15 260   M    M   9        21 260
17  52  44  48   1  17   0 0.41    M    M  6.6 18 220   M    M  10 1      23 210
18  56  39  48   0  17   0 0.00    M    M 13.8 26 220   M    M   4        36 220
19  67  31  49   1  16   0    T    M    M  9.1 28 230   M    M   3        40 250
20  59  37  48   0  17   0 0.00    M    M  6.4 16 230   M    M   1        20 200
21  61  36  49   1  16   0 0.00    M    M  2.2 10  60   M    M   3        14  80
22  54  34  44  -4  21   0 0.12    M    M  8.1 25 260   M    M   8 18     33 260
23  56  34  45  -4  20   0    T    M    M  8.7 28 230   M    M   7        37 220
24  59  43  51   2  14   0 0.33    M    M  8.2 23 240   M    M   7 13     31 260
25  56  43  50   1  15   0 0.00    M    M  3.6 12 290   M    M   7        17 290
26  57  39  48  -1  17   0 0.00    M    M  8.8 23 220   M    M   5        28 220
27  55  37  46  -4  19   0 0.15    M    M  6.5 23 240   M    M   7 18     32 240
28  57  35  46  -4  19   0 0.00    M    M  4.2 16 230   M    M   5        20 230
29  66  32  49  -1  16   0 0.00    M    M  2.7 12 110   M    M   0        13 110
30  73  35  54   4  11   0 0.00    M    M  2.1  9 290   M    M   0        12 330
================================================================================
SM 1793 1077       509   0  1.19    M    189.9          M      119
================================================================================
AV 59.8 35.9                               6.3 FASTST   M    M   4    MAX(MPH)
                                 MISC ---->  # 28 230               # 40  250
================================================================================
NOTES:
# LAST OF SEVERAL OCCURRENCES

COLUMN 17 PEAK WIND IN M.P.H.

PRELIMINARY LOCAL CLIMATOLOGICAL DATA (WS FORM: F-6) , PAGE 2

                                          STATION:  SPOKANE WA FELTS AIRPORT
                                          MONTH:    APRIL
                                          YEAR:     2014
                                          LATITUDE:   47 40 N
                                          LONGITUDE: 117 20 W

[TEMPERATURE DATA]      [PRECIPITATION DATA]       SYMBOLS USED IN COLUMN 16

AVERAGE MONTHLY: 47.8   TOTAL FOR MONTH:   1.19    1 = FOG OR MIST
DPTR FM NORMAL:   0.6   DPTR FM NORMAL:   -0.05    2 = FOG REDUCING VISIBILITY
HIGHEST:    73 ON 30    GRTST 24HR  0.41 ON 17-17      TO 1/4 MILE OR LESS
LOWEST:     27 ON 13                               3 = THUNDER
                        SNOW, ICE PELLETS, HAIL    4 = ICE PELLETS
                        TOTAL MONTH:    M          5 = HAIL
                        GRTST 24HR    M  ON   M    6 = FREEZING RAIN OR DRIZZLE
                        GRTST DEPTH:  M  ON   M    7 = DUSTSTORM OR SANDSTORM:
                                                       VSBY 1/2 MILE OR LESS
                                                   8 = SMOKE OR HAZE
[NO. OF DAYS WITH]      [WEATHER - DAYS WITH]      9 = BLOWING SNOW
                                                   X = TORNADO
MAX 32 OR BELOW:   0    0.01 INCH OR MORE:   7
MAX 90 OR ABOVE:   0    0.10 INCH OR MORE:   4
MIN 32 OR BELOW:   7    0.50 INCH OR MORE:   0
MIN  0 OR BELOW:   0    1.00 INCH OR MORE:   0

[HDD (BASE 65) ]
TOTAL THIS MO.   509    CLEAR  (SCALE 0-3)  15
DPTR FM NORMAL   -25    PTCLDY (SCALE 4-7)  12
TOTAL FM JUL 1  5921    CLOUDY (SCALE 8-10)  3
DPTR FM NORMAL    66

[CDD (BASE 65) ]
TOTAL THIS MO.     0
DPTR FM NORMAL     0    [PRESSURE DATA]
TOTAL FM JAN 1     0    HIGHEST SLP 30.66 ON 29
DPTR FM NORMAL     0    LOWEST  SLP 29.65 ON 22

[REMARKS]
#FINAL-04-14#
