000
CXUS56 KOTX 011500
CF6SFF
PRELIMINARY LOCAL CLIMATOLOGICAL DATA (WS FORM: F-6)

                                          STATION:   SPOKANE WA FELTS AIRPORT
                                          MONTH:     MARCH
                                          YEAR:      2013
                                          LATITUDE:   47 40 N
                                          LONGITUDE: 117 20 W

  TEMPERATURE IN F:       :PCPN:    SNOW:  WIND      :SUNSHINE: SKY     :PK WND
================================================================================
1   2   3   4   5  6A  6B    7    8   9   10  11  12  13   14  15   16   17  18
                                     12Z  AVG MX 2MIN
DY MAX MIN AVG DEP HDD CDD  WTR  SNW DPTH SPD SPD DIR MIN PSBL S-S WX    SPD DR
================================================================================

 1  54  40  47  10  18   0    T    M    M  6.2 16 230   M    M   6 1      23 230
 2  56  39  48  11  17   0    T    M    M  6.6 22 220   M    M   5        28 220
 3  47  31  39   2  26   0 0.00    M    M 10.0 22 240   M    M   6        29 290
 4  47  26  37  -1  28   0 0.00    M    M  2.1 13 200   M    M   1        17 200
 5  44  29  37  -1  28   0    T    M    M  1.7 13  90   M    M   7 8      17 100
 6  51  33  42   4  23   0 0.10    M    M  4.9 21 190   M    M   9 38     26 200
 7  48  29  39   1  26   0 0.16    M    M  4.2 14 230   M    M   7 18     21 200
 8  41  30  36  -3  29   0 0.00    M    M  0.8  8  90   M    M   7 12      9  90
 9  52  28  40   1  25   0 0.00    M    M  0.7 10 260   M    M   5 12     14 260
10  47  30  39   0  26   0    T    M    M  4.2 16 210   M    M   4        20 210
11  51  31  41   1  24   0 0.00    M    M  2.8 13 230   M    M   3 1      15 240
12  56  38  47   7  18   0 0.07    M    M  7.2 23 230   M    M  10 1      28 230
13  58  47  53  13  12   0    T    M    M  5.2 14 190   M    M   7        17 190
14  64  44  54  14  11   0 0.00    M    M  5.1 22 230   M    M   5        29 220
15  60  41  51  10  14   0    T    M    M  6.2 21 220   M    M   4        24 230
16  54  37  46   5  19   0 0.03    M    M  9.1 26 210   M    M   8 8      35 240
17  48  33  41   0  24   0 0.00    M    M 12.1 26 240   M    M   6        35 240
18  48  25  37  -5  28   0    T    M    M  7.9 25 230   M    M   6        36 230
19  50  23  37  -5  28   0 0.01    M    M  6.2 18  80   M    M   4 18     24  70
20  56  36  46   4  19   0 0.63    M    M 11.7 38 230   M    M   8 38     49 230
21  43  28  36  -6  29   0    T    M    M 11.8 25 280   M    M   6 8      35 290
22  44  27  36  -6  29   0    T    M    M  2.7 16  10   M    M   5 8      23  10
23  42  23  33 -10  32   0 0.00    M    M  2.4 14 190   M    M   3        17 190
24  47  23  35  -8  30   0 0.00    M    M  2.1 12 130   M    M   1 1      13 110
25  54  24  39  -4  26   0 0.00    M    M  1.4  8 150   M    M   3        12  80
26  58  27  43   0  22   0 0.00    M    M  1.8  9 300   M    M   1        12 290
27  58  36  47   3  18   0 0.00    M    M  1.6  8  70   M    M   6        15 110
28  60  34  47   3  18   0    T    M    M  0.8  8 280   M    M   7 1      10 280
29  63  38  51   7  14   0 0.00    M    M  4.0 16 240   M    M   4        23 260
30  66  34  50   6  15   0 0.00    M    M  1.9  9 210   M    M   1        12 220
31  70  35  53   9  12   0 0.00    M    M  1.6  6 350   M    M   0         8 340
================================================================================
SM 1637  999       688   0  1.00    M    147.0          M      155
================================================================================
AV 52.8 32.2                               4.7 FASTST   M    M   5    MAX(MPH)
                                 MISC ---->  # 38 230               # 49  230
================================================================================
NOTES:
# LAST OF SEVERAL OCCURRENCES

COLUMN 17 PEAK WIND IN M.P.H.

PRELIMINARY LOCAL CLIMATOLOGICAL DATA (WS FORM: F-6) , PAGE 2

                                          STATION:  SPOKANE WA FELTS AIRPORT
                                          MONTH:    MARCH
                                          YEAR:     2013
                                          LATITUDE:   47 40 N
                                          LONGITUDE: 117 20 W

[TEMPERATURE DATA]      [PRECIPITATION DATA]       SYMBOLS USED IN COLUMN 16

AVERAGE MONTHLY: 42.5   TOTAL FOR MONTH:   1.00    1 = FOG OR MIST
DPTR FM NORMAL:   1.7   DPTR FM NORMAL:   -0.57    2 = FOG REDUCING VISIBILITY
HIGHEST:    70 ON 31    GRTST 24HR  0.63 ON 20-20      TO 1/4 MILE OR LESS
LOWEST:     23 ON 24,23                            3 = THUNDER
                        SNOW, ICE PELLETS, HAIL    4 = ICE PELLETS
                        TOTAL MONTH:    M          5 = HAIL
                        GRTST 24HR    M  ON   M    6 = FREEZING RAIN OR DRIZZLE
                        GRTST DEPTH:  M  ON   M    7 = DUSTSTORM OR SANDSTORM:
                                                       VSBY 1/2 MILE OR LESS
                                                   8 = SMOKE OR HAZE
[NO. OF DAYS WITH]      [WEATHER - DAYS WITH]      9 = BLOWING SNOW
                                                   X = TORNADO
MAX 32 OR BELOW:   0    0.01 INCH OR MORE:   6
MAX 90 OR ABOVE:   0    0.10 INCH OR MORE:   3
MIN 32 OR BELOW:  16    0.50 INCH OR MORE:   1
MIN  0 OR BELOW:   0    1.00 INCH OR MORE:   0

[HDD (BASE 65) ]
TOTAL THIS MO.   688    CLEAR  (SCALE 0-3)   8
DPTR FM NORMAL   -62    PTCLDY (SCALE 4-7)  20
TOTAL FM JUL 1  4796    CLOUDY (SCALE 8-10)  3
DPTR FM NORMAL  -525

[CDD (BASE 65) ]
TOTAL THIS MO.     0
DPTR FM NORMAL     0    [PRESSURE DATA]
TOTAL FM JAN 1     0    HIGHEST SLP 30.45 ON  9
DPTR FM NORMAL     0    LOWEST  SLP 29.49 ON 20

[REMARKS]
#FINAL-03-13#
