000
CXUS56 KOTX 011500
CF6SFF
PRELIMINARY LOCAL CLIMATOLOGICAL DATA (WS FORM: F-6)

                                          STATION:   SPOKANE WA FELTS AIRPORT
                                          MONTH:     DECEMBER
                                          YEAR:      2015
                                          LATITUDE:   47 40 N
                                          LONGITUDE: 117 20 W

  TEMPERATURE IN F:       :PCPN:    SNOW:  WIND      :SUNSHINE: SKY     :PK WND
================================================================================
1   2   3   4   5  6A  6B    7    8   9   10  11  12  13   14  15   16   17  18
                                     12Z  AVG MX 2MIN
DY MAX MIN AVG DEP HDD CDD  WTR  SNW DPTH SPD SPD DIR MIN PSBL S-S WX    SPD DR
================================================================================

 1  30  23  27  -5  38   0    T    M    M  1.4  6  70   M    M   9 18      9  10
 2  35  24  30  -2  35   0 0.04    M    M  1.1  8  70   M    M   8 18     10  80
 3  46  29  38   6  27   0 0.11    M    M  2.9 10 220   M    M   8 1      14 210
 4  46  37  42  11  23   0 0.01    M    M  6.5 20 210   M    M  10        26 220
 5  48  30  39   8  26   0    T    M    M  4.8 13 150   M    M   6        18 160
 6  48  40  44  13  21   0 0.21    M    M  6.5 25 180   M    M   9 1      31 190
 7  44  38  41  11  24   0 1.02    M    M  3.9 12  70   M    M  10 1      16 110
 8  58  40  49  19  16   0 0.22    M    M 11.9 28 210   M    M   9 1      37 210
 9  56  36  46  16  19   0 0.07    M    M 16.1 36 230   M    M   4        48 220
10  47  35  41  11  24   0 0.11    M    M  9.8 28 220   M    M   5        36 220
11  47  34  41  11  24   0 0.00    M    M  2.1  8  60   M    M   8         9 120
12  43  36  40  10  25   0 0.20    M    M  6.1 29 200   M    M  10 18     37 190
13  43  33  38   9  27   0 0.00    M    M  9.5 25 220   M    M   9        35 220
14  41  32  37   8  28   0    T    M    M  2.3  9 220   M    M  10 18     10 220
15  36  27  32   3  33   0    T    M    M  5.7 12 220   M    M   8 1      14 200
16  37  18  28  -1  37   0 0.15    M    M  2.8 12 240   M    M   4 1      17 230
17  31  17  24  -5  41   0 0.20    M    M  4.1 14  90   M    M   6 18     15  90
18  40  30  35   6  30   0 0.22    M    M  3.4 13 230   M    M   8 16     18 230
19  36  30  33   4  32   0 0.06    M    M  2.7 12 210   M    M  10 12     13 240
20  38  31  35   6  30   0 0.11    M    M  4.8 16 190   M    M   9 1      20 190
21  37  33  35   6  30   0 0.41    M    M  5.8 13  70   M    M  10 18     16  70
22  33  28  31   2  34   0 0.01    M    M  4.4 16 250   M    M  10 18     21 240
23  34  28  31   2  34   0 0.23    M    M  4.0 12 220   M    M  10 1      14 270
24  34  30  32   3  33   0 0.02    M    M  4.8 14 230   M    M  10 1      17 220
25  32  27  30   1  35   0    T    M    M  3.7  9 250   M    M  10 1      11 290
26  30  23  27  -2  38   0 0.00    M    M  1.9  7 110   M    M   9 1       9 150
27  30  25  28  -1  37   0 0.06    M    M  0.9  8  90   M    M  10 18     10  80
28  30  27  29   0  36   0 0.06    M    M  1.4  6 290   M    M  10 18      8 290
29  29  22  26  -3  39   0    T    M    M  1.9  7 240   M    M  10 18     10 280
30  27  20  24  -5  41   0 0.00    M    M  1.8  7 350   M    M  10 1       9 350
31  24  12  18 -11  47   0 0.00    M    M  0.8  6 250   M    M   6 128     6 240
================================================================================
SM 1190  895       964   0  3.52    M    139.8          M      265
================================================================================
AV 38.4 28.9                               4.5 FASTST   M    M   9    MAX(MPH)
                                 MISC ---->  # 36 230               # 48  220
================================================================================
NOTES:
# LAST OF SEVERAL OCCURRENCES

COLUMN 17 PEAK WIND IN M.P.H.

PRELIMINARY LOCAL CLIMATOLOGICAL DATA (WS FORM: F-6) , PAGE 2

                                          STATION:  SPOKANE WA FELTS AIRPORT
                                          MONTH:    DECEMBER
                                          YEAR:     2015
                                          LATITUDE:   47 40 N
                                          LONGITUDE: 117 20 W

[TEMPERATURE DATA]      [PRECIPITATION DATA]       SYMBOLS USED IN COLUMN 16

AVERAGE MONTHLY: 33.6   TOTAL FOR MONTH:   3.52    1 = FOG OR MIST
DPTR FM NORMAL:   4.0   DPTR FM NORMAL:    0.96    2 = FOG REDUCING VISIBILITY
HIGHEST:    58 ON  8    GRTST 24HR  1.03 ON  6- 7      TO 1/4 MILE OR LESS
LOWEST:     12 ON 31                               3 = THUNDER
                        SNOW, ICE PELLETS, HAIL    4 = ICE PELLETS
                        TOTAL MONTH:    M          5 = HAIL
                        GRTST 24HR    M  ON   M    6 = FREEZING RAIN OR DRIZZLE
                        GRTST DEPTH:  M  ON   M    7 = DUSTSTORM OR SANDSTORM:
                                                       VSBY 1/2 MILE OR LESS
                                                   8 = SMOKE OR HAZE
[NO. OF DAYS WITH]      [WEATHER - DAYS WITH]      9 = BLOWING SNOW
                                                   X = TORNADO
MAX 32 OR BELOW:   9    0.01 INCH OR MORE:  20
MAX 90 OR ABOVE:   0    0.10 INCH OR MORE:  12
MIN 32 OR BELOW:  21    0.50 INCH OR MORE:   1
MIN  0 OR BELOW:   0    1.00 INCH OR MORE:   1

[HDD (BASE 65) ]
TOTAL THIS MO.   964    CLEAR  (SCALE 0-3)   0
DPTR FM NORMAL  -131    PTCLDY (SCALE 4-7)   9
TOTAL FM JUL 1  2221    CLOUDY (SCALE 8-10) 22
DPTR FM NORMAL  -448

[CDD (BASE 65) ]
TOTAL THIS MO.     0
DPTR FM NORMAL     0    [PRESSURE DATA]
TOTAL FM JAN 1   842    HIGHEST SLP 30.79 ON 31
DPTR FM NORMAL   436    LOWEST  SLP 29.16 ON 21

[REMARKS]
#FINAL-12-15#
