000
CXUS56 KOTX 011500
CF6SFF
PRELIMINARY LOCAL CLIMATOLOGICAL DATA (WS FORM: F-6)

                                          STATION:   SPOKANE WA FELTS AIRPORT
                                          MONTH:     FEBRUARY
                                          YEAR:      2014
                                          LATITUDE:   47 40 N
                                          LONGITUDE: 117 20 W

  TEMPERATURE IN F:       :PCPN:    SNOW:  WIND      :SUNSHINE: SKY     :PK WND
================================================================================
1   2   3   4   5  6A  6B    7    8   9   10  11  12  13   14  15   16   17  18
                                     12Z  AVG MX 2MIN
DY MAX MIN AVG DEP HDD CDD  WTR  SNW DPTH SPD SPD DIR MIN PSBL S-S WX    SPD DR
================================================================================

 1  28  14  21 -12  44   0 0.00    M    M  1.0  6  60   M    M   8 128     7  70
 2  30  25  28  -5  37   0 0.01    M    M  1.9  8 330   M    M  10 18     12 330
 3  29  10  20 -13  45   0 0.01    M    M  2.5 12  80   M    M   7 18     16  70
 4  19   7  13 -20  52   0 0.00    M    M  7.2 20  60   M    M   2        29  60
 5  13   3   8 -25  57   0 0.00    M    M 11.6 23  60   M    M   2        29  70
 6  19  -3   8 -25  57   0    T    M    M  3.6 14  70   M    M   2 8      17  90
 7  17   7  12 -21  53   0 0.02    M    M  3.5 13 190   M    M   6 18     15  90
 8  28  12  20 -13  45   0 0.00    M    M  2.5 16  80   M    M   5        20  80
 9  25  20  23 -11  42   0 0.01    M    M  2.4  9  90   M    M  10 18     11  80
10  30  24  27  -7  38   0 0.18    M    M  3.0 14 230   M    M  10 12     18 240
11  40  29  35   1  30   0 0.06    M    M  4.5 13 220   M    M   7 1      17 280
12  50  37  44  10  21   0 0.11    M    M 11.5 29 240   M    M   5 18     38 240
13  49  32  41   7  24   0    T    M    M 10.6 32 230   M    M   3        48 260
14  49  31  40   6  25   0 0.02    M    M  6.7 26 220   M    M   5 1      33 230
15  47  29  38   4  27   0 0.27    M    M  6.7 29 220   M    M   8 1      38 230
16  45  35  40   6  25   0 0.00    M    M 16.1 30 190   M    M   6        41 180
17  48  34  41   7  24   0 0.02    M    M 16.1 32 220   M    M   8        44 230
18  46  32  39   5  26   0 0.26    M    M 11.5 29 240   M    M   8        39 230
19  43  27  35   0  30   0 0.00    M    M 10.5 24 240   M    M   4        32 240
20  47  29  38   3  27   0 0.05    M    M  9.8 30 250   M    M   6 1      41 240
21  41  26  34  -1  31   0 0.00    M    M  3.3 12 270   M    M   6        15 300
22  35  25  30  -5  35   0 0.00    M    M  2.7  9 330   M    M  10 8      12 330
23  30  26  28  -7  37   0 0.21    M    M  1.5  7 110   M    M  10 18      9  90
24  30  24  27  -9  38   0 0.22    M    M  2.2  9  90   M    M  10 18     12  90
25  37  13  25 -11  40   0 0.00    M    M  1.1  9 100   M    M   1 1      12 100
26  39  14  27  -9  38   0 0.00    M    M  0.9  7 100   M    M   2         9  80
27  38  29  34  -2  31   0 0.04    M    M  2.7 10 200   M    M   9 1      12 200
28  39  21  30  -7  35   0 0.00    M    M  9.0 31  70   M    M  10 18     41  70
================================================================================
SM  991  612      1014   0  1.49    M    166.6          M      180
================================================================================
AV 35.4 21.9                               5.9 FASTST   M    M   6    MAX(MPH)
                                 MISC ---->  # 32 230               # 48  260
================================================================================
NOTES:
# LAST OF SEVERAL OCCURRENCES

COLUMN 17 PEAK WIND IN M.P.H.

PRELIMINARY LOCAL CLIMATOLOGICAL DATA (WS FORM: F-6) , PAGE 2

                                          STATION:  SPOKANE WA FELTS AIRPORT
                                          MONTH:    FEBRUARY
                                          YEAR:     2014
                                          LATITUDE:   47 40 N
                                          LONGITUDE: 117 20 W

[TEMPERATURE DATA]      [PRECIPITATION DATA]       SYMBOLS USED IN COLUMN 16

AVERAGE MONTHLY: 28.6   TOTAL FOR MONTH:   1.49    1 = FOG OR MIST
DPTR FM NORMAL:  -5.7   DPTR FM NORMAL:    0.11    2 = FOG REDUCING VISIBILITY
HIGHEST:    50 ON 12    GRTST 24HR  0.27 ON 15-15      TO 1/4 MILE OR LESS
LOWEST:     -3 ON  6                               3 = THUNDER
                        SNOW, ICE PELLETS, HAIL    4 = ICE PELLETS
                        TOTAL MONTH:    M          5 = HAIL
                        GRTST 24HR    M  ON   M    6 = FREEZING RAIN OR DRIZZLE
                        GRTST DEPTH:  M  ON   M    7 = DUSTSTORM OR SANDSTORM:
                                                       VSBY 1/2 MILE OR LESS
                                                   8 = SMOKE OR HAZE
[NO. OF DAYS WITH]      [WEATHER - DAYS WITH]      9 = BLOWING SNOW
                                                   X = TORNADO
MAX 32 OR BELOW:  12    0.01 INCH OR MORE:  15
MAX 90 OR ABOVE:   0    0.10 INCH OR MORE:   6
MIN 32 OR BELOW:  25    0.50 INCH OR MORE:   0
MIN  0 OR BELOW:   1    1.00 INCH OR MORE:   0

[HDD (BASE 65) ]
TOTAL THIS MO.  1014    CLEAR  (SCALE 0-3)   5
DPTR FM NORMAL   155    PTCLDY (SCALE 4-7)  15
TOTAL FM JUL 1  4679    CLOUDY (SCALE 8-10)  8
DPTR FM NORMAL   108

[CDD (BASE 65) ]
TOTAL THIS MO.     0
DPTR FM NORMAL     0    [PRESSURE DATA]
TOTAL FM JAN 1     0    HIGHEST SLP 30.68 ON  5
DPTR FM NORMAL     0    LOWEST  SLP 29.45 ON 15

[REMARKS]
#FINAL-02-14#
