000
CXUS56 KOTX 011500
CF6SFF
PRELIMINARY LOCAL CLIMATOLOGICAL DATA (WS FORM: F-6)

                                          STATION:   SPOKANE WA FELTS AIRPORT
                                          MONTH:     FEBRUARY
                                          YEAR:      2016
                                          LATITUDE:   47 40 N
                                          LONGITUDE: 117 20 W

  TEMPERATURE IN F:       :PCPN:    SNOW:  WIND      :SUNSHINE: SKY     :PK WND
================================================================================
1   2   3   4   5  6A  6B    7    8   9   10  11  12  13   14  15   16   17  18
                                     12Z  AVG MX 2MIN
DY MAX MIN AVG DEP HDD CDD  WTR  SNW DPTH SPD SPD DIR MIN PSBL S-S WX    SPD DR
================================================================================

 1  36  29  33   0  32   0 0.01    M    M  1.6 12 240   M    M  10 18     14 200
 2  35  23  29  -4  36   0 0.00    M    M  1.1  7 210   M    M   7 1       8 220
 3  34  22  28  -5  37   0 0.07    M    M  2.3 13  90   M    M   9 1      15  90
 4  37  31  34   1  31   0 0.02    M    M  3.7 12 230   M    M   8 1      16 210
 5  50  34  42   9  23   0    T    M    M  5.3 23 230   M    M   7        29 240
 6  47  29  38   5  27   0 0.00    M    M  7.7 26 220   M    M   1        33 230
 7  45  25  35   2  30   0 0.00    M    M  1.2  8  80   M    M   5 12      9  80
 8  52  29  41   8  24   0 0.00    M    M  0.3  6 240   M    M   0         7 250
 9  54  28  41   7  24   0 0.00    M    M  1.3  6  30   M    M   0 1       7  90
10  44  29  37   3  28   0 0.00    M    M  1.9  8  80   M    M   4 12      9  80
11  45  30  38   4  27   0 0.07    M    M  0.6  7  60   M    M   8 12      8  60
12  51  40  46  12  19   0 0.13    M    M  2.7 10 240   M    M  10 1      13 240
13  48  38  43   9  22   0 0.09    M    M  9.5 22 230   M    M   9 1      27 230
14  50  41  46  12  19   0 0.02    M    M  5.7 24 210   M    M  10        29 210
15  56  47  52  18  13   0 0.00    M    M 10.1 22 230   M    M   8        30 240
16  55  43  49  15  16   0 0.00    M    M  6.1 17 220   M    M   6        22 220
17  53  41  47  13  18   0 0.05    M    M  4.0 13 120   M    M   7 1      16  60
18  51  37  44  10  21   0 0.26    M    M 12.1 26 220   M    M   7 1      36 230
19  49  36  43   8  22   0 0.03    M    M  8.0 29 230   M    M   9        38 230
20  48  30  39   4  26   0 0.00    M    M  7.7 18 220   M    M   2        25 240
21  46  26  36   1  29   0 0.00    M    M  2.5 17 230   M    M   2        20 220
22  45  28  37   2  28   0 0.00    M    M  3.2 10 210   M    M   6 1      12 210
23  49  24  37   2  28   0 0.00    M    M  1.6  7  70   M    M   2 12     10  60
24  51  28  40   4  25   0 0.00    M    M  0.6  5  20   M    M   3         7  80
25  56  29  43   7  22   0 0.00    M    M  1.0  7 110   M    M   1         9 120
26  60  28  44   8  21   0 0.00    M    M  0.9  8 210   M    M   1        10 210
27  54  39  47  11  18   0 0.05    M    M  4.5 14 200   M    M   7 18     17 210
28  56  34  45   8  20   0    T    M    M 11.0 29 220   M    M   4 1      42 250
29  51  32  42   5  23   0 0.00    M    M  7.1 20 230   M    M   3        25 240
================================================================================
SM 1408  930       709   0  0.80    M    125.3          M      156
================================================================================
AV 48.6 32.1                               4.3 FASTST   M    M   5    MAX(MPH)
                                 MISC ---->  # 29 230               # 42  250
================================================================================
NOTES:
# LAST OF SEVERAL OCCURRENCES

COLUMN 17 PEAK WIND IN M.P.H.

PRELIMINARY LOCAL CLIMATOLOGICAL DATA (WS FORM: F-6) , PAGE 2

                                          STATION:  SPOKANE WA FELTS AIRPORT
                                          MONTH:    FEBRUARY
                                          YEAR:     2016
                                          LATITUDE:   47 40 N
                                          LONGITUDE: 117 20 W

[TEMPERATURE DATA]      [PRECIPITATION DATA]       SYMBOLS USED IN COLUMN 16

AVERAGE MONTHLY: 40.3   TOTAL FOR MONTH:   0.80    1 = FOG OR MIST
DPTR FM NORMAL:   6.0   DPTR FM NORMAL:   -0.58    2 = FOG REDUCING VISIBILITY
HIGHEST:    60 ON 26    GRTST 24HR  0.31 ON 17-18      TO 1/4 MILE OR LESS
LOWEST:     22 ON  3                               3 = THUNDER
                        SNOW, ICE PELLETS, HAIL    4 = ICE PELLETS
                        TOTAL MONTH:    M          5 = HAIL
                        GRTST 24HR    M  ON   M    6 = FREEZING RAIN OR DRIZZLE
                        GRTST DEPTH:  M  ON   M    7 = DUSTSTORM OR SANDSTORM:
                                                       VSBY 1/2 MILE OR LESS
                                                   8 = SMOKE OR HAZE
[NO. OF DAYS WITH]      [WEATHER - DAYS WITH]      9 = BLOWING SNOW
                                                   X = TORNADO
MAX 32 OR BELOW:   0    0.01 INCH OR MORE:  11
MAX 90 OR ABOVE:   0    0.10 INCH OR MORE:   2
MIN 32 OR BELOW:  18    0.50 INCH OR MORE:   0
MIN  0 OR BELOW:   0    1.00 INCH OR MORE:   0

[HDD (BASE 65) ]
TOTAL THIS MO.   709    CLEAR  (SCALE 0-3)   9
DPTR FM NORMAL  -150    PTCLDY (SCALE 4-7)  13
TOTAL FM JUL 1  3905    CLOUDY (SCALE 8-10)  7
DPTR FM NORMAL  -694

[CDD (BASE 65) ]
TOTAL THIS MO.     0
DPTR FM NORMAL     0    [PRESSURE DATA]
TOTAL FM JAN 1     0    HIGHEST SLP 30.70 ON  8
DPTR FM NORMAL     0    LOWEST  SLP 29.20 ON 18

[REMARKS]
#FINAL-02-16#
