000
CXUS56 KOTX 011500
CF6SFF
PRELIMINARY LOCAL CLIMATOLOGICAL DATA (WS FORM: F-6)

                                          STATION:   SPOKANE WA FELTS AIRPORT
                                          MONTH:     JULY
                                          YEAR:      2013
                                          LATITUDE:   47 40 N
                                          LONGITUDE: 117 20 W

  TEMPERATURE IN F:       :PCPN:    SNOW:  WIND      :SUNSHINE: SKY     :PK WND
================================================================================
1   2   3   4   5  6A  6B    7    8   9   10  11  12  13   14  15   16   17  18
                                     12Z  AVG MX 2MIN
DY MAX MIN AVG DEP HDD CDD  WTR  SNW DPTH SPD SPD DIR MIN PSBL S-S WX    SPD DR
================================================================================

 1 100  61  81  15   0  16 0.00    M    M  2.5  9 350   M    M   0 8      13 350
 2  99  66  83  16   0  18 0.00    M    M  3.7 14 180   M    M   0        17 230
 3  92  63  78  11   0  13 0.00    M    M  6.9 17 230   M    M   0        43 220
 4  86  61  74   7   0   9 0.00    M    M  6.0 17 220   M    M   0 8      22 210
 5  82  59  71   3   0   6 0.00    M    M  4.9 14 260   M    M   1        21 220
 6  86  55  71   3   0   6 0.00    M    M  2.8 10  70   M    M   1        15 130
 7  88  53  71   3   0   6 0.00    M    M  2.1 10 340   M    M   1        14  10
 8  85  60  73   5   0   8    T    M    M  3.2 16 350   M    M   1 38     24 360
 9  90  53  72   3   0   7 0.00    M    M  2.0  9 140   M    M   0        13 140
10  94  56  75   6   0  10 0.00    M    M  5.5 20 230   M    M   0        26 220
11  84  54  69   0   0   4 0.00    M    M  8.0 21 220   M    M   0        25 230
12  79  52  66  -3   0   1 0.00    M    M  4.5 14 290   M    M   0        18 280
13  80  55  68  -2   0   3 0.00    M    M  3.6 13 220   M    M   3 8      16 130
14  87  50  69  -1   0   4 0.00    M    M  3.1 15 210   M    M   0        18 200
15  86  52  69  -1   0   4 0.00    M    M  4.3 13 330   M    M   0        18 280
16  90  51  71   1   0   6    T    M    M  4.6 20 100   M    M   0 38     29  40
17  91  68  80  10   0  15 0.00    M    M  5.2 16 240   M    M   2        22  70
18  92  59  76   5   0  11 0.00    M    M  2.6 10 230   M    M   0         M 320
19  95  57  76   5   0  11 0.00    M    M  2.3 10 220   M    M   0        15 240
20  96  58  77   6   0  12 0.00    M    M  4.8 17 250   M    M   0 8      25 240
21  94  55  75   4   0  10 0.00    M    M  4.6 16 210   M    M   0        26 230
22  94  61  78   7   0  13 0.00    M    M  6.5 18 230   M    M   0        24 230
23  97  58  78   7   0  13 0.00    M    M  3.4 12 210   M    M   0 8      17 270
24  98  57  78   7   0  13 0.00    M    M  3.0 12 210   M    M   0 8      17 260
25  98  57  78   6   0  13 0.00    M    M  3.4 13 210   M    M   0        20 290
26  97  57  77   5   0  12 0.00    M    M  5.6 17 210   M    M   0 8      24 240
27  91  58  75   3   0  10 0.00    M    M  4.6 15 230   M    M   0        24 210
28  86  54  70  -2   0   5 0.00    M    M  3.4 12 230   M    M   0        17 210
29  87  54  71  -1   0   6 0.00    M    M  2.0  9 220   M    M   0        13 240
30  89  57  73   1   0   8 0.00    M    M  1.4 12 290   M    M   1        18 290
31  91  56  74   2   0   9    T    M    M  2.3 14 280   M    M   1 8      23 350
================================================================================
SM 2804 1767         0 282    T     M    122.8          M       11
================================================================================
AV 90.5 57.0                               4.0 FASTST   M    M   0    MAX(MPH)
                                 MISC ---->  # 21 220               # 43  220
================================================================================
NOTES:
# LAST OF SEVERAL OCCURRENCES

COLUMN 17 PEAK WIND IN M.P.H.

PRELIMINARY LOCAL CLIMATOLOGICAL DATA (WS FORM: F-6) , PAGE 2

                                          STATION:  SPOKANE WA FELTS AIRPORT
                                          MONTH:    JULY
                                          YEAR:     2013
                                          LATITUDE:   47 40 N
                                          LONGITUDE: 117 20 W

[TEMPERATURE DATA]      [PRECIPITATION DATA]       SYMBOLS USED IN COLUMN 16

AVERAGE MONTHLY: 73.7   TOTAL FOR MONTH:      T    1 = FOG OR MIST
DPTR FM NORMAL:   3.9   DPTR FM NORMAL:   -0.82    2 = FOG REDUCING VISIBILITY
HIGHEST:   100 ON  1    GRTST 24HR    T  ON 31-31      TO 1/4 MILE OR LESS
LOWEST:     50 ON 14                               3 = THUNDER
                        SNOW, ICE PELLETS, HAIL    4 = ICE PELLETS
                        TOTAL MONTH:    M          5 = HAIL
                        GRTST 24HR    M  ON   M    6 = FREEZING RAIN OR DRIZZLE
                        GRTST DEPTH:  M  ON   M    7 = DUSTSTORM OR SANDSTORM:
                                                       VSBY 1/2 MILE OR LESS
                                                   8 = SMOKE OR HAZE
[NO. OF DAYS WITH]      [WEATHER - DAYS WITH]      9 = BLOWING SNOW
                                                   X = TORNADO
MAX 32 OR BELOW:   0    0.01 INCH OR MORE:   0
MAX 90 OR ABOVE:  18    0.10 INCH OR MORE:   0
MIN 32 OR BELOW:   0    0.50 INCH OR MORE:   0
MIN  0 OR BELOW:   0    1.00 INCH OR MORE:   0

[HDD (BASE 65) ]
TOTAL THIS MO.     0    CLEAR  (SCALE 0-3)  31
DPTR FM NORMAL   -21    PTCLDY (SCALE 4-7)   0
TOTAL FM JUL 1     0    CLOUDY (SCALE 8-10)  0
DPTR FM NORMAL   -21

[CDD (BASE 65) ]
TOTAL THIS MO.   282
DPTR FM NORMAL   111    [PRESSURE DATA]
TOTAL FM JAN 1   365    HIGHEST SLP 30.16 ON 18
DPTR FM NORMAL   147    LOWEST  SLP 29.78 ON 21

[REMARKS]
#FINAL-07-13#
