000
CXUS56 KOTX 011500
CF6SFF
PRELIMINARY LOCAL CLIMATOLOGICAL DATA (WS FORM: F-6)

                                          STATION:   SPOKANE WA FELTS AIRPORT
                                          MONTH:     SEPTEMBER
                                          YEAR:      2013
                                          LATITUDE:   47 40 N
                                          LONGITUDE: 117 20 W

  TEMPERATURE IN F:       :PCPN:    SNOW:  WIND      :SUNSHINE: SKY     :PK WND
================================================================================
1   2   3   4   5  6A  6B    7    8   9   10  11  12  13   14  15   16   17  18
                                     12Z  AVG MX 2MIN
DY MAX MIN AVG DEP HDD CDD  WTR  SNW DPTH SPD SPD DIR MIN PSBL S-S WX    SPD DR
================================================================================

 1  94  52  73   7   0   8 0.00    M    M  3.0 16 200   M    M   0        28 320
 2  82  60  71   6   0   6 0.01    M    M  4.0 16  80   M    M   3        21 110
 3  88  60  74   9   0   9 0.00    M    M  3.0 17 110   M    M   2        22 120
 4  90  60  75  10   0  10 0.10    M    M  2.0 28 210   M    M   0 138    38 210
 5  81  63  72   8   0   7 0.57    M    M  5.0 23 130   M    M   5 13     30 130
 6  69  60  65   1   0   0 0.01    M    M  4.1 15 180   M    M   9 3      18 180
 7  73  54  64   0   1   0 0.07    M    M  1.9 14 340   M    M   8 1      20 320
 8  75  54  65   2   0   0 0.00    M    M  1.6  7 100   M    M   7 18     10 140
 9  84  55  70   7   0   5 0.00    M    M  1.6  9 260   M    M   2        12 280
10  88  54  71   8   0   6 0.00    M    M  0.9  9 360   M    M   0        14 330
11  94  55  75  13   0  10 0.00    M    M  1.8 12  70   M    M   0        16  70
12  92  57  75  13   0  10 0.00    M    M  1.0  8 290   M    M   0        12 290
13  92  53  73  11   0   8 0.00    M    M  2.3  9 340   M    M   0        13 330
14  93  59  76  15   0  11 0.00    M    M  3.9 15  80   M    M   0 8      18  80
15  91  60  76  15   0  11 0.17    M    M  4.7 32 250   M    M   2 18     45 250
16  73  55  64   4   1   0 0.00    M    M  5.1 17 200   M    M   6 8      20 240
17  73  50  62   2   3   0 0.09    M    M  5.0 21 230   M    M   4 1      26 220
18  68  50  59  -1   6   0 0.02    M    M  7.3 17 220   M    M   7        26 220
19  73  44  59   0   6   0 0.00    M    M  4.2 10  80   M    M   0        15  60
20  81  44  63   4   2   0 0.00    M    M  3.1 13  70   M    M   0        16  90
21  68  48  58  -1   7   0    T    M    0  5.4 15 200   M    M   2        18 250
22  64  48  56  -2   9   0 0.04    M    M  9.0 22 240   M    M   8        28 240
23  63  49  56  -2   9   0    T    M    M  8.9 21 230   M    M   9        28 230
24  63  49  56  -1   9   0 0.13    M    M  4.7 14 210   M    M   7 1      20 210
25  56  45  51  -6  14   0 0.10    M    M  1.4 10  60   M    M   9 1      14  60
26  63  39  51  -5  14   0 0.00    M    M  2.0 12  60   M    M   7 12     15  60
27  55  44  50  -6  15   0 0.06    M    M  5.6 20 230   M    M   9 1      26 220
28  61  50  56   0   9   0 0.38    M    M 11.0 24 250   M    M  10 18     35 190
29  57  47  52  -3  13   0 0.20    M    M 12.6 31 230   M    M  10 1      44 230
30  61  46  54  -1  11   0 0.05    M    M 17.6 32 220   M    M   6        43 220
================================================================================
SM 2265 1564       129 101  2.00    M    143.7          M      132
================================================================================
AV 75.5 52.1                               4.8 FASTST   M    M   4    MAX(MPH)
                                 MISC ---->  # 32 250               # 45  250
================================================================================
NOTES:
# LAST OF SEVERAL OCCURRENCES

COLUMN 17 PEAK WIND IN M.P.H.

PRELIMINARY LOCAL CLIMATOLOGICAL DATA (WS FORM: F-6) , PAGE 2

                                          STATION:  SPOKANE WA FELTS AIRPORT
                                          MONTH:    SEPTEMBER
                                          YEAR:     2013
                                          LATITUDE:   47 40 N
                                          LONGITUDE: 117 20 W

[TEMPERATURE DATA]      [PRECIPITATION DATA]       SYMBOLS USED IN COLUMN 16

AVERAGE MONTHLY: 63.8   TOTAL FOR MONTH:   2.00    1 = FOG OR MIST
DPTR FM NORMAL:   3.3   DPTR FM NORMAL:    1.16    2 = FOG REDUCING VISIBILITY
HIGHEST:    94 ON 11, 1 GRTST 24HR  0.57 ON  5- 5      TO 1/4 MILE OR LESS
LOWEST:     39 ON 26                               3 = THUNDER
                        SNOW, ICE PELLETS, HAIL    4 = ICE PELLETS
                        TOTAL MONTH:    M          5 = HAIL
                        GRTST 24HR    M  ON   M    6 = FREEZING RAIN OR DRIZZLE
                        GRTST DEPTH:   0           7 = DUSTSTORM OR SANDSTORM:
                                                       VSBY 1/2 MILE OR LESS
                                                   8 = SMOKE OR HAZE
[NO. OF DAYS WITH]      [WEATHER - DAYS WITH]      9 = BLOWING SNOW
                                                   X = TORNADO
MAX 32 OR BELOW:   0    0.01 INCH OR MORE:  15
MAX 90 OR ABOVE:   7    0.10 INCH OR MORE:   7
MIN 32 OR BELOW:   0    0.50 INCH OR MORE:   1
MIN  0 OR BELOW:   0    1.00 INCH OR MORE:   0

[HDD (BASE 65) ]
TOTAL THIS MO.   129    CLEAR  (SCALE 0-3)  13
DPTR FM NORMAL   -36    PTCLDY (SCALE 4-7)  11
TOTAL FM JUL 1   134    CLOUDY (SCALE 8-10)  6
DPTR FM NORMAL   -77

[CDD (BASE 65) ]
TOTAL THIS MO.   101
DPTR FM NORMAL    71    [PRESSURE DATA]
TOTAL FM JAN 1   704    HIGHEST SLP 30.15 ON 19
DPTR FM NORMAL   298    LOWEST  SLP 29.39 ON 30

[REMARKS]
#FINAL-09-13#
