000
CXUS56 KOTX 010900
CF6SFF
PRELIMINARY LOCAL CLIMATOLOGICAL DATA (WS FORM: F-6)

                                          STATION:   SPOKANE WA FELTS AIRPORT
                                          MONTH:     NOVEMBER
                                          YEAR:      2016
                                          LATITUDE:   47 40 N
                                          LONGITUDE: 117 20 W

  TEMPERATURE IN F:       :PCPN:    SNOW:  WIND      :SUNSHINE: SKY     :PK WND
================================================================================
1   2   3   4   5  6A  6B    7    8   9   10  11  12  13   14  15   16   17  18
                                     12Z  AVG MX 2MIN
DY MAX MIN AVG DEP HDD CDD  WTR  SNW DPTH SPD SPD DIR MIN PSBL S-S WX    SPD DR
================================================================================

 1  55  44  50   8  15   0 0.06    M    M  5.1 17 210   M    M   7        21 210
 2  62  41  52  10  13   0 0.00    M    M  3.9 14 160   M    M   7        17 160
 3  65  40  53  12  12   0 0.00    M    M  1.5  7 100   M    M   2 1       9 100
 4  63  39  51  10  14   0 0.00    M    M  2.3  8  70   M    M   0 1      11 130
 5  65  40  53  12  12   0 0.00    M    M  2.3 12  80   M    M   1 1      15  80
 6  55  38  47   7  18   0 0.21    M    M  5.4 20 210   M    M   6 1      25 220
 7  57  38  48   8  17   0 0.00    M    M  1.4  9 120   M    M   3 1      11 110
 8  65  39  52  12  13   0 0.00    M    M  2.3 12 100   M    M   0 1      15  90
 9  62  41  52  13  13   0 0.00    M    M  2.5 14 220   M    M   1 12     17 230
10  61  41  51  12  14   0 0.00    M    M  1.4  9 130   M    M   4 12     12 110
11  59  40  50  11  15   0 0.00    M    M  4.1 12 110   M    M   2 1      15 100
12  61  46  54  16  11   0 0.02    M    M  8.1 26 230   M    M   3 1      34 240
13  52  40  46   8  19   0 0.10    M    M  3.2 14 230   M    M   6 1      21 220
14  55  46  51  13  14   0 0.06    M    M  7.3 21 230   M    M   7        28 220
15  56  44  50  13  15   0 0.35    M    M  9.7 23 230   M    M   7 1      30 250
16  44  32  38   1  27   0 0.12    M    M  6.6 18 210   M    M   7 12     25 220
17  42  32  37   0  28   0    T    M    M  2.6  7  60   M    M  10 12      8  70
18  42  30  36   0  29   0 0.00    M    M  5.4 16  80   M    M   5 12     20  80
19  43  37  40   4  25   0 0.06    M    M  3.0 12 120   M    M  10 1      13 120
20  46  35  41   5  24   0 0.09    M    M  2.3 14 210   M    M   8 1      18 220
21  49  38  44   9  21   0 0.00    M    M  1.6 13 230   M    M   9        16 210
22  50  36  43   8  22   0 0.00    M    M  3.7 12 210   M    M   4        14 190
23  44  36  40   5  25   0 0.18    M    M  4.8 17 230   M    M   8 1      23 230
24  49  34  42   8  23   0 0.00    M    M  9.0 21 150   M    M   8        32 150
25  51  43  47  13  18   0 0.00    M    M  9.5 23 210   M    M  10        32 180
26  57  37  47  13  18   0 0.00    M    M  4.6 13  90   M    M   3        16  90
27  45  31  38   5  27   0 0.10    M    0  7.4 21 220   M    M   8 1      27 220
28  37  33  35   2  30   0 0.18    M    0  3.1 10 210   M    M  10 1      11 230
29  38  33  36   3  29   0 0.00  0.0    0  1.4  9 140   M    M  10 1      11 140
30  40  33  37   5  28   0 0.05    M    0  3.4 13 220   M    M  10 1      16 210
================================================================================
SM 1570 1137       589   0  1.58     0.0 128.9          M      176
================================================================================
AV 52.3 37.9                               4.3 FASTST   M    M   6    MAX(MPH)
                                 MISC ---->  # 26 230               # 34  240
================================================================================
NOTES:
# LAST OF SEVERAL OCCURRENCES

COLUMN 17 PEAK WIND IN M.P.H.

PRELIMINARY LOCAL CLIMATOLOGICAL DATA (WS FORM: F-6) , PAGE 2

                                          STATION:  SPOKANE WA FELTS AIRPORT
                                          MONTH:    NOVEMBER
                                          YEAR:     2016
                                          LATITUDE:   47 40 N
                                          LONGITUDE: 117 20 W

[TEMPERATURE DATA]      [PRECIPITATION DATA]       SYMBOLS USED IN COLUMN 16

AVERAGE MONTHLY: 45.1   TOTAL FOR MONTH:   1.58    1 = FOG OR MIST
DPTR FM NORMAL:   8.0   DPTR FM NORMAL:   -0.69    2 = FOG REDUCING VISIBILITY
HIGHEST:    65 ON  8, 5 GRTST 24HR  0.36 ON 14-15      TO 1/4 MILE OR LESS
LOWEST:     30 ON 18                               3 = THUNDER
                        SNOW, ICE PELLETS, HAIL    4 = ICE PELLETS
                        TOTAL MONTH:   0.0 INCH    5 = HAIL
                        GRTST 24HR     0.0         6 = FREEZING RAIN OR DRIZZLE
                        GRTST DEPTH:   0           7 = DUSTSTORM OR SANDSTORM:
                                                       VSBY 1/2 MILE OR LESS
                                                   8 = SMOKE OR HAZE
[NO. OF DAYS WITH]      [WEATHER - DAYS WITH]      9 = BLOWING SNOW
                                                   X = TORNADO
MAX 32 OR BELOW:   0    0.01 INCH OR MORE:  13
MAX 90 OR ABOVE:   0    0.10 INCH OR MORE:   7
MIN 32 OR BELOW:   4    0.50 INCH OR MORE:   0
MIN  0 OR BELOW:   0    1.00 INCH OR MORE:   0

[HDD (BASE 65) ]
TOTAL THIS MO.   589    CLEAR  (SCALE 0-3)   9
DPTR FM NORMAL  -248    PTCLDY (SCALE 4-7)  14
TOTAL FM JUL 1  1189    CLOUDY (SCALE 8-10)  7
DPTR FM NORMAL  -385

[CDD (BASE 65) ]
TOTAL THIS MO.     0
DPTR FM NORMAL     0    [PRESSURE DATA]
TOTAL FM JAN 1   480    HIGHEST SLP M ON M
DPTR FM NORMAL    74    LOWEST  SLP 29.47 ON 26

[REMARKS]
#FINAL-11-16#
