000
CXUS56 KOTX 011500
CF6SFF
PRELIMINARY LOCAL CLIMATOLOGICAL DATA (WS FORM: F-6)

                                          STATION:   SPOKANE WA FELTS AIRPORT
                                          MONTH:     NOVEMBER
                                          YEAR:      2013
                                          LATITUDE:   47 40 N
                                          LONGITUDE: 117 20 W

  TEMPERATURE IN F:       :PCPN:    SNOW:  WIND      :SUNSHINE: SKY     :PK WND
================================================================================
1   2   3   4   5  6A  6B    7    8   9   10  11  12  13   14  15   16   17  18
                                     12Z  AVG MX 2MIN
DY MAX MIN AVG DEP HDD CDD  WTR  SNW DPTH SPD SPD DIR MIN PSBL S-S WX    SPD DR
================================================================================

 1  55  30  43   1  22   0 0.00    M    M  1.1  7 230   M    M   4 128    10 210
 2  54  39  47   5  18   0 0.31    M    M 12.2 33 230   M    M   9 1      46 240
 3  44  32  38  -3  27   0 0.03    M    M  6.9 20 220   M    M   9 1      24 250
 4  39  29  34  -7  31   0 0.00    M    M  1.5  7 190   M    M   9 1       8 190
 5  36  31  34  -7  31   0 0.17    M    M  1.5  7  60   M    M   9 12      8 120
 6  41  35  38  -2  27   0 0.00    M    M  0.6  6  10   M    M  10 1       8  10
 7  47  36  42   2  23   0 0.44    M    M  4.6 21 240   M    M  10 1      26 240
 8  50  35  43   3  22   0    T    M    M  7.4 18 230   M    M   6 1      23 220
 9  48  31  40   1  25   0 0.01    M    M  1.3  9 120   M    M   7 12     12 120
10  46  40  43   4  22   0 0.00    M    M  0.5  6 350   M    M  10         9 360
11  54  35  45   6  20   0 0.00    M    M  1.6 10 110   M    M   2 1      13 100
12  48  34  41   3  24   0    T    M    M  1.0  7 220   M    M   5 12      9 290
13  46  40  43   5  22   0 0.02    M    M  3.4 13 200   M    M  10 18     15 200
14  46  34  40   2  25   0 0.00    M    M  2.8 12 230   M    M   7 18     15 220
15  40  35  38   1  27   0 0.17    M    M  9.5 20 210   M    M  10 1      25 220
16  45  33  39   2  26   0 0.07    M    M  6.8 23 240   M    M   8 1      28 240
17  47  31  39   2  26   0    T    M    M  6.7 17 220   M    M   7        24 210
18  50  43  47  11  18   0 0.10    M    M  8.0 20 210   M    M   7        29 230
19  56  39  48  12  17   0 0.02    M    M 13.5 29 220   M    M   6        38 240
20  39  22  31  -5  34   0 0.00    M    M  6.4 15 320   M    M   2        22 340
21  36  15  26  -9  39   0 0.00    M    M  0.3  5  60   M    M   0         6 340
22  37  17  27  -8  38   0 0.00    M    M  0.4  6  60   M    M   0         7  20
23  37  19  28  -7  37   0 0.00    M    M  0.4  6 220   M    M   0         8 230
24  40  20  30  -4  35   0 0.00    M    M  0.4  5 230   M    M   1 18      7 230
25  42  23  33  -1  32   0 0.00    M    M  0.1  5  10   M    M   0 18      6  20
26  42  24  33  -1  32   0 0.00    M    M  0.1  5 260   M    M   0 1       6  90
27  40  24  32  -1  33   0 0.00    M    M  1.1 10 120   M    M   4 12     15 110
28  40  23  32  -1  33   0 0.00    M    M  0.9  9 100   M    M   2 1      12 100
29  33  27  30  -3  35   0 0.04    M    M  1.2  8  90   M    M  10 12      9 100
30  38  29  34   2  31   0 0.01    M    M  1.0 10 240   M    M  10 18     14 240
================================================================================
SM 1316  905       832   0  1.39    M    103.2          M      174
================================================================================
AV 43.9 30.2                               3.4 FASTST   M    M   6    MAX(MPH)
                                 MISC ---->  # 33 230               # 46  240
================================================================================
NOTES:
# LAST OF SEVERAL OCCURRENCES

COLUMN 17 PEAK WIND IN M.P.H.

PRELIMINARY LOCAL CLIMATOLOGICAL DATA (WS FORM: F-6) , PAGE 2

                                          STATION:  SPOKANE WA FELTS AIRPORT
                                          MONTH:    NOVEMBER
                                          YEAR:     2013
                                          LATITUDE:   47 40 N
                                          LONGITUDE: 117 20 W

[TEMPERATURE DATA]      [PRECIPITATION DATA]       SYMBOLS USED IN COLUMN 16

AVERAGE MONTHLY: 37.0   TOTAL FOR MONTH:   1.39    1 = FOG OR MIST
DPTR FM NORMAL:  -0.1   DPTR FM NORMAL:   -0.88    2 = FOG REDUCING VISIBILITY
HIGHEST:    56 ON 19    GRTST 24HR  0.44 ON  7- 7      TO 1/4 MILE OR LESS
LOWEST:     15 ON 21                               3 = THUNDER
                        SNOW, ICE PELLETS, HAIL    4 = ICE PELLETS
                        TOTAL MONTH:    M          5 = HAIL
                        GRTST 24HR    M  ON   M    6 = FREEZING RAIN OR DRIZZLE
                        GRTST DEPTH:  M  ON   M    7 = DUSTSTORM OR SANDSTORM:
                                                       VSBY 1/2 MILE OR LESS
                                                   8 = SMOKE OR HAZE
[NO. OF DAYS WITH]      [WEATHER - DAYS WITH]      9 = BLOWING SNOW
                                                   X = TORNADO
MAX 32 OR BELOW:   0    0.01 INCH OR MORE:  12
MAX 90 OR ABOVE:   0    0.10 INCH OR MORE:   5
MIN 32 OR BELOW:  17    0.50 INCH OR MORE:   0
MIN  0 OR BELOW:   0    1.00 INCH OR MORE:   0

[HDD (BASE 65) ]
TOTAL THIS MO.   832    CLEAR  (SCALE 0-3)   9
DPTR FM NORMAL    -5    PTCLDY (SCALE 4-7)  10
TOTAL FM JUL 1  1526    CLOUDY (SCALE 8-10) 11
DPTR FM NORMAL   -48

[CDD (BASE 65) ]
TOTAL THIS MO.     0
DPTR FM NORMAL     0    [PRESSURE DATA]
TOTAL FM JAN 1   704    HIGHEST SLP 30.84 ON 22
DPTR FM NORMAL   298    LOWEST  SLP 29.19 ON 16

[REMARKS]
#FINAL-11-13#
