000
CXUS56 KOTX 020557
CF6SFF
PRELIMINARY LOCAL CLIMATOLOGICAL DATA (WS FORM: F-6)

                                          STATION:   SPOKANE WA FELTS AIRPORT
                                          MONTH:     AUGUST
                                          YEAR:      2013
                                          LATITUDE:   47 40 N
                                          LONGITUDE: 117 20 W

  TEMPERATURE IN F:       :PCPN:    SNOW:  WIND      :SUNSHINE: SKY     :PK WND
================================================================================
1   2   3   4   5  6A  6B    7    8   9   10  11  12  13   14  15   16   17  18
                                     12Z  AVG MX 2MIN
DY MAX MIN AVG DEP HDD CDD  WTR  SNW DPTH SPD SPD DIR MIN PSBL S-S WX    SPD DR
================================================================================

 1  75  57  66  -6   0   1 0.25    M    M  2.5 16 220   M    M   4        21 220
 2  63  57  60 -12   5   0 0.82    M    M  4.0 13 220   M    M  10 1      15 210
 3  77  58  68  -4   0   3 0.01    M    M  1.7  9 330   M    M   6 1      15 330
 4  85  56  71   0   0   6 0.00    M    M  1.1  8 120   M    M   1 1      10 130
 5  89  58  74   3   0   9 0.00    M    M  1.7 12  10   M    M   1        17  10
 6  91  58  75   4   0  10 0.00    M    M  2.4  9 140   M    M   1        14  90
 7  93  59  76   5   0  11 0.00    M    M  2.9 14 210   M    M   0        20 230
 8  93  56  75   4   0  10 0.00    M    M  2.3  7 350   M    M   0 8      12 150
 9  94  60  77   6   0  12 0.31    M    M  3.7 22 130   M    M   0 3      30 120
10  92  63  78   7   0  13 0.07    M    M  3.3 16 220   M    M   2 3      23 230
11  90  65  78   7   0  13    T    M    M  3.7 14 130   M    M   1        17 240
12  91  60  76   6   0  11    T    M    M  1.0  8 240   M    M   0        12 280
13  91  61  76   6   0  11    T    M    M  2.0  8  80   M    M   1 8      13 150
14  94  57  76   6   0  11 0.00    M    M  2.3 10  60   M    M   0        14 100
15  92  60  76   6   0  11 0.00    M    M  2.2 10 290   M    M   0 8      14 310
16  88  61  75   5   0  10 0.00    M    M  3.5 14 340   M    M   1        20 350
17  90  60  75   6   0  10 0.00    M    M  5.5 20 230   M    M   1 8      26 220
18  87  59  73   4   0   8 0.00    M    M  6.2 17 220   M    M   0        24 230
19  87  59  73   4   0   8 0.00    M    M  6.7 22 230   M    M   0        28 230
20  85  55  70   1   0   5 0.00    M    M  3.8 14 230   M    M   0        21 250
21  89  49  69   1   0   4 0.00    M    M  2.1  9  20   M    M   0        14  20
22  92  53  73   5   0   8 0.00    M    M  2.2 15 230   M    M   0 8      20 250
23  84  61  73   5   0   8 0.00    M    M  4.6 16 230   M    M   4        23 230
24  85  56  71   3   0   6    T    M    M  3.0 10 250   M    M   2 8      13 260
25  86  60  73   5   0   8 0.25    M    M  3.0 29 250   M    M   3 38     41 250
26  81  56  69   2   0   4 0.00    M    M  3.3 13 240   M    M   2        17 240
27  86  54  70   3   0   5 0.00    M    M  2.3  7 300   M    M   1 8      12  90
28  87  56  72   5   0   7 0.00    M    M  2.8 16 220   M    M   0 8      20 220
29  86  56  71   5   0   6    T    M    M  2.3 18 230   M    M   2 8      24 240
30  83  57  70   4   0   5 0.01    M    M  4.7 21 220   M    M   3        29 220
31  87  50  69   3   0   4 0.00    M    M  1.5  8 100   M    M   0 8      12 110
================================================================================
SM 2693 1787         5 238  1.72    M     94.3          M       46
================================================================================
AV 86.9 57.6                               3.0 FASTST   M    M   1    MAX(MPH)
                                 MISC ---->  # 29 250               # 41  250
================================================================================
NOTES:
# LAST OF SEVERAL OCCURRENCES

COLUMN 17 PEAK WIND IN M.P.H.

PRELIMINARY LOCAL CLIMATOLOGICAL DATA (WS FORM: F-6) , PAGE 2

                                          STATION:  SPOKANE WA FELTS AIRPORT
                                          MONTH:    AUGUST
                                          YEAR:     2013
                                          LATITUDE:   47 40 N
                                          LONGITUDE: 117 20 W

[TEMPERATURE DATA]      [PRECIPITATION DATA]       SYMBOLS USED IN COLUMN 16

AVERAGE MONTHLY: 72.3   TOTAL FOR MONTH:   1.72    1 = FOG OR MIST
DPTR FM NORMAL:   3.0   DPTR FM NORMAL:    1.02    2 = FOG REDUCING VISIBILITY
HIGHEST:    94 ON 14, 9 GRTST 24HR  1.06 ON  1- 2      TO 1/4 MILE OR LESS
LOWEST:     49 ON 21                               3 = THUNDER
                        SNOW, ICE PELLETS, HAIL    4 = ICE PELLETS
                        TOTAL MONTH:    M          5 = HAIL
                        GRTST 24HR    M  ON   M    6 = FREEZING RAIN OR DRIZZLE
                        GRTST DEPTH:  M  ON   M    7 = DUSTSTORM OR SANDSTORM:
                                                       VSBY 1/2 MILE OR LESS
                                                   8 = SMOKE OR HAZE
[NO. OF DAYS WITH]      [WEATHER - DAYS WITH]      9 = BLOWING SNOW
                                                   X = TORNADO
MAX 32 OR BELOW:   0    0.01 INCH OR MORE:   7
MAX 90 OR ABOVE:  12    0.10 INCH OR MORE:   4
MIN 32 OR BELOW:   0    0.50 INCH OR MORE:   1
MIN  0 OR BELOW:   0    1.00 INCH OR MORE:   0

[HDD (BASE 65) ]
TOTAL THIS MO.     5    CLEAR  (SCALE 0-3)  25
DPTR FM NORMAL   -20    PTCLDY (SCALE 4-7)   5
TOTAL FM JUL 1     5    CLOUDY (SCALE 8-10)  1
DPTR FM NORMAL   -41

[CDD (BASE 65) ]
TOTAL THIS MO.   238
DPTR FM NORMAL    80    [PRESSURE DATA]
TOTAL FM JAN 1   603    HIGHEST SLP 30.11 ON 30
DPTR FM NORMAL   227    LOWEST  SLP 29.71 ON 24

[REMARKS]
#FINAL-08-13#
