000
CXUS53 KSGF 190710
CF6SGF
PRELIMINARY LOCAL CLIMATOLOGICAL DATA (WS FORM: F-6)
STATION: SPRINGFIELD MO
MONTH: APRIL
YEAR: 2024
LATITUDE: 37 13 N
LONGITUDE: 93 23 W
TEMPERATURE IN F: :PCPN: SNOW: WIND :SUNSHINE: SKY :PK WND
================================================================================
1 2 3 4 5 6A 6B 7 8 9 10 11 12 13 14 15 16 17 18
12Z AVG MX 2MIN
DY MAX MIN AVG DEP HDD CDD WTR SNW DPTH SPD SPD DIR MIN PSBL S-S WX SPD DR
================================================================================
1 75 56 66 13 0 1 0.69 0.0 0 10.4 21 150 M M 8 13 30 310
2 60 37 49 -4 16 0 0.51 0.0 0 11.8 22 280 M M 8 13 31 280
3 51 39 45 -8 20 0 0.00 0.0 0 14.2 26 310 M M 4 40 320
4 60 37 49 -5 16 0 0.00 0.0 0 10.1 23 340 M M 0 34 330
5 66 33 50 -4 15 0 0.00 0.0 0 5.7 13 100 M M 0 17 100
6 69 46 58 4 7 0 0.00 0.0 0 21.6 30 140 M M 0 43 140
7 71 48 60 6 5 0 T 0.0 0 14.9 30 220 M M 4 41 220
8 79 41 60 5 5 0 0.00 0.0 0 9.1 24 190 M M 0 31 200
9 71 53 62 7 3 0 0.11 0.0 0 8.9 16 30 M M 6 20 90
10 60 50 55 0 10 0 0.91 0.0 0 12.8 29 10 M M 9 18 38 360
11 62 49 56 0 9 0 0.00 0.0 0 14.2 28 310 M M 4 39 320
12 67 44 56 0 9 0 0.00 0.0 0 9.4 23 330 M M 0 33 320
13 82 47 65 9 0 0 0.00 0.0 0 13.2 26 220 M M 0 40 230
14 83 60 72 15 0 7 0.00 0.0 0 11.2 20 220 M M 0 31 200
15 82 59 71 14 0 6 T 0.0 0 11.1 25 150 M M 0 36 160
16 79 65 72 15 0 7 T 0.0 0 18.8 32 200 M M 4 3 50 200
17 81 60 71 13 0 6 0.00 0.0 0 9.4 17 280 M M 0 28 240
18 80 50 65 7 0 0 T 0.0 0 15.3 25 330 M M 5 33 10
================================================================================
SM 1278 874 115 27 2.22 0.0 222.1 M 52
================================================================================
AV 71.0 48.6 12.3 FASTST M M 3 MAX(MPH)
MISC ----> 32 200 50 200
================================================================================
NOTES:
# LAST OF SEVERAL OCCURRENCES
COLUMN 17 PEAK WIND IN M.P.H.
PRELIMINARY LOCAL CLIMATOLOGICAL DATA (WS FORM: F-6) , PAGE 2
STATION: SPRINGFIELD MO
MONTH: APRIL
YEAR: 2024
LATITUDE: 37 13 N
LONGITUDE: 93 23 W
[TEMPERATURE DATA] [PRECIPITATION DATA] SYMBOLS USED IN COLUMN 16
AVERAGE MONTHLY: 59.8 TOTAL FOR MONTH: 2.22 1 = FOG OR MIST
DPTR FM NORMAL: 4.5 DPTR FM NORMAL: -0.25 2 = FOG REDUCING VISIBILITY
HIGHEST: 83 ON 14 GRTST 24HR 1.20 ON 1- 2 TO 1/4 MILE OR LESS
LOWEST: 33 ON 5 3 = THUNDER
SNOW, ICE PELLETS, HAIL 4 = ICE PELLETS
TOTAL MONTH: 0.0 INCH 5 = HAIL
GRTST 24HR 0.0 6 = FREEZING RAIN OR DRIZZLE
GRTST DEPTH: 0 7 = DUSTSTORM OR SANDSTORM:
VSBY 1/2 MILE OR LESS
8 = SMOKE OR HAZE
[NO. OF DAYS WITH] [WEATHER - DAYS WITH] 9 = BLOWING SNOW
X = TORNADO
MAX 32 OR BELOW: 0 0.01 INCH OR MORE: 4
MAX 90 OR ABOVE: 0 0.10 INCH OR MORE: 4
MIN 32 OR BELOW: 0 0.50 INCH OR MORE: 3
MIN 0 OR BELOW: 0 1.00 INCH OR MORE: 0
[HDD (BASE 65) ]
TOTAL THIS MO. 115 CLEAR (SCALE 0-3) 9
DPTR FM NORMAL -73 PTCLDY (SCALE 4-7) 7
TOTAL FM JUL 1 3485 CLOUDY (SCALE 8-10) 2
DPTR FM NORMAL -621
[CDD (BASE 65) ]
TOTAL THIS MO. 27
DPTR FM NORMAL 11 [PRESSURE DATA]
TOTAL FM JAN 1 37 HIGHEST SLP M ON M
DPTR FM NORMAL 15 LOWEST SLP 29.50 ON 2
[REMARKS]