000
CXUS53 KSGF 010644
CLMSGF
CLIMATE REPORT
NATIONAL WEATHER SERVICE
144 AM CDT SAT APR 01 2023
...................................
...THE SPRINGFIELD MO CLIMATE SUMMARY FOR THE MONTH OF MARCH 2023...
CLIMATE NORMAL PERIOD: 1991 TO 2020
CLIMATE RECORD PERIOD: 1888 TO 2023
WEATHER OBSERVED NORMAL DEPART LAST YEAR`S
VALUE DATE(S) VALUE FROM VALUE
NORMAL
..............................................................
TEMPERATURE (F)
RECORD
HIGH 92 03/20/1907
LOW -8 03/07/1943
HIGHEST 80 03/31 57 23 77
LOWEST 17 03/19 34 -17 10
AVG. MAXIMUM 55.8 58.9 -3.1 58.9
AVG. MINIMUM 35.5 36.2 -0.7
MEAN 45.7 47.6 -1.9
DAYS MAX >= 90 0 0.0 0.0
DAYS MAX <= 32 0 0.7 -0.7
DAYS MIN <= 32 12 12.0 0.0
DAYS MIN <= 0 0 0.0 0.0
PRECIPITATION (INCHES)
RECORD
MAXIMUM 9.40 2008
MINIMUM 0.50 1956
TOTALS 6.78 3.51 3.27 3.88
DAILY AVG. 0.22 0.11 0.11
DAYS >= .01 13 10.7 2.3
DAYS >= .10 10 6.7 3.3
DAYS >= .50 5 2.3 2.7
DAYS >= 1.00 3 0.8 2.2
GREATEST
24 HR. TOTAL 2.56 03/23 TO 03/24 1.16
DEGREE DAYS
HEATING TOTAL 594 546 48 536
SINCE 7/1 3714 3917 -203 MM
COOLING TOTAL 2 5 -3 0
SINCE 1/1 2 6 -4 MM
FREEZE DATES
RECORD
EARLIEST 05/19/1894
LATEST 09/24/1989
EARLIEST 10/17
LATEST 04/19
..............................................................
WIND (MPH)
AVERAGE WIND SPEED 11.8
RESULTANT WIND SPEED/DIRECTION 2/170
HIGHEST WIND SPEED/DIRECTION 36/250 DATE 03/31
HIGHEST GUST SPEED/DIRECTION 53/230 DATE 03/31
SKY COVER
POSSIBLE SUNSHINE (PERCENT) MM
AVERAGE SKY COVER 0.49
NUMBER OF DAYS FAIR 11
NUMBER OF DAYS PC 11
NUMBER OF DAYS CLOUDY 9
AVERAGE RH (PERCENT) 68
WEATHER CONDITIONS. NUMBER OF DAYS WITH
THUNDERSTORM 5 MIXED PRECIP 0
HEAVY RAIN 6 RAIN 9
LIGHT RAIN 13 FREEZING RAIN 0
LT FREEZING RAIN 0 HAIL 0
HEAVY SNOW 0 SNOW 0
LIGHT SNOW 0 SLEET 0
FOG 16 FOG W/VIS <= 1/4 MILE 1
HAZE 2
- INDICATES NEGATIVE NUMBERS.
R INDICATES RECORD WAS SET OR TIED.
MM INDICATES DATA IS MISSING.
T INDICATES TRACE AMOUNT.
$$