000
CXUS55 KBYZ 011100
CF6SHR
PRELIMINARY LOCAL CLIMATOLOGICAL DATA (WS FORM: F-6)
STATION: SHERIDAN WY
MONTH: DECEMBER
YEAR: 2023
LATITUDE: 44 46 N
LONGITUDE: 106 58 W
TEMPERATURE IN F: :PCPN: SNOW: WIND :SUNSHINE: SKY :PK WND
================================================================================
1 2 3 4 5 6A 6B 7 8 9 10 11 12 13 14 15 16 17 18
12Z AVG MX 2MIN
DY MAX MIN AVG DEP HDD CDD WTR SNW DPTH SPD SPD DIR MIN PSBL S-S WX SPD DR
================================================================================
1 35 15 25 -3 40 0 0.00 M M 3.4 10 320 M M 5 12 150
2 45 18 32 5 33 0 0.00 M M 5.4 17 270 M M 3 26 280
3 42 24 33 6 32 0 0.00 M M 12.2 36 320 M M 6 49 320
4 50 24 37 10 28 0 0.03 M M 7.6 29 300 M M 6 36 290
5 64 31 48 22 17 0 0.00 M M 3.6 16 240 M M 3 22 240
6 54 33 44 18 21 0 0.00 M M 2.9 10 350 M M 0 13 10
7 54 33 44 18 21 0 T M M 12.0 35 330 M M 3 8 47 340
8 42 22 32 6 33 0 T M M 9.8 24 340 M M 5 1 33 350
9 37 14 26 1 39 0 0.04 M M 9.2 23 310 M M 5 18 29 320
10 51 18 35 10 30 0 0.00 M M 2.7 9 220 M M 4 11 210
11 43 25 34 9 31 0 0.01 M M 5.7 22 320 M M 8 1 31 320
12 32 19 26 2 39 0 0.00 M M 3.6 10 320 M M 9 128 15 130
13 42 12 27 3 38 0 0.00 M M 2.0 7 200 M M 1 128 8 360
14 48 17 33 9 32 0 0.00 M M 4.4 15 280 M M 0 18 300
15 50 21 36 12 29 0 0.00 M M 6.9 20 330 M M 0 24 350
16 63 18 41 17 24 0 0.00 M M 2.4 15 40 M M 0 21 30
17 50 20 35 11 30 0 0.00 M M 5.8 22 350 M M 1 29 330
18 57 18 38 14 27 0 0.00 M M 2.0 10 140 M M 0 15 130
19 61 26 44 20 21 0 0.00 M M 3.2 14 120 M M 4 19 140
20 60 26 43 20 22 0 0.00 M M 2.3 9 290 M M 1 11 300
21 58 25 42 19 23 0 0.00 M M 2.3 8 200 M M 0 12 220
22 61 25 43 20 22 0 0.00 M M 2.3 10 150 M M 0 14 160
23 42 25 34 11 31 0 0.02 M M 13.4 33 310 M M 5 18 49 310
24 33 8 21 -2 44 0 0.00 M M 7.5 20 300 M M 1 23 300
25 35 7 21 -2 44 0 0.00 M M 2.9 17 310 M M 0 21 330
26 49 19 34 11 31 0 0.00 M M 4.9 17 280 M M 0 22 280
27 49 17 33 10 32 0 0.00 M M 2.8 10 290 M M 0 14 290
28 49 13 31 8 34 0 0.00 M M 0.8 8 290 M M 0 9 290
29 54 21 38 15 27 0 0.00 M M 1.8 8 330 M M 2 8 340
30 52 21 37 14 28 0 0.00 M M 2.7 8 340 M M 0 9 350
31 46 16 31 8 34 0 0.00 M M 0.7 6 280 M M 0 6 70
================================================================================
SM 1508 631 937 0 0.10 M 149.2 M 72
================================================================================
AV 48.6 20.4 4.8 FASTST M M 2 MAX(MPH)
MISC ----> 36 320 # 49 320
================================================================================
NOTES:
# LAST OF SEVERAL OCCURRENCES
COLUMN 17 PEAK WIND IN M.P.H.
PRELIMINARY LOCAL CLIMATOLOGICAL DATA (WS FORM: F-6) , PAGE 2
STATION: SHERIDAN WY
MONTH: DECEMBER
YEAR: 2023
LATITUDE: 44 46 N
LONGITUDE: 106 58 W
[TEMPERATURE DATA] [PRECIPITATION DATA] SYMBOLS USED IN COLUMN 16
AVERAGE MONTHLY: 34.5 TOTAL FOR MONTH: 0.10 1 = FOG OR MIST
DPTR FM NORMAL: 10.0 DPTR FM NORMAL: -0.44 2 = FOG REDUCING VISIBILITY
HIGHEST: 64 ON 5 GRTST 24HR 0.04 ON 8- 9 TO 1/4 MILE OR LESS
LOWEST: 7 ON 25 3 = THUNDER
SNOW, ICE PELLETS, HAIL 4 = ICE PELLETS
TOTAL MONTH: M 5 = HAIL
GRTST 24HR M ON M 6 = FREEZING RAIN OR DRIZZLE
GRTST DEPTH: M ON M 7 = DUSTSTORM OR SANDSTORM:
VSBY 1/2 MILE OR LESS
8 = SMOKE OR HAZE
[NO. OF DAYS WITH] [WEATHER - DAYS WITH] 9 = BLOWING SNOW
X = TORNADO
MAX 32 OR BELOW: 1 0.01 INCH OR MORE: 4
MAX 90 OR ABOVE: 0 0.10 INCH OR MORE: 0
MIN 32 OR BELOW: 29 0.50 INCH OR MORE: 0
MIN 0 OR BELOW: 0 1.00 INCH OR MORE: 0
[HDD (BASE 65) ]
TOTAL THIS MO. 937 CLEAR (SCALE 0-3) 19
DPTR FM NORMAL -320 PTCLDY (SCALE 4-7) 11
TOTAL FM JUL 1 2461 CLOUDY (SCALE 8-10) 1
DPTR FM NORMAL -629
[CDD (BASE 65) ]
TOTAL THIS MO. 0
DPTR FM NORMAL 0 [PRESSURE DATA]
TOTAL FM JAN 1 385 HIGHEST SLP 30.51 ON 13
DPTR FM NORMAL -57 LOWEST SLP 29.46 ON 7
[REMARKS]
#FINAL-12-23#