000
CXUS51 KBTV 010700
CF6SLK
PRELIMINARY LOCAL CLIMATOLOGICAL DATA (WS FORM: F-6)
STATION: SARANAC LAKE NY
MONTH: MARCH
YEAR: 2023
LATITUDE: 44 23 N
LONGITUDE: 74 12 W
TEMPERATURE IN F: :PCPN: SNOW: WIND :SUNSHINE: SKY :PK WND
================================================================================
1 2 3 4 5 6A 6B 7 8 9 10 11 12 13 14 15 16 17 18
12Z AVG MX 2MIN
DY MAX MIN AVG DEP HDD CDD WTR SNW DPTH SPD SPD DIR MIN PSBL S-S WX SPD DR
================================================================================
1 35 24 30 11 35 0 0.01 M M 4.2 15 190 M M 9 1 18 190
2 35 26 31 12 34 0 0.02 M M 4.5 12 270 M M 10 18 18 250
3 40 2 21 2 44 0 0.04 M M 4.4 20 170 M M 4 12 27 170
4 32 26 29 9 36 0 0.17 M M 6.9 20 100 M M 10 18 28 100
5 36 25 31 11 34 0 T M M 3.9 13 290 M M 10 18 19 290
6 36 19 28 8 37 0 0.00 M M 3.9 13 290 M M 0 23 290
7 25 16 21 1 44 0 T M M 5.1 12 320 M M 8 8 22 300
8 26 16 21 0 44 0 T M M 4.3 9 260 M M 10 18 14 290
9 31 13 22 1 43 0 0.00 M M 3.4 8 320 M M 10 18 12 270
10 39 0 20 -2 45 0 M M M 4.0 16 50 M M 1 1 19 50
11 36 10 23 1 42 0 0.00 M M 4.8 14 30 M M 3 20 20
12 43 -1 21 -1 44 0 0.00 M M 2.2 13 60 M M 0 16 70
13 36 28 32 9 33 0 0.01 M M 5.6 15 160 M M 10 1 19 150
14 32 28 30 7 35 0 0.46 M M 9.7 18 40 M M 10 128 25 40
15 31 11 21 -2 44 0 0.03 M M 5.4 12 340 M M 6 18 23 350
16 34 2 18 -6 47 0 0.01 M M 3.5 15 220 M M 8 18 19 210
17 43 24 34 10 31 0 0.14 M M 7.0 17 230 M M 9 1 25 240
18 34 20 27 2 38 0 0.04 M M 10.1 16 240 M M 8 12 31 220
19 22 7 15 -10 50 0 0.02 M M 10.9 23 240 M M 8 128 34 230
20 38 22 30 5 35 0 0.00 M M 11.4 21 230 M M 8 8 30 240
21 42 18 30 4 35 0 0.00 M M 5.3 17 230 M M 6 26 230
22 47 15 31 5 34 0 0.00 M M 5.4 12 70 M M 5 M M
23 43 34 39 12 26 0 0.32 M M 3.9 12 230 M M 10 1 18 280
24 37 21 29 2 36 0 0.00 M M 4.0 9 280 M M 5 M M
25 37 14 26 -2 39 0 0.11 M M 6.5 23 160 M M 6 16 32 170
26 37 24 31 3 34 0 0.06 M M 10.9 23 250 M M 9 18 39 230
27 42 12 27 -1 38 0 0.01 M M 1.4 9 210 M M 5 1 12 240
28 36 17 27 -2 38 0 T M M 1.7 14 270 M M 6 12 21 290
29 43 10 27 -3 38 0 0.07 M M 9.0 26 210 M M 5 18 34 210
30 28 11 20 -10 45 0 T M M 7.1 17 250 M M 5 8 26 250
31 38 3 21 -9 44 0 0.27 M M 3.5 20 200 M M 5 128 24 200
================================================================================
SM 1114 497 1202 0 1.79 M 173.9 M 209
================================================================================
AV 35.9 16.0 5.6 FASTST M M 7 MAX(MPH)
MISC ----> 26 210 39 230
================================================================================
NOTES:
# LAST OF SEVERAL OCCURRENCES
COLUMN 17 PEAK WIND IN M.P.H.
PRELIMINARY LOCAL CLIMATOLOGICAL DATA (WS FORM: F-6) , PAGE 2
STATION: SARANAC LAKE NY
MONTH: MARCH
YEAR: 2023
LATITUDE: 44 23 N
LONGITUDE: 74 12 W
[TEMPERATURE DATA] [PRECIPITATION DATA] SYMBOLS USED IN COLUMN 16
AVERAGE MONTHLY: 26.0 TOTAL FOR MONTH: 1.79 1 = FOG OR MIST
DPTR FM NORMAL: 1.9 DPTR FM NORMAL: -0.25 2 = FOG REDUCING VISIBILITY
HIGHEST: 47 ON 22 GRTST 24HR 0.46 ON 14-14 TO 1/4 MILE OR LESS
LOWEST: -1 ON 12 3 = THUNDER
SNOW, ICE PELLETS, HAIL 4 = ICE PELLETS
TOTAL MONTH: M 5 = HAIL
GRTST 24HR M ON M 6 = FREEZING RAIN OR DRIZZLE
GRTST DEPTH: M ON M 7 = DUSTSTORM OR SANDSTORM:
VSBY 1/2 MILE OR LESS
8 = SMOKE OR HAZE
[NO. OF DAYS WITH] [WEATHER - DAYS WITH] 9 = BLOWING SNOW
X = TORNADO
MAX 32 OR BELOW: 8 0.01 INCH OR MORE: 17
MAX 90 OR ABOVE: 0 0.10 INCH OR MORE: 6
MIN 32 OR BELOW: 30 0.50 INCH OR MORE: 0
MIN 0 OR BELOW: 2 1.00 INCH OR MORE: 0
[HDD (BASE 65) ]
TOTAL THIS MO. 1202 CLEAR (SCALE 0-3) 3
DPTR FM NORMAL -67 PTCLDY (SCALE 4-7) 14
TOTAL FM JUL 1 6985 CLOUDY (SCALE 8-10) 14
DPTR FM NORMAL -861
[CDD (BASE 65) ]
TOTAL THIS MO. 0
DPTR FM NORMAL 0 [PRESSURE DATA]
TOTAL FM JAN 1 0 HIGHEST SLP M ON M
DPTR FM NORMAL 0 LOWEST SLP 29.43 ON 4
[REMARKS]
#FINAL-03-23#