000
CXUS53 KICT 010800
CF6SLN
PRELIMINARY LOCAL CLIMATOLOGICAL DATA (WS FORM: F-6)

                                          STATION:   SALINA KS
                                          MONTH:     MARCH
                                          YEAR:      2014
                                          LATITUDE:   38 47 N
                                          LONGITUDE:  97 39 W

  TEMPERATURE IN F:       :PCPN:    SNOW:  WIND      :SUNSHINE: SKY     :PK WND
================================================================================
1   2   3   4   5  6A  6B    7    8   9   10  11  12  13   14  15   16   17  18
                                     12Z  AVG MX 2MIN
DY MAX MIN AVG DEP HDD CDD  WTR  SNW DPTH SPD SPD DIR MIN PSBL S-S WX    SPD DR
================================================================================

 1  27   6  17 -23  48   0 0.13    M    M 17.9 26 360   M    M   9 145689 31  10
 2   9   3   6 -35  59   0    T    M    M 17.1 25 350   M    M   8 89     31  10
 3  20   0  10 -31  55   0 0.00    M    M  9.4 16 180   M    M   0        24 170
 4  38  12  25 -16  40   0 0.00    M    M  9.9 20 170   M    M   0        23 170
 5  36  27  32 -10  33   0    T    M    M  9.2 18 360   M    M   6 18     22 340
 6  44  27  36  -6  29   0 0.00    M    M 11.2 22 170   M    M   7 128    30 190
 7  56  31  44   2  21   0    T    M    M 10.8 29  10   M    M   4 18     37  10
 8  45  24  35  -8  30   0    T    M    M 13.6 24 360   M    M   5        29 350
 9  69  22  46   3  19   0 0.00    M    M 14.0 29 210   M    M   0        35 220
10  81  36  59  15   6   0 0.00    M    M  7.8 23 210   M    M   0 8      26 200
11  67  33  50   6  15   0 0.05    M    M 19.7 43 350   M    M   3 18     50 350
12  60  28  44   0  21   0 0.00    M    M 12.7 31 330   M    M   2        38 320
13  73  28  51   6  14   0 0.00    M    M 12.3 29 200   M    M   0        37 210
14  67  34  51   6  14   0 0.00    M    M 10.9 28 210   M    M   0        34 220
15  76  33  55  10  10   0    T    M    M 14.0 37 360   M    M   1        46 350
16  47  24  36 -10  29   0    T    M    M 16.8 35 360   M    M   4 8      42 360
17  64  21  43  -3  22   0 0.00    M    M 17.2 29 170   M    M   0        37 170
18  62  35  49   3  16   0    T    M    M 19.7 33 330   M    M   2 1      39 320
19  59  28  44  -2  21   0    T    M    M 12.4 29 340   M    M   3        36 320
20  74  28  51   4  14   0 0.00    M    M  9.2 25 230   M    M   0        30 230
21  66  39  53   6  12   0 0.00    M    M 17.0 31 350   M    M   0        37 350
22  46  27  37 -11  28   0    T    M    M 17.0 26  10   M    M   4        34  30
23  46  16  31 -17  34   0    T    M    M  8.3 15 350   M    M   2         M  M
24  51  28  40  -8  25   0 0.02    M    M  7.2 18 360   M    M   5 1      25 360
25  47  25  36 -12  29   0 0.00    M    M  9.3 21 350   M    M   4        24 350
26  59  32  46  -3  19   0 0.10    M    M 24.6 46 190   M    M   4 18     57 200
27  65  33  49   0  16   0    T    M    M 20.5 33 310   M    M   3        41 320
28  55  28  42  -7  23   0    T    M    M  5.1 14 330   M    M   3        18 330
29  65  25  45  -5  20   0 0.00    M    M  8.1 15 160   M    M   0 18     20 160
30  77  49  63  13   2   0 0.00    M    M 24.1 38 190   M    M   0 8      47 200
31  72  36  54   4  11   0 0.00    M    M 24.2 39 260   M    M   4        49 210
================================================================================
SM 1723  818       735   0  0.30    M    431.2          M       83
================================================================================
AV 55.6 26.4                              13.9 FASTST   M    M   3    MAX(MPH)
                                 MISC ---->  # 46 190               # 57  200
================================================================================
NOTES:
# LAST OF SEVERAL OCCURRENCES

COLUMN 17 PEAK WIND IN M.P.H.

PRELIMINARY LOCAL CLIMATOLOGICAL DATA (WS FORM: F-6) , PAGE 2

                                          STATION:  SALINA KS
                                          MONTH:    MARCH
                                          YEAR:     2014
                                          LATITUDE:   38 47 N
                                          LONGITUDE:  97 39 W

[TEMPERATURE DATA]      [PRECIPITATION DATA]       SYMBOLS USED IN COLUMN 16

AVERAGE MONTHLY: 41.0   TOTAL FOR MONTH:   0.30    1 = FOG OR MIST
DPTR FM NORMAL:  -4.4   DPTR FM NORMAL:   -2.09    2 = FOG REDUCING VISIBILITY
HIGHEST:    81 ON 10    GRTST 24HR  0.13 ON  1- 1      TO 1/4 MILE OR LESS
LOWEST:      0 ON  3                               3 = THUNDER
                        SNOW, ICE PELLETS, HAIL    4 = ICE PELLETS
                        TOTAL MONTH:    M          5 = HAIL
                        GRTST 24HR    M  ON   M    6 = FREEZING RAIN OR DRIZZLE
                        GRTST DEPTH:  M  ON   M    7 = DUSTSTORM OR SANDSTORM:
                                                       VSBY 1/2 MILE OR LESS
                                                   8 = SMOKE OR HAZE
[NO. OF DAYS WITH]      [WEATHER - DAYS WITH]      9 = BLOWING SNOW
                                                   X = TORNADO
MAX 32 OR BELOW:   3    0.01 INCH OR MORE:   4
MAX 90 OR ABOVE:   0    0.10 INCH OR MORE:   2
MIN 32 OR BELOW:  22    0.50 INCH OR MORE:   0
MIN  0 OR BELOW:   1    1.00 INCH OR MORE:   0

[HDD (BASE 65) ]
TOTAL THIS MO.   735    CLEAR  (SCALE 0-3)  19
DPTR FM NORMAL   126    PTCLDY (SCALE 4-7)  10
TOTAL FM JUL 1  4985    CLOUDY (SCALE 8-10)  2
DPTR FM NORMAL   535

[CDD (BASE 65) ]
TOTAL THIS MO.     0
DPTR FM NORMAL    -2    [PRESSURE DATA]
TOTAL FM JAN 1     0    HIGHEST SLP  0.00 ON M
DPTR FM NORMAL    -2    LOWEST  SLP  0.00 ON M

[REMARKS]
#FINAL-03-14#
