000
CXUS53 KICT 010800
CF6SLN
PRELIMINARY LOCAL CLIMATOLOGICAL DATA (WS FORM: F-6)

                                          STATION:   SALINA KS
                                          MONTH:     MAY
                                          YEAR:      2014
                                          LATITUDE:   38 47 N
                                          LONGITUDE:  97 39 W

  TEMPERATURE IN F:       :PCPN:    SNOW:  WIND      :SUNSHINE: SKY     :PK WND
================================================================================
1   2   3   4   5  6A  6B    7    8   9   10  11  12  13   14  15   16   17  18
                                     12Z  AVG MX 2MIN
DY MAX MIN AVG DEP HDD CDD  WTR  SNW DPTH SPD SPD DIR MIN PSBL S-S WX    SPD DR
================================================================================

 1  65  39  52  -8  13   0 0.00    M    M 13.2 28 320   M    M   5        33 330
 2  76  32  54  -7  11   0 0.00    M    M  8.4 20 280   M    M   0        30 320
 3  86  44  65   4   0   0 0.00    M    M  8.6 16  90   M    M   0        20  80
 4  96  50  73  12   0   8 0.00    M    M  7.2 18  10   M    M   0        23 200
 5  83  50  67   5   0   2 0.00    M    M  8.5 17  30   M    M   0        26  40
 6 101  54  78  16   0  13 0.00    M    M 11.2 25 190   M    M   0        35 190
 7  98  68  83  21   0  18    T    M    M 19.7 35 170   M    M   0 38     49 170
 8  79  52  66   3   0   1 0.00    M    M 16.2 32 230   M    M   1        46 220
 9  77  47  62  -1   3   0 0.00    M    M  8.5 24 360   M    M   1        28 360
10  90  58  74  11   0   9    T    M    M  9.8 22 150   M    M   0 3      27 150
11  92  60  76  12   0  11 0.29  0.0    0 19.7 35 160   M    M   4 13     50 190
12  60  47  54 -10  11   0 0.56    M    M 19.3 29 320   M    M  10 138    34 320
13  67  45  56  -8   9   0 0.00    M    M 12.6 26  10   M    M   3        33  10
14  71  40  56  -9   9   0 0.00    M    M  7.6 21 320   M    M   3        27 320
15  67  42  55 -10  10   0 0.00    M    M  8.6 21 330   M    M   3        30 310
16  58  39  49 -16  16   0    T    M    M  7.5 18  90   M    M   5        24 100
17  65  37  51 -15  14   0 0.00    M    M  5.5 17 140   M    M   3 1      21 140
18  79  45  62  -4   3   0 0.00  0.0    0 15.9 29 140   M    M   1        36 140
19  93  65  79  13   0  14 0.00    M    M 23.1 33 190   M    M   0        45 170
20  97  65  81  15   0  16 0.00    M    M 10.1 21 210   M    M   0        27 200
21  90  63  77  10   0  12 0.00    M    M  7.2 15  50   M    M   0        21  50
22  83  64  74   7   0   9 0.02    M    M 11.0 28 360   M    M   4 3      33 360
23  72  62  67  -1   0   2 2.90    M    M  7.2 16 130   M    M   5 13     23 120
24  79  65  72   4   0   7 0.14    M    M  8.4 15 110   M    M   7 1      21 110
25  83  65  74   6   0   9 0.04    M    M 10.6 21 210   M    M   4 3      26 170
26  83  65  74   5   0   9 0.00    M    M  9.0 18 170   M    M   1        22 150
27  83  63  73   4   0   8 0.00    M    M  5.3 16 200   M    M   1        19 200
28  89  62  76   7   0  11 0.00    M    M  4.9 13  70   M    M   0 1      16 110
29  89  66  78   8   0  13 0.00    M    M  6.2 14  80   M    M   1        17 100
30  87  66  77   7   0  12 0.00    M    M  7.2 18 130   M    M   1 18     27 120
31  87  66  77   7   0  12 0.00    M    M  8.7 18 130   M    M   2        22 160
================================================================================
SM 2525 1686        99 196  3.95     0.0 326.9          M       65
================================================================================
AV 81.5 54.4                              10.5 FASTST   M    M   2    MAX(MPH)
                                 MISC ---->  # 35 160               # 50  190
================================================================================
NOTES:
# LAST OF SEVERAL OCCURRENCES

COLUMN 17 PEAK WIND IN M.P.H.

PRELIMINARY LOCAL CLIMATOLOGICAL DATA (WS FORM: F-6) , PAGE 2

                                          STATION:  SALINA KS
                                          MONTH:    MAY
                                          YEAR:     2014
                                          LATITUDE:   38 47 N
                                          LONGITUDE:  97 39 W

[TEMPERATURE DATA]      [PRECIPITATION DATA]       SYMBOLS USED IN COLUMN 16

AVERAGE MONTHLY: 67.9   TOTAL FOR MONTH:   3.95    1 = FOG OR MIST
DPTR FM NORMAL:   2.6   DPTR FM NORMAL:   -0.80    2 = FOG REDUCING VISIBILITY
HIGHEST:   101 ON  6    GRTST 24HR  2.95 ON 23-24      TO 1/4 MILE OR LESS
LOWEST:     32 ON  2                               3 = THUNDER
                        SNOW, ICE PELLETS, HAIL    4 = ICE PELLETS
                        TOTAL MONTH:   0.0 INCH    5 = HAIL
                        GRTST 24HR     0.0         6 = FREEZING RAIN OR DRIZZLE
                        GRTST DEPTH:   0           7 = DUSTSTORM OR SANDSTORM:
                                                       VSBY 1/2 MILE OR LESS
                                                   8 = SMOKE OR HAZE
[NO. OF DAYS WITH]      [WEATHER - DAYS WITH]      9 = BLOWING SNOW
                                                   X = TORNADO
MAX 32 OR BELOW:   0    0.01 INCH OR MORE:   6
MAX 90 OR ABOVE:   8    0.10 INCH OR MORE:   4
MIN 32 OR BELOW:   1    0.50 INCH OR MORE:   2
MIN  0 OR BELOW:   0    1.00 INCH OR MORE:   1

[HDD (BASE 65) ]
TOTAL THIS MO.    99    CLEAR  (SCALE 0-3)  22
DPTR FM NORMAL     3    PTCLDY (SCALE 4-7)   8
TOTAL FM JUL 1  5397    CLOUDY (SCALE 8-10)  1
DPTR FM NORMAL   533

[CDD (BASE 65) ]
TOTAL THIS MO.   196
DPTR FM NORMAL    93    [PRESSURE DATA]
TOTAL FM JAN 1   232    HIGHEST SLP M ON M
DPTR FM NORMAL   104    LOWEST  SLP 29.39 ON  6

[REMARKS]
#FINAL-05-14#
