000
CXUS53 KICT 011001
CF6SLN
PRELIMINARY LOCAL CLIMATOLOGICAL DATA (WS FORM: F-6)

                                          STATION:   SALINA KS
                                          MONTH:     NOVEMBER
                                          YEAR:      2015
                                          LATITUDE:   38 47 N
                                          LONGITUDE:  97 39 W

  TEMPERATURE IN F:       :PCPN:    SNOW:  WIND      :SUNSHINE: SKY     :PK WND
================================================================================
1   2   3   4   5  6A  6B    7    8   9   10  11  12  13   14  15   16   17  18
                                     12Z  AVG MX 2MIN
DY MAX MIN AVG DEP HDD CDD  WTR  SNW DPTH SPD SPD DIR MIN PSBL S-S WX    SPD DR
================================================================================

 1  81  41  61  10   4   0 0.00    M    M  9.8 21 210   M    M   0        26 200
 2  79  45  62  11   3   0 0.00    M    M  9.8 21 200   M    M   0        24 200
 3  78  55  67  17   0   2 0.00    M    M 16.4 25 170   M    M   0 18     33 170
 4  73  60  67  17   0   2 0.00    M    M 19.8 33 190   M    M   8        41 190
 5  75  43  59  10   6   0 0.01    M    M 15.8 25 210   M    M   2 1      36 190
 6  65  34  50   1  15   0 0.00    M    M  6.2 15  10   M    M   3        19  20
 7  60  35  48   0  17   0    T    M    M  3.8 12 310   M    M   1        14 310
 8  64  29  47  -1  18   0 0.00    M    M 10.8 25 200   M    M   0        32 190
 9  67  35  51   4  14   0 0.00    M    M 11.6 22 190   M    M   1        26 190
10  67  48  58  11   7   0 0.00    M    M  8.2 17 160   M    M   3        21 170
11  66  42  54   8  11   0 0.00    M    M 21.7 37 300   M    M   3 18     47 300
12  63  35  49   3  16   0 0.00    M    M 12.3 23 330   M    M   0        29 290
13  68  26  47   2  18   0 0.00    M    M  8.1 24 200   M    M   0        30 210
14  72  39  56  11   9   0 0.00    M    M 14.2 26 200   M    M   0        32 190
15  59  44  52   8  13   0    T    M    M 17.2 28 190   M    M   6        39 170
16  67  53  60  16   5   0    T    M    M 19.9 26 170   M    M  10 18     36 170
17  64  43  54  11  11   0 0.94    M    M 11.3 25 270   M    M   8 13     29 270
18  63  38  51   9  14   0 0.05    M    M 15.5 32 270   M    M   5 1      39 290
19  51  29  40  -2  25   0 0.00    M    M  6.9 20 340   M    M   0        23 340
20  61  30  46   4  19   0    T    M    M 15.2 33 330   M    M   2        41 330
21  42  25  34  -7  31   0    T    M    M 14.4 32 340   M    M   4        40 340
22  58  24  41   1  24   0 0.00    M    M  8.1 18 280   M    M   0        22 280
23  69  28  49   9  16   0 0.00    M    M  7.0 18 190   M    M   0        22 170
24  62  40  51  12  14   0 0.00    M    M 14.5 24 170   M    M   0        30 170
25  69  53  61  22   4   0 0.00    M    M 12.4 26 190   M    M   7        35 200
26  53  29  41   3  24   0 0.91    M    M 18.4 26 360   M    M  10 16     35  10
27  29  25  27 -11  38   0    M    M    M 18.8 29  10   M    M  10 146    36 360
28  31  26  29  -8  36   0    M    M    M 10.3 17  10   M    M  10 146    20  10
29  34  31  33  -4  32   0 0.10    M    M  6.5 12  10   M    M  10 16     13 360
30  38  31  35  -1  30   0 0.17    M    M  8.1 17 270   M    M   7 16     21 250
================================================================================
SM 1828 1116       474   4  2.18    M    373.0          M      110
================================================================================
AV 60.9 37.2                              12.4 FASTST   M    M   4    MAX(MPH)
                                 MISC ---->  # 37 300               # 47  300
================================================================================
NOTES:
# LAST OF SEVERAL OCCURRENCES

COLUMN 17 PEAK WIND IN M.P.H.

PRELIMINARY LOCAL CLIMATOLOGICAL DATA (WS FORM: F-6) , PAGE 2

                                          STATION:  SALINA KS
                                          MONTH:    NOVEMBER
                                          YEAR:     2015
                                          LATITUDE:   38 47 N
                                          LONGITUDE:  97 39 W

[TEMPERATURE DATA]      [PRECIPITATION DATA]       SYMBOLS USED IN COLUMN 16

AVERAGE MONTHLY: 49.1   TOTAL FOR MONTH:   2.18    1 = FOG OR MIST
DPTR FM NORMAL:   5.2   DPTR FM NORMAL:    0.93    2 = FOG REDUCING VISIBILITY
HIGHEST:    81 ON  1    GRTST 24HR  0.94 ON 17-17      TO 1/4 MILE OR LESS
LOWEST:     24 ON 22                               3 = THUNDER
                        SNOW, ICE PELLETS, HAIL    4 = ICE PELLETS
                        TOTAL MONTH:    M          5 = HAIL
                        GRTST 24HR    M  ON   M    6 = FREEZING RAIN OR DRIZZLE
                        GRTST DEPTH:  M  ON   M    7 = DUSTSTORM OR SANDSTORM:
                                                       VSBY 1/2 MILE OR LESS
                                                   8 = SMOKE OR HAZE
[NO. OF DAYS WITH]      [WEATHER - DAYS WITH]      9 = BLOWING SNOW
                                                   X = TORNADO
MAX 32 OR BELOW:   2    0.01 INCH OR MORE:   6
MAX 90 OR ABOVE:   0    0.10 INCH OR MORE:   4
MIN 32 OR BELOW:  12    0.50 INCH OR MORE:   2
MIN  0 OR BELOW:   0    1.00 INCH OR MORE:   0

[HDD (BASE 65) ]
TOTAL THIS MO.   474    CLEAR  (SCALE 0-3)  16
DPTR FM NORMAL  -160    PTCLDY (SCALE 4-7)   9
TOTAL FM JUL 1   632    CLOUDY (SCALE 8-10)  5
DPTR FM NORMAL  -320

[CDD (BASE 65) ]
TOTAL THIS MO.     4
DPTR FM NORMAL     3    [PRESSURE DATA]
TOTAL FM JAN 1  1869    HIGHEST SLP 30.59 ON 27
DPTR FM NORMAL   222    LOWEST  SLP 29.30 ON 17

[REMARKS]
#FINAL-11-15#
