000
CXUS53 KICT 011441
CF6SLN
PRELIMINARY LOCAL CLIMATOLOGICAL DATA (WS FORM: F-6)

                                          STATION:   SALINA KS
                                          MONTH:     JANUARY
                                          YEAR:      2017
                                          LATITUDE:   38 47 N
                                          LONGITUDE:  97 39 W

  TEMPERATURE IN F:       :PCPN:    SNOW:  WIND      :SUNSHINE: SKY     :PK WND
================================================================================
1   2   3   4   5  6A  6B    7    8   9   10  11  12  13   14  15   16   17  18
                                     12Z  AVG MX 2MIN
DY MAX MIN AVG DEP HDD CDD  WTR  SNW DPTH SPD SPD DIR MIN PSBL S-S WX    SPD DR
================================================================================

 1  53  20  37   6  28   0 0.00    M    M  7.1 18 120   M    M   3        21 130
 2  64  38  51  20  14   0 0.00    M    M 11.7 26 360   M    M   8 1      32 360
 3  38  15  27  -4  38   0 0.00    M    M 19.2 30 340   M    M   4        37 340
 4  26   9  18 -13  47   0 0.14    M    M  9.0 21  10   M    M   3 1      25  10
 5  16   6  11 -20  54   0 0.05    M    M 10.2 18  10   M    M   7 18     20 340
 6   M   M   M   M   M   M 0.00    M    M   M   M   M   M    M   M         M  M
 7   M   M   M   M   M   M 0.00    M    M   M   M   M   M    M   M         M  M
 8   M   M   M   M   M   M 0.00    M    M   M   M   M   M    M   M         M  M
 9   M   M   M   M   M   M    T    M    M   M   M   M   M    M   M         M  M
10   M   M   M   M   M   M 0.00    M    M   M   M   M   M    M   M         M  M
11   M   M   M   M   M   M 0.00    M    M   M   M   M   M    M   M         M  M
12   M   M   M   M   M   M 0.00    M    M   M   M   M   M    M   M         M  M
13   M   M   M   M   M   M 0.00    M    M   M   M   M   M    M   M         M  M
14   M   M   M   M   M   M 0.01    M    M   M   M   M   M    M   M         M  M
15   M   M   M   M   M   M 1.65    M    M   M   M   M   M    M   M 16      M  M
16   M   M   M   M   M   M 0.17    M    M   M   M   M   M    M   M 1       M  M
17  46  30  38   7  27   0 0.00    M    M  6.0 10 270   M    M   2 1       M  M
18  55  30  43  12  22   0 0.00    M    M 21.4165 170   M    M   1        28 180
19  48  46  47  16  18   0    T    M    M  7.8 13 120   M    M   7 18      M  M
20  48  41  45  14  20   0 0.00    M    M  3.8  9 160   M    M   7 12      M  M
21  55  32  44  13  21   0 0.00    M    M  6.1  9 350   M    M   3         M  M
22  50  28  39   8  26   0 0.00    M    M 10.8 22 350   M    M   0        29 350
23  55  25  40   9  25   0 0.00    M    M 10.2 20 150   M    M   0        27 160
24  63  34  49  18  16   0 0.00    M    M 15.5 24 270   M    M   3        36 260
25  37  25  31   0  34   0 0.00    M    M 14.2 18 330   M    M   2        28 310
26  41  23  32   0  33   0 0.00    M    M 10.1 17 300   M    M   0        23 300
27  46  25  36   4  29   0 0.00    M    M 12.1 21 290   M    M   0        29 290
28  50  30  40   8  25   0 0.00    M    M 13.9 21 320   M    M   3        35 320
29  59  37  48  16  17   0 0.00    M    M 11.9 20 320   M    M   0        32 320
30  68  30  49  17  16   0 0.00    M    M  7.6 15 270   M    M   0        23 280
31  53  23  38   6  27   0 0.00    M    M  3.0 10  40   M    M   0        12  40
================================================================================
SM  971  547       537   0  2.02    M    211.6          M       53
================================================================================
AV 48.6 27.4                              10.6 FASTST   M    M   3    MAX(MPH)
                                 MISC ---->   165   M               # 37  340
================================================================================
NOTES:
# LAST OF SEVERAL OCCURRENCES

COLUMN 17 PEAK WIND IN M.P.H.

PRELIMINARY LOCAL CLIMATOLOGICAL DATA (WS FORM: F-6) , PAGE 2

                                          STATION:  SALINA KS
                                          MONTH:    JANUARY
                                          YEAR:     2017
                                          LATITUDE:   38 47 N
                                          LONGITUDE:  97 39 W

[TEMPERATURE DATA]      [PRECIPITATION DATA]       SYMBOLS USED IN COLUMN 16

AVERAGE MONTHLY: 38.0   TOTAL FOR MONTH:   2.02    1 = FOG OR MIST
DPTR FM NORMAL:   7.0   DPTR FM NORMAL:    1.39    2 = FOG REDUCING VISIBILITY
HIGHEST:    68 ON 30    GRTST 24HR  1.65 ON 15-15      TO 1/4 MILE OR LESS
LOWEST:      6 ON  5                               3 = THUNDER
                        SNOW, ICE PELLETS, HAIL    4 = ICE PELLETS
                        TOTAL MONTH:    M          5 = HAIL
                        GRTST 24HR    M  ON   M    6 = FREEZING RAIN OR DRIZZLE
                        GRTST DEPTH:  M  ON   M    7 = DUSTSTORM OR SANDSTORM:
                                                       VSBY 1/2 MILE OR LESS
                                                   8 = SMOKE OR HAZE
[NO. OF DAYS WITH]      [WEATHER - DAYS WITH]      9 = BLOWING SNOW
                                                   X = TORNADO
MAX 32 OR BELOW:   2    0.01 INCH OR MORE:   5
MAX 90 OR ABOVE:   0    0.10 INCH OR MORE:   3
MIN 32 OR BELOW:  15    0.50 INCH OR MORE:   1
MIN  0 OR BELOW:   0    1.00 INCH OR MORE:   1

[HDD (BASE 65) ]
TOTAL THIS MO.   537    CLEAR  (SCALE 0-3)  13
DPTR FM NORMAL  -515    PTCLDY (SCALE 4-7)   7
TOTAL FM JUL 1  2106    CLOUDY (SCALE 8-10)  0
DPTR FM NORMAL  -910

[CDD (BASE 65) ]
TOTAL THIS MO.     0
DPTR FM NORMAL     0    [PRESSURE DATA]
TOTAL FM JAN 1     0    HIGHEST SLP 30.71 ON  7
DPTR FM NORMAL     0    LOWEST  SLP 29.35 ON 24

[REMARKS]
#FINAL-01-17#
