000
CXUS53 KICT 051603
CF6SLN
PRELIMINARY LOCAL CLIMATOLOGICAL DATA (WS FORM: F-6)

                                          STATION:   SALINA KS
                                          MONTH:     MARCH
                                          YEAR:      2017
                                          LATITUDE:   38 47 N
                                          LONGITUDE:  97 39 W

  TEMPERATURE IN F:       :PCPN:    SNOW:  WIND      :SUNSHINE: SKY     :PK WND
================================================================================
1   2   3   4   5  6A  6B    7    8   9   10  11  12  13   14  15   16   17  18
                                     12Z  AVG MX 2MIN
DY MAX MIN AVG DEP HDD CDD  WTR  SNW DPTH SPD SPD DIR MIN PSBL S-S WX    SPD DR
================================================================================

 1  57  25  41   1  24   0 0.00    M    M 12.5 32 320   M    M   0        38 330
 2  59  19  39  -2  26   0 0.00    M    M  9.2 28 300   M    M   0        32 300
 3  73  24  49   8  16   0 0.00    M    M 14.2 31 210   M    M   0        38 200
 4  72  45  59  18   6   0 0.00    M    M 21.3 33 190   M    M   0        42 190
 5  73  55  64  22   1   0 0.00    M    M 25.1 36 190   M    M   7        49 170
 6  85  42  64  22   1   0 0.00    M    M 27.7 43 310   M    M   4 8      53 220
 7  66  28  47   5  18   0 0.00    M    M 15.5 37 290   M    M   0        50 280
 8  71  28  50   7  15   0 0.00    M    M  7.6 26 210   M    M   0        32 170
 9  75  35  55  12  10   0 0.00    M    M 10.1 26  40   M    M   0        34  20
10  42  26  34 -10  31   0 0.00    M    M 11.6 26  30   M    M   4        36  40
11  39  31  35  -9  30   0 0.04    M    M  8.4 15  40   M    M  10 12     20  40
12  46  25  36  -8  29   0 0.00    M    M 12.6 28 200   M    M   7 18     35 190
13  42  21  32 -13  33   0 0.00    M    M 18.1 36 320   M    M   3        44 330
14  41  25  33 -12  32   0 0.00    M    M  7.9 13  60   M    M   6        18  50
15  53  27  40  -5  25   0    T    M    M 10.8 24 170   M    M   4        30 160
16  78  37  58  12   7   0 0.00    M    M 15.9 28 200   M    M   0        36 190
17  74  44  59  13   6   0 0.00    M    M  9.4 23 200   M    M   0        30 200
18  71  37  54   8  11   0 0.00    M    M  7.8 17 130   M    M   1 8      22 120
19  92  54  73  27   0   8 0.00    M    M 15.0 30 200   M    M   0        37 200
20  81  50  66  19   0   1 0.00    M    M 10.0 18  20   M    M   0 8      24  10
21  65  47  56   9   9   0 0.00    M    M 15.5 26  40   M    M   5        35  50
22  59  43  51   3  14   0 0.00    M    M 12.9 20 140   M    M   8        24 130
23  80  53  67  19   0   2 0.00    M    M 20.0 31 170   M    M   6        42 170
24  81  45  63  15   2   0 0.06    M    M 18.5 33  10   M    M   4 13     43 190
25  46  43  45  -3  20   0 0.12    M    M 15.1 28 340   M    M   9 18     35 330
26  54  43  49   0  16   0 0.35    M    M  6.4 18  40   M    M  10 13     23  50
27  57  47  52   3  13   0 0.03    M    M  7.6 15 360   M    M  10 18     18 360
28  57  48  53   4  12   0 1.02    M    M 10.3 24  80   M    M  10 13     34  90
29  52  44  48  -2  17   0 1.69    M    M 19.8 28  30   M    M  10 13     40  30
30  48  42  45  -5  20   0 0.31    M    M 16.5 29 330   M    M  10 1      36 330
31  52  45  49  -1  16   0 0.00    M    M  7.8 14  50   M    M  10        18  30
================================================================================
SM 1941 1178       460  11  3.62    M    421.1          M      138
================================================================================
AV 62.6 38.0                              13.6 FASTST   M    M   4    MAX(MPH)
                                 MISC ---->  # 43 310               # 53  220
================================================================================
NOTES:
# LAST OF SEVERAL OCCURRENCES

COLUMN 17 PEAK WIND IN M.P.H.

PRELIMINARY LOCAL CLIMATOLOGICAL DATA (WS FORM: F-6) , PAGE 2

                                          STATION:  SALINA KS
                                          MONTH:    MARCH
                                          YEAR:     2017
                                          LATITUDE:   38 47 N
                                          LONGITUDE:  97 39 W

[TEMPERATURE DATA]      [PRECIPITATION DATA]       SYMBOLS USED IN COLUMN 16

AVERAGE MONTHLY: 50.3   TOTAL FOR MONTH:   3.62    1 = FOG OR MIST
DPTR FM NORMAL:   4.9   DPTR FM NORMAL:    1.23    2 = FOG REDUCING VISIBILITY
HIGHEST:    92 ON 19    GRTST 24HR  1.69 ON 29-29      TO 1/4 MILE OR LESS
LOWEST:     19 ON  2                               3 = THUNDER
                        SNOW, ICE PELLETS, HAIL    4 = ICE PELLETS
                        TOTAL MONTH:    M          5 = HAIL
                        GRTST 24HR    M  ON   M    6 = FREEZING RAIN OR DRIZZLE
                        GRTST DEPTH:  M  ON   M    7 = DUSTSTORM OR SANDSTORM:
                                                       VSBY 1/2 MILE OR LESS
                                                   8 = SMOKE OR HAZE
[NO. OF DAYS WITH]      [WEATHER - DAYS WITH]      9 = BLOWING SNOW
                                                   X = TORNADO
MAX 32 OR BELOW:   0    0.01 INCH OR MORE:   8
MAX 90 OR ABOVE:   1    0.10 INCH OR MORE:   5
MIN 32 OR BELOW:  11    0.50 INCH OR MORE:   2
MIN  0 OR BELOW:   0    1.00 INCH OR MORE:   2

[HDD (BASE 65) ]
TOTAL THIS MO.   460    CLEAR  (SCALE 0-3)  13
DPTR FM NORMAL  -149    PTCLDY (SCALE 4-7)  10
TOTAL FM JUL 1  3128    CLOUDY (SCALE 8-10)  8
DPTR FM NORMAL -1322

[CDD (BASE 65) ]
TOTAL THIS MO.    11
DPTR FM NORMAL     9    [PRESSURE DATA]
TOTAL FM JAN 1    11    HIGHEST SLP 30.60 ON 10
DPTR FM NORMAL     9    LOWEST  SLP 29.28 ON  6

[REMARKS]
#FINAL-03-17#
