525
CXUS53 KICT 011601
CF6SLN
PRELIMINARY LOCAL CLIMATOLOGICAL DATA (WS FORM: F-6)

                                          STATION:   SALINA KS
                                          MONTH:     JUNE
                                          YEAR:      2016
                                          LATITUDE:   38 47 N
                                          LONGITUDE:  97 39 W

  TEMPERATURE IN F:       :PCPN:    SNOW:  WIND      :SUNSHINE: SKY     :PK WND
================================================================================
1   2   3   4   5  6A  6B    7    8   9   10  11  12  13   14  15   16   17  18
                                     12Z  AVG MX 2MIN
DY MAX MIN AVG DEP HDD CDD  WTR  SNW DPTH SPD SPD DIR MIN PSBL S-S WX    SPD DR
================================================================================

 1  81  58  70  -1   0   5 0.00    M    M  5.3 16  20   M    M   0        20 360
 2  86  55  71   0   0   6 0.00    M    M  5.2 14 120   M    M   0        22 150
 3  88  56  72   1   0   7 0.00    M    M  5.8 15 200   M    M   1 8      23 190
 4  86  62  74   2   0   9    T    M    M 12.7 30 320   M    M   1 8      37 320
 5  86  56  71  -1   0   6 0.00    M    M  8.1 17 340   M    M   0 8      19 330
 6  93  57  75   3   0  10    T    M    M  6.1 17  10   M    M   1        22  30
 7  86  62  74   1   0   9 0.00    M    M  7.6 14 120   M    M   1        19 140
 8  96  66  81   8   0  16 0.00    M    M 12.5 25 190   M    M   0        34 170
 9  95  73  84  10   0  19 0.00    M    M 17.6 32 200   M    M   0        39 200
10  97  72  85  11   0  20 0.00    M    M 13.9 26 200   M    M   1        35 190
11  96  74  85  11   0  20 0.00    M    M 12.5 23 210   M    M   0        28 190
12  96  68  82   7   0  17    T    M    M 10.7 24 140   M    M   1        29 140
13  93  69  81   6   0  16 0.00    M    M  5.9 13 150   M    M   0        16 170
14  97  71  84   9   0  19    T    M    M 10.9 25 240   M    M   1        33 240
15 106  67  87  11   0  22 0.09    M    M 12.3 45 150   M    M   1 38     55 150
16 100  71  86  10   0  21 0.00    M    M 12.2 18 200   M    M   0        25 150
17 103  75  89  13   0  24 0.00    M    M 12.7 37 310   M    M   0        43 310
18  93  72  83   6   0  18 0.03    M    M  5.0 20 270   M    M   3 3      29 260
19  96  69  83   6   0  18 0.00    M    M 10.4 22 200   M    M   2        35 160
20 101  76  89  12   0  24 0.00    M    M 11.5 22 200   M    M   1        25 220
21 103  75  89  11   0  24 0.00    M    M 13.6 29 200   M    M   0        36 190
22 105  78  92  14   0  27    T    M    M 16.0 30 220   M    M   0        36 220
23  91  71  81   3   0  16 0.00    M    M  8.7 21 220   M    M   2        25 220
24  92  71  82   4   0  17    T    M    M 12.6 24 150   M    M   2        31 140
25 100  72  86   7   0  21 0.19    M    M 14.9 26 330   M    M   3 13     34 330
26  86  71  79   0   0  14 0.03    M    M  5.5 18 300   M    M   1        21 300
27  98  68  83   4   0  18 0.00    M    M  3.7 16 130   M    M   1 138    21 140
28  88  72  80   1   0  15 0.11    M    M  7.2 20  20   0    0   0        41 350
29  96  68  82   2   0  17 0.00    M    M  4.4 12 270   M    M   1        16 270
30  95  69  82   2   0  17 0.00    M    M  7.4 20 290   M    M   0        24 290
================================================================================
SM 2829 2044         0 492  0.45    M    292.9            0     24
================================================================================
AV 94.3 68.1                               9.8 FASTST    0   0   1    MAX(MPH)
                                 MISC ---->  # 45 150               # 55  150
================================================================================
NOTES:
# LAST OF SEVERAL OCCURRENCES

COLUMN 17 PEAK WIND IN M.P.H.

PRELIMINARY LOCAL CLIMATOLOGICAL DATA (WS FORM: F-6) , PAGE 2

                                          STATION:  SALINA KS
                                          MONTH:    JUNE
                                          YEAR:     2016
                                          LATITUDE:   38 47 N
                                          LONGITUDE:  97 39 W

[TEMPERATURE DATA]      [PRECIPITATION DATA]       SYMBOLS USED IN COLUMN 16

AVERAGE MONTHLY: 81.2   TOTAL FOR MONTH:   0.45    1 = FOG OR MIST
DPTR FM NORMAL:   5.6   DPTR FM NORMAL:   -3.66    2 = FOG REDUCING VISIBILITY
HIGHEST:   106 ON 15    GRTST 24HR  0.66 ON 31- 1      TO 1/4 MILE OR LESS
LOWEST:     55 ON  2                               3 = THUNDER
                        SNOW, ICE PELLETS, HAIL    4 = ICE PELLETS
                        TOTAL MONTH:    M          5 = HAIL
                        GRTST 24HR    M  ON   M    6 = FREEZING RAIN OR DRIZZLE
                        GRTST DEPTH:  M  ON   M    7 = DUSTSTORM OR SANDSTORM:
                                                       VSBY 1/2 MILE OR LESS
                                                   8 = SMOKE OR HAZE
[NO. OF DAYS WITH]      [WEATHER - DAYS WITH]      9 = BLOWING SNOW
                                                   X = TORNADO
MAX 32 OR BELOW:   0    0.01 INCH OR MORE:   5
MAX 90 OR ABOVE:  22    0.10 INCH OR MORE:   2
MIN 32 OR BELOW:   0    0.50 INCH OR MORE:   0
MIN  0 OR BELOW:   0    1.00 INCH OR MORE:   0

[HDD (BASE 65) ]
TOTAL THIS MO.     0    CLEAR  (SCALE 0-3)  30
DPTR FM NORMAL    -7    PTCLDY (SCALE 4-7)   0
TOTAL FM JUL 1  3718    CLOUDY (SCALE 8-10)  0
DPTR FM NORMAL -1153

[CDD (BASE 65) ]
TOTAL THIS MO.   492
DPTR FM NORMAL   167    [PRESSURE DATA]
TOTAL FM JAN 1   617    HIGHEST SLP 30.17 ON 28
DPTR FM NORMAL   164    LOWEST  SLP 29.66 ON 14

[REMARKS]
#FINAL-06-16#
