000
CXUS53 KICT 020506
CF6SLN
PRELIMINARY LOCAL CLIMATOLOGICAL DATA (WS FORM: F-6)

                                          STATION:   SALINA KS
                                          MONTH:     JANUARY
                                          YEAR:      2016
                                          LATITUDE:   38 47 N
                                          LONGITUDE:  97 39 W

  TEMPERATURE IN F:       :PCPN:    SNOW:  WIND      :SUNSHINE: SKY     :PK WND
================================================================================
1   2   3   4   5  6A  6B    7    8   9   10  11  12  13   14  15   16   17  18
                                     12Z  AVG MX 2MIN
DY MAX MIN AVG DEP HDD CDD  WTR  SNW DPTH SPD SPD DIR MIN PSBL S-S WX    SPD DR
================================================================================

 1  46  14  30  -1  35   0 0.00    M    M  8.9 21 280   M    M   0        25 270
 2  49  16  33   2  32   0 0.00    M    M  5.9 14 300   M    M   0        16 270
 3  45  21  33   2  32   0 0.00    M    M  8.2 17 350   M    M   0        20 350
 4  30  17  24  -7  41   0 0.00    M    M  8.6 16 150   M    M   6 18     21 140
 5  44  20  32   1  33   0 0.03    M    M 14.4 23 170   M    M   3 8      31 190
 6  41  35  38   7  27   0    T    M    M 13.7 21 170   M    M  10 18     26 160
 7  44  38  41  10  24   0 0.38    M    M  6.4 14 320   M    M  10 1      16 320
 8  38  31  35   4  30   0 0.01    M    M 15.5 23 360   M    M  10 1      29 360
 9  31  10  21 -10  44   0    T    M    M 19.7 28 360   M    M   7        34 360
10  32   2  17 -14  48   0 0.00    M    M  9.2 18 200   M    M   0        21 200
11  48  26  37   6  28   0 0.00    M    M 10.7 22 310   M    M   2        27 320
12  36  23  30  -1  35   0 0.00    M    M  6.4 12  30   M    M   0        16 360
13  59  26  43  12  22   0 0.00    M    M  8.8 18 200   M    M   0        20 200
14  62  31  47  16  18   0 0.00    M    M  9.2 17 210   M    M   0        20 210
15  40  26  33   2  32   0 0.00    M    M 12.2 23 340   M    M   2        28 320
16  41  22  32   1  33   0    T    M    M  5.8 20  10   M    M   5        24  30
17  23  11  17 -14  48   0    T    M    M 10.3 23  10   M    M   9        29  20
18  33  15  24  -7  41   0 0.00    M    M  9.8 21 170   M    M   6        24 160
19  28  24  26  -5  39   0    T    M    M  7.4 17 130   M    M   8        22 120
20  34  18  26  -5  39   0    T    M    M  8.7 18 130   M    M   8 18     22 130
21   M  26   M   M   M   M 0.30    M    M 10.6 21 350   M    M  10 18     24 350
22   M   M   M   M   M   M 0.00    M    M  9.6 16 340   M    M  10 18      M  M
23  34  21  28  -3  37   0 0.00    M    M  8.7 20 190   M    M   7 18     23 160
24  48  23  36   5  29   0 0.00    M    M  5.1 16 200   M    M   0 18     20 200
25  38  27  33   2  32   0 0.00    M    M 15.8 29 330   M    M   8 18     34 330
26  46  23  35   3  30   0 0.00    M    M  7.7 18 320   M    M   1        22 340
27  58  22  40   8  25   0 0.00    M    M  5.8 15 260   M    M   0        19 250
28  59  28  44  12  21   0 0.00    M    M  6.3 16 340   M    M   0        20 310
29  66  32  49  17  16   0 0.00    M    M  8.7 15 350   M    M   0        18 350
30  61  29  45  13  20   0 0.00    M    M  6.2 21 150   M    M   0        25 150
31  57  38  48  16  17   0 0.00    M    M 10.9 22 350   M    M   2        29 340
================================================================================
SM 1271  695       908   0  0.72    M    295.2          M      124
================================================================================
AV 43.8 23.2                               9.5 FASTST   M    M   4    MAX(MPH)
                                 MISC ---->  # 29 330               # 34  360
================================================================================
NOTES:
# LAST OF SEVERAL OCCURRENCES

COLUMN 17 PEAK WIND IN M.P.H.

PRELIMINARY LOCAL CLIMATOLOGICAL DATA (WS FORM: F-6) , PAGE 2

                                          STATION:  SALINA KS
                                          MONTH:    JANUARY
                                          YEAR:     2016
                                          LATITUDE:   38 47 N
                                          LONGITUDE:  97 39 W

[TEMPERATURE DATA]      [PRECIPITATION DATA]       SYMBOLS USED IN COLUMN 16

AVERAGE MONTHLY: 33.5   TOTAL FOR MONTH:   0.72    1 = FOG OR MIST
DPTR FM NORMAL:   2.5   DPTR FM NORMAL:    0.09    2 = FOG REDUCING VISIBILITY
HIGHEST:    66 ON 29    GRTST 24HR  0.39 ON  7- 8      TO 1/4 MILE OR LESS
LOWEST:      2 ON 10                               3 = THUNDER
                        SNOW, ICE PELLETS, HAIL    4 = ICE PELLETS
                        TOTAL MONTH:    M          5 = HAIL
                        GRTST 24HR    M  ON   M    6 = FREEZING RAIN OR DRIZZLE
                        GRTST DEPTH:  M  ON   M    7 = DUSTSTORM OR SANDSTORM:
                                                       VSBY 1/2 MILE OR LESS
                                                   8 = SMOKE OR HAZE
[NO. OF DAYS WITH]      [WEATHER - DAYS WITH]      9 = BLOWING SNOW
                                                   X = TORNADO
MAX 32 OR BELOW:   5    0.01 INCH OR MORE:   4
MAX 90 OR ABOVE:   0    0.10 INCH OR MORE:   2
MIN 32 OR BELOW:  27    0.50 INCH OR MORE:   0
MIN  0 OR BELOW:   0    1.00 INCH OR MORE:   0

[HDD (BASE 65) ]
TOTAL THIS MO.   908    CLEAR  (SCALE 0-3)  17
DPTR FM NORMAL  -144    PTCLDY (SCALE 4-7)   7
TOTAL FM JUL 1  2339    CLOUDY (SCALE 8-10)  7
DPTR FM NORMAL  -677

[CDD (BASE 65) ]
TOTAL THIS MO.     0
DPTR FM NORMAL     0    [PRESSURE DATA]
TOTAL FM JAN 1     0    HIGHEST SLP 30.57 ON  1
DPTR FM NORMAL     0    LOWEST  SLP 29.47 ON 30

[REMARKS]
#FINAL-01-16#
