000
CXUS53 KICT 011355
CF6SLN
PRELIMINARY LOCAL CLIMATOLOGICAL DATA (WS FORM: F-6)

                                          STATION:   SALINA KS
                                          MONTH:     SEPTEMBER
                                          YEAR:      2015
                                          LATITUDE:   38 47 N
                                          LONGITUDE:  97 39 W

  TEMPERATURE IN F:       :PCPN:    SNOW:  WIND      :SUNSHINE: SKY     :PK WND
================================================================================
1   2   3   4   5  6A  6B    7    8   9   10  11  12  13   14  15   16   17  18
                                     12Z  AVG MX 2MIN
DY MAX MIN AVG DEP HDD CDD  WTR  SNW DPTH SPD SPD DIR MIN PSBL S-S WX    SPD DR
================================================================================

 1  95  68  82   6   0  17 0.00    M    M 16.0 25 170   M    M   0        32 170
 2  97  77  87  11   0  22 0.00    M    M 17.1 28 190   M    M   1        36 190
 3  98  76  87  11   0  22 0.00    M    M 16.5 29 170   M    M   0        39 200
 4  96  75  86  11   0  21 0.00    M    M 16.9 29 190   M    M   0        36 170
 5  97  76  87  12   0  22 0.00    M    M 15.6 25 160   M    M   0        33 170
 6 101  78  90  16   0  25 0.00    M    M 15.3 26 170   M    M   0        35 200
 7 101  72  87  13   0  22 0.90  0.0    M  9.7 49 300   M    M   1 13     60 300
 8  84  72  78   4   0  13 0.01  0.0    M  7.0 23 300   M    M   1 3      27 290
 9  86  66  76   3   0  11 0.00    M    M  4.9 12 160   M    M   2        14 130
10  92  66  79   6   0  14 0.02    M    M  7.5 32  10   M    M   0 3      39 360
11  77  58  68  -4   0   3 0.00    M    M  9.5 20  20   M    M   1        23  10
12  78  53  66  -6   0   1 0.00    M    M  9.2 17 120   M    M   4        22 120
13  87  58  73   2   0   8 0.00    M    M 14.5 23 190   M    M   1        30 210
14  91  66  79   8   0  14 0.00    M    M 19.2 29 190   M    M   0        39 190
15  94  70  82  12   0  17 0.00    M    M 23.0 35 170   M    M   0        43 170
16  96  74  85  15   0  20    T    M    M 20.1 35 200   M    M   0 3      43 210
17  99  75  87  17   0  22 0.01    M    M 18.4 32 200   M    M   0        39 190
18  85  55  70   1   0   5 0.00    M    M 10.3 30  10   M    M   3        39 360
19  76  50  63  -6   2   0 0.00    M    M  7.4 14 340   M    M   0        16 330
20  84  54  69   1   0   4 0.00    M    M  9.5 17 160   M    M   2        23 160
21  81  64  73   5   0   8 0.00    M    M  9.7 17 160   M    M   6 1      22 160
22  94  69  82  15   0  17 0.16    M    M 10.6 22 200   M    M   2 3      25 200
23  83  72  78  11   0  13 0.01    M    M 11.5 24 200   M    M   4        29 200
24  91  67  79  13   0  14 0.08    M    M 11.3 24 220   M    M   7        33 210
25  76  65  71   5   0   6 0.48    M    M  5.0 13  90   M    M   8 13     17  90
26  82  61  72   7   0   7    T    M    M  4.3 10  70   M    M   2 1      15 100
27  85  56  71   6   0   6 0.00    M    M  7.3 16 150   M    M   0        23 140
28  88  59  74  10   0   9 0.00    M    M  7.8 16 200   M    M   1        20 190
29  71  57  64   0   1   0 0.00    M    M  8.1 17  40   M    M   4        21  40
30  77  52  65   1   0   0 0.00    M    M  7.8 15  80   M    M   1 1      18  80
================================================================================
SM 2642 1961         3 363  1.67     0.0 351.0          M       51
================================================================================
AV 88.1 65.4                              11.7 FASTST   M    M   2    MAX(MPH)
                                 MISC ---->  # 49 300               # 60  300
================================================================================
NOTES:
# LAST OF SEVERAL OCCURRENCES

COLUMN 17 PEAK WIND IN M.P.H.

PRELIMINARY LOCAL CLIMATOLOGICAL DATA (WS FORM: F-6) , PAGE 2

                                          STATION:  SALINA KS
                                          MONTH:    SEPTEMBER
                                          YEAR:     2015
                                          LATITUDE:   38 47 N
                                          LONGITUDE:  97 39 W

[TEMPERATURE DATA]      [PRECIPITATION DATA]       SYMBOLS USED IN COLUMN 16

AVERAGE MONTHLY: 76.7   TOTAL FOR MONTH:   1.67    1 = FOG OR MIST
DPTR FM NORMAL:   6.5   DPTR FM NORMAL:   -1.03    2 = FOG REDUCING VISIBILITY
HIGHEST:   101 ON  7, 6 GRTST 24HR  0.91 ON  7- 8      TO 1/4 MILE OR LESS
LOWEST:     50 ON 19                               3 = THUNDER
                        SNOW, ICE PELLETS, HAIL    4 = ICE PELLETS
                        TOTAL MONTH:   0.0 INCH    5 = HAIL
                        GRTST 24HR     0.0         6 = FREEZING RAIN OR DRIZZLE
                        GRTST DEPTH:  M  ON   M    7 = DUSTSTORM OR SANDSTORM:
                                                       VSBY 1/2 MILE OR LESS
                                                   8 = SMOKE OR HAZE
[NO. OF DAYS WITH]      [WEATHER - DAYS WITH]      9 = BLOWING SNOW
                                                   X = TORNADO
MAX 32 OR BELOW:   0    0.01 INCH OR MORE:   8
MAX 90 OR ABOVE:  14    0.10 INCH OR MORE:   3
MIN 32 OR BELOW:   0    0.50 INCH OR MORE:   1
MIN  0 OR BELOW:   0    1.00 INCH OR MORE:   0

[HDD (BASE 65) ]
TOTAL THIS MO.     3    CLEAR  (SCALE 0-3)  24
DPTR FM NORMAL   -48    PTCLDY (SCALE 4-7)   6
TOTAL FM JUL 1     3    CLOUDY (SCALE 8-10)  0
DPTR FM NORMAL   -49

[CDD (BASE 65) ]
TOTAL THIS MO.   363
DPTR FM NORMAL   158    [PRESSURE DATA]
TOTAL FM JAN 1  1817    HIGHEST SLP 30.22 ON 11
DPTR FM NORMAL   205    LOWEST  SLP 29.65 ON 17

[REMARKS]
#FINAL-09-15#
