000
CXUS53 KICT 010800
CF6SLN
PRELIMINARY LOCAL CLIMATOLOGICAL DATA (WS FORM: F-6)

                                          STATION:   SALINA KS
                                          MONTH:     JUNE
                                          YEAR:      2012
                                          LATITUDE:   38 47 N
                                          LONGITUDE:  97 39 W

  TEMPERATURE IN F:       :PCPN:    SNOW:  WIND      :SUNSHINE: SKY     :PK WND
================================================================================
1   2   3   4   5  6A  6B    7    8   9   10  11  12  13   14  15   16   17  18
                                     12Z  AVG MX 2MIN
DY MAX MIN AVG DEP HDD CDD  WTR  SNW DPTH SPD SPD DIR MIN PSBL S-S WX    SPD DR
================================================================================

 1  64  45  55 -16  10   0 0.02    M    M  4.5 13 170   M    M   4        15 170
 2  88  48  68  -3   0   3 0.00    M    M  4.0 12 150   M    M   0        16 190
 3  90  67  79   8   0  14 0.01    M    M  9.6 18 170   M    M   1        26 150
 4  96  62  79   7   0  14 0.00    M    M  4.9 17  40   M    M   0 1      23  30
 5  91  62  77   5   0  12 0.00    M    M  7.3 17  90   M    M   0        23  90
 6  90  60  75   3   0  10 0.00    M    M 10.1 24 140   M    M   0        33 150
 7  90  65  78   5   0  13 0.00    M    M  9.1 20 160   M    M   1        29 150
 8  90  57  74   1   0   9 0.00    M    M 10.4 22 150   M    M   0 1      35 210
 9  95  66  81   7   0  16 0.00    M    M 18.2 31 160   M    M   0        40 170
10  97  74  86  12   0  21 0.00    M    M 17.6 33 160   M    M   3        40 200
11  89  61  75   1   0  10 0.00    M    M 10.4 22  10   M    M   1        29  10
12  89  55  72  -3   0   7 0.00    M    M  7.7 23 130   M    M   0        28 120
13  94  60  77   2   0  12 0.00    M    M 16.3 28 170   M    M   0 8      37 160
14  98  66  82   7   0  17 1.47    M    M 18.7 36 360   M    M   1 13     46 320
15  86  65  76   0   0  11 0.29    M    M  5.1 22 310   M    M   3 13     26 320
16  89  67  78   2   0  13 0.13    M    M  7.6 29 230   M    M   3 13     38 230
17  94  71  83   7   0  18 0.00    M    M 13.9 29 200   M    M   1        36 190
18  97  73  85   8   0  20 0.00    M    M 20.6 30 170   M    M   0        40 190
19  94  75  85   8   0  20 0.00    M    M 23.6 39 160   M    M   0        47 160
20  90  64  77   0   0  12 0.29    M    M 19.9 30 170   M    M   7 13     39 190
21  85  62  74  -4   0   9 0.01    M    M  7.6 15 340   M    M   1 3      22  10
22  90  61  76  -2   0  11 0.00    M    M  9.3 20 140   M    M   0        26 140
23  99  71  85   7   0  20 0.00    M    M 17.2 29 190   M    M   0        38 170
24 105  77  91  13   0  26 0.00    M    M 14.2 25 210   M    M   0        32 210
25 108  69  89  10   0  24 0.00    M    M  6.6 17  70   M    M   0        21  80
26 106  73  90  11   0  25 0.00    M    M 12.7 28 160   M    M   0        35 170
27 110  81  96  17   0  31 0.00    M    M 20.5 33 210   M    M   0        40 190
28 108  73  91  12   0  26 0.00    M    M 13.7 24 200   M    M   0        29 190
29 105  79  92  12   0  27 0.00    M    M 14.2 24 190   M    M   0        33 170
30 105  78  92  12   0  27    T    M    M 11.6 33  20   M    M   0        45  20
================================================================================
SM 2832 1987        10 478  2.22    M    367.1          M       26
================================================================================
AV 94.4 66.2                              12.2 FASTST   M    M   1    MAX(MPH)
                                 MISC ---->  # 39 160               # 47  160
================================================================================
NOTES:
# LAST OF SEVERAL OCCURRENCES

COLUMN 17 PEAK WIND IN M.P.H.

PRELIMINARY LOCAL CLIMATOLOGICAL DATA (WS FORM: F-6) , PAGE 2

                                          STATION:  SALINA KS
                                          MONTH:    JUNE
                                          YEAR:     2012
                                          LATITUDE:   38 47 N
                                          LONGITUDE:  97 39 W

[TEMPERATURE DATA]      [PRECIPITATION DATA]       SYMBOLS USED IN COLUMN 16

AVERAGE MONTHLY: 80.3   TOTAL FOR MONTH:   2.22    1 = FOG OR MIST
DPTR FM NORMAL:   4.7   DPTR FM NORMAL:   -1.89    2 = FOG REDUCING VISIBILITY
HIGHEST:   110 ON 27    GRTST 24HR  1.76 ON 14-15      TO 1/4 MILE OR LESS
LOWEST:     45 ON  1                               3 = THUNDER
                        SNOW, ICE PELLETS, HAIL    4 = ICE PELLETS
                        TOTAL MONTH:    M          5 = HAIL
                        GRTST 24HR    M  ON   M    6 = FREEZING RAIN OR DRIZZLE
                        GRTST DEPTH:  M  ON   M    7 = DUSTSTORM OR SANDSTORM:
                                                       VSBY 1/2 MILE OR LESS
                                                   8 = SMOKE OR HAZE
[NO. OF DAYS WITH]      [WEATHER - DAYS WITH]      9 = BLOWING SNOW
                                                   X = TORNADO
MAX 32 OR BELOW:   0    0.01 INCH OR MORE:   7
MAX 90 OR ABOVE:  23    0.10 INCH OR MORE:   4
MIN 32 OR BELOW:   0    0.50 INCH OR MORE:   1
MIN  0 OR BELOW:   0    1.00 INCH OR MORE:   1

[HDD (BASE 65) ]
TOTAL THIS MO.    10    CLEAR  (SCALE 0-3)  27
DPTR FM NORMAL     3    PTCLDY (SCALE 4-7)   3
TOTAL FM JUL 1  4079    CLOUDY (SCALE 8-10)  0
DPTR FM NORMAL  -792

[CDD (BASE 65) ]
TOTAL THIS MO.   478
DPTR FM NORMAL   153    [PRESSURE DATA]
TOTAL FM JAN 1   800    HIGHEST SLP M ON M
DPTR FM NORMAL   347    LOWEST  SLP 29.58 ON 10

[REMARKS]
#FINAL-06-12#
