000
CXUS53 KICT 010800
CF6SLN
PRELIMINARY LOCAL CLIMATOLOGICAL DATA (WS FORM: F-6)

                                          STATION:   SALINA KS
                                          MONTH:     FEBRUARY
                                          YEAR:      2012
                                          LATITUDE:   38 47 N
                                          LONGITUDE:  97 39 W

  TEMPERATURE IN F:       :PCPN:    SNOW:  WIND      :SUNSHINE: SKY     :PK WND
================================================================================
1   2   3   4   5  6A  6B    7    8   9   10  11  12  13   14  15   16   17  18
                                     12Z  AVG MX 2MIN
DY MAX MIN AVG DEP HDD CDD  WTR  SNW DPTH SPD SPD DIR MIN PSBL S-S WX    SPD DR
================================================================================

 1  63  24  44  12  21   0 0.00    M    M  4.0 13 220   M    M   1        18 210
 2  61  29  45  13  20   0 0.27    M    M  7.5 21 120   M    M   1 13     25 140
 3  44  41  43  11  22   0 1.51    M    M 11.8 22  90   M    M  10 13     35  80
 4  41  32  37   4  28   0 0.04    M    M 18.0 26 350   M    M  10 1      33 330
 5  46  26  36   3  29   0 0.00    M    M  8.2 20 340   M    M   2        23 340
 6  51  24  38   5  27   0    T    M    M  5.5 16 210   M    M   1        20 210
 7  43  26  35   2  30   0 0.03    M    M 13.2 21 350   M    M   8 1      26 350
 8  32  25  29  -5  36   0 0.00    M    M  4.4 16 340   M    M  10        18 350
 9  40  31  36   2  29   0 0.00    M    M  7.3 16 200   M    M   9 1      20 210
10  33  13  23 -11  42   0    T    M    M 18.7 32 350   M    M   3 1      38 360
11  25   7  16 -18  49   0    T    M    M  9.1 25  20   M    M   2        31  20
12  28  10  19 -15  46   0    T    M    M 12.5 26 170   M    M   5 1      37 170
13  34  25  30  -5  35   0 0.05    M    M  9.1 23 170   M    M   9 16     33 190
14  53  18  36   1  29   0 0.00    M    M  6.8 15 170   M    M   2 1      18 170
15  42  30  36   1  29   0 0.01    M    M  8.0 18 350   M    M   9 128    23 350
16  50  23  37   1  28   0 0.00    M    M  5.5 13 310   M    M   0        15 310
17  55  27  41   5  24   0 0.03    M    M  7.4 23  30   M    M   4        28  30
18  44  23  34  -2  31   0 0.00    M    M  6.0 13  20   M    M   4        17  30
19  53  21  37   0  28   0 0.00    M    M  7.8 22 150   M    M   2        25 160
20  56  38  47  10  18   0 0.07    M    M 19.5 33 290   M    M   7 38     44 190
21  57  30  44   7  21   0    T    M    M 12.4 23 300   M    M   0        29 310
22  69  35  52  14  13   0 0.00    M    M 10.8 30 300   M    M   0        36 300
23  52  32  42   4  23   0 0.00    M    M 20.4 44 320   M    M   1        55 310
24  52  27  40   2  25   0    T    M    M 13.7 24 330   M    M   1        31 300
25  57  19  38  -1  27   0 0.00    M    M 15.4 33 160   M    M   0        44 170
26  60  31  46   7  19   0 0.00    M    M 12.0 36 190   M    M   0        46 190
27  50  23  37  -3  28   0 0.00  0.0    0  9.9 16 120   M    M   4        20 120
28  67  40  54  14  11   0 0.01    M    0 17.4 36 170   M    M   8 18     48 170
29  60  32  46   6  19   0 0.00  0.0    0 15.1 36 290   M    M   0        44 290
================================================================================
SM 1418  762       787   0  2.02     0.0 317.4          M      113
================================================================================
AV 48.9 26.3                              10.9 FASTST   M    M   4    MAX(MPH)
                                 MISC ---->  # 44 320               # 55  310
================================================================================
NOTES:
# LAST OF SEVERAL OCCURRENCES

COLUMN 17 PEAK WIND IN M.P.H.

PRELIMINARY LOCAL CLIMATOLOGICAL DATA (WS FORM: F-6) , PAGE 2

                                          STATION:  SALINA KS
                                          MONTH:    FEBRUARY
                                          YEAR:     2012
                                          LATITUDE:   38 47 N
                                          LONGITUDE:  97 39 W

[TEMPERATURE DATA]      [PRECIPITATION DATA]       SYMBOLS USED IN COLUMN 16

AVERAGE MONTHLY: 37.6   TOTAL FOR MONTH:   2.02    1 = FOG OR MIST
DPTR FM NORMAL:   2.1   DPTR FM NORMAL:    0.85    2 = FOG REDUCING VISIBILITY
HIGHEST:    69 ON 22    GRTST 24HR  1.73 ON  2- 3      TO 1/4 MILE OR LESS
LOWEST:      7 ON 11                               3 = THUNDER
                        SNOW, ICE PELLETS, HAIL    4 = ICE PELLETS
                        TOTAL MONTH:   0.0 INCH    5 = HAIL
                        GRTST 24HR     0.0         6 = FREEZING RAIN OR DRIZZLE
                        GRTST DEPTH:   0           7 = DUSTSTORM OR SANDSTORM:
                                                       VSBY 1/2 MILE OR LESS
                                                   8 = SMOKE OR HAZE
[NO. OF DAYS WITH]      [WEATHER - DAYS WITH]      9 = BLOWING SNOW
                                                   X = TORNADO
MAX 32 OR BELOW:   3    0.01 INCH OR MORE:   9
MAX 90 OR ABOVE:   0    0.10 INCH OR MORE:   2
MIN 32 OR BELOW:  25    0.50 INCH OR MORE:   1
MIN  0 OR BELOW:   0    1.00 INCH OR MORE:   1

[HDD (BASE 65) ]
TOTAL THIS MO.   787    CLEAR  (SCALE 0-3)  15
DPTR FM NORMAL   -38    PTCLDY (SCALE 4-7)   7
TOTAL FM JUL 1  3581    CLOUDY (SCALE 8-10)  7
DPTR FM NORMAL  -285

[CDD (BASE 65) ]
TOTAL THIS MO.     0
DPTR FM NORMAL     0    [PRESSURE DATA]
TOTAL FM JAN 1     0    HIGHEST SLP M ON M
DPTR FM NORMAL     0    LOWEST  SLP 29.22 ON 23

[REMARKS]
#FINAL-02-12#
