000
CXUS53 KICT 030004
CF6SLN
PRELIMINARY LOCAL CLIMATOLOGICAL DATA (WS FORM: F-6)

                                          STATION:   SALINA KS
                                          MONTH:     APRIL
                                          YEAR:      2012
                                          LATITUDE:   38 47 N
                                          LONGITUDE:  97 39 W

  TEMPERATURE IN F:       :PCPN:    SNOW:  WIND      :SUNSHINE: SKY     :PK WND
================================================================================
1   2   3   4   5  6A  6B    7    8   9   10  11  12  13   14  15   16   17  18
                                     12Z  AVG MX 2MIN
DY MAX MIN AVG DEP HDD CDD  WTR  SNW DPTH SPD SPD DIR MIN PSBL S-S WX    SPD DR
================================================================================

 1  85  58  72  22   0   7 0.00    M    M 13.1 23 170   M    M   1 18     30 170
 2  83  55  69  18   0   4 0.00    M    M 15.4 29 190   M    M   0        35 190
 3  71  53  62  11   3   0 0.03    M    M  8.9 22  30   M    M   6 38     26  30
 4  59  53  56   5   9   0 1.33    M    M 10.0 17  10   M    M   9 13     29 130
 5  56  47  52   0  13   0 0.01    M    M  7.2 13  40   M    M   8 1      16  30
 6  63  39  51  -1  14   0 0.00    M    M  8.2 23 170   M    M   4 12     28 160
 7  66  41  54   2  11   0 0.25    M    M 12.1 28 350   M    M   0 13     35  10
 8  67  34  51  -2  14   0 0.00    M    M  5.8 14 170   M    M   0        21 200
 9  71  39  55   2  10   0 0.00    M    M  3.7 13  50   M    M   3        18  50
10  66  40  53   0  12   0 0.00    M    M  7.5 14  80   M    M   2        18  60
11  59  47  53  -1  12   0 0.00    M    M 10.7 16  90   M    M   9        21 110
12  63  52  58   4   7   0 0.08    M    M 16.2 25 140   M    M  10 1      31 160
13  77  54  66  12   0   1    T    M    M 10.0 26 160   M    M   2 1      35 160
14  74  51  63   8   2   0 1.01    M    M 16.0 36 260   M    M   7 13     48 280
15  70  50  60   5   5   0 0.06    M    M 22.2 43 200   M    M   5 13     56 200
16  67  44  56   1   9   0    T    M    M  8.3 22 300   M    M   3 8      28 290
17  73  42  58   2   7   0 0.00    M    M 10.1 23 190   M    M   0        28 200
18  81  51  66  10   0   1 0.00    M    M  9.8 18 170   M    M   0        23 170
19  73  50  62   6   3   0 0.00    M    M 16.7 29 210   M    M   4        33 210
20  65  40  53  -4  12   0 0.00    M    M 13.2 23 350   M    M   5        29 350
21  76  36  56  -1   9   0 0.00    M    M  8.5 21 360   M    M   0        25 360
22  67  44  56  -1   9   0 0.00    M    M 13.1 24 350   M    M   0        31 340
23  72  33  53  -5  12   0 0.00    M    M  3.8 10 170   M    M   0        14 190
24  95  46  71  13   0   6 0.00    M    M  9.2 18 240   M    M   0        24 230
25  92  59  76  18   0  11 0.00    M    M  7.2 20 300   M    M   0        24 310
26  79  50  65   6   0   0    T    M    M  6.4 16 110   M    M   2        21 110
27  80  56  68   9   0   3 0.06  0.0    0 17.6 33 150   M    M   4 138    43 150
28  72  46  59   0   6   0 0.00    M    M  9.0 17 360   M    M   1 18     22  30
29  67  55  61   1   4   0 0.01    M    M  8.2 16  20   M    M   9 18     21  20
30  73  54  64   4   1   0 0.09    M    M  6.6 38 140   M    M   8 1      45 140
================================================================================
SM 2162 1419       184  33  2.93     0.0 314.7          M      102
================================================================================
AV 72.1 47.3                              10.5 FASTST   M    M   3    MAX(MPH)
                                 MISC ---->  # 43 200               # 56  200
================================================================================
NOTES:
# LAST OF SEVERAL OCCURRENCES

COLUMN 17 PEAK WIND IN M.P.H.

PRELIMINARY LOCAL CLIMATOLOGICAL DATA (WS FORM: F-6) , PAGE 2

                                          STATION:  SALINA KS
                                          MONTH:    APRIL
                                          YEAR:     2012
                                          LATITUDE:   38 47 N
                                          LONGITUDE:  97 39 W

[TEMPERATURE DATA]      [PRECIPITATION DATA]       SYMBOLS USED IN COLUMN 16

AVERAGE MONTHLY: 59.7   TOTAL FOR MONTH:   2.93    1 = FOG OR MIST
DPTR FM NORMAL:   4.5   DPTR FM NORMAL:   -0.12    2 = FOG REDUCING VISIBILITY
HIGHEST:    95 ON 24    GRTST 24HR  1.34 ON  3- 4      TO 1/4 MILE OR LESS
LOWEST:     33 ON 23                               3 = THUNDER
                        SNOW, ICE PELLETS, HAIL    4 = ICE PELLETS
                        TOTAL MONTH:   0.0 INCH    5 = HAIL
                        GRTST 24HR     0.0         6 = FREEZING RAIN OR DRIZZLE
                        GRTST DEPTH:   0           7 = DUSTSTORM OR SANDSTORM:
                                                       VSBY 1/2 MILE OR LESS
                                                   8 = SMOKE OR HAZE
[NO. OF DAYS WITH]      [WEATHER - DAYS WITH]      9 = BLOWING SNOW
                                                   X = TORNADO
MAX 32 OR BELOW:   0    0.01 INCH OR MORE:  10
MAX 90 OR ABOVE:   2    0.10 INCH OR MORE:   3
MIN 32 OR BELOW:   0    0.50 INCH OR MORE:   2
MIN  0 OR BELOW:   0    1.00 INCH OR MORE:   2

[HDD (BASE 65) ]
TOTAL THIS MO.   184    CLEAR  (SCALE 0-3)  16
DPTR FM NORMAL  -134    PTCLDY (SCALE 4-7)  10
TOTAL FM JUL 1  4044    CLOUDY (SCALE 8-10)  4
DPTR FM NORMAL  -724

[CDD (BASE 65) ]
TOTAL THIS MO.    33
DPTR FM NORMAL    10    [PRESSURE DATA]
TOTAL FM JAN 1    75    HIGHEST SLP 30.41 ON  8
DPTR FM NORMAL    50    LOWEST  SLP 29.33 ON 15

[REMARKS]
#FINAL-04-12#
