000
CXUS53 KICT 010800
CF6SLN
PRELIMINARY LOCAL CLIMATOLOGICAL DATA (WS FORM: F-6)

                                          STATION:   SALINA KS
                                          MONTH:     AUGUST
                                          YEAR:      2012
                                          LATITUDE:   38 47 N
                                          LONGITUDE:  97 39 W

  TEMPERATURE IN F:       :PCPN:    SNOW:  WIND      :SUNSHINE: SKY     :PK WND
================================================================================
1   2   3   4   5  6A  6B    7    8   9   10  11  12  13   14  15   16   17  18
                                     12Z  AVG MX 2MIN
DY MAX MIN AVG DEP HDD CDD  WTR  SNW DPTH SPD SPD DIR MIN PSBL S-S WX    SPD DR
================================================================================

 1 100  73  87   6   0  22 0.10    M    M  7.7 40 320   M    M   0 3      54 320
 2  93  73  83   2   0  18    T    M    M 10.9 45 360   M    M   0        55 360
 3 101  74  88   7   0  23 0.08    M    M  7.7 21 280   M    M   1 13     26 280
 4  85  65  75  -6   0  10    T    M    M 12.3 25 340   M    M   2        31 350
 5  93  59  76  -5   0  11 0.00    M    M  5.8 13  10   M    M   0        17  40
 6 101  61  81   0   0  16 0.00    M    M  7.5 16 160   M    M   1        25 150
 7  90  67  79  -2   0  14 0.04    M    M  7.4 25 320   M    M   0 3      31 300
 8 104  65  85   4   0  20 0.00    M    M  7.3 22 340   M    M   1        26 290
 9  90  66  78  -3   0  13 0.00    M    M 11.8 24 350   M    M   0        32 350
10  88  62  75  -6   0  10 0.00    M    M  7.3 20  20   M    M   0        23  10
11  92  57  75  -5   0  10 0.00    M    M  7.2 18 160   M    M   0        24 170
12  93  69  81   1   0  16 0.00    M    M 13.8 28 350   M    M   1        33 340
13  85  59  72  -8   0   7 0.00    M    M  8.4 20 350   M    M   1        23 360
14  78  63  71  -9   0   6 0.00    M    M  9.2 21 150   M    M   5 1      25 160
15  96  60  78  -2   0  13 0.00    M    M  9.9 20 200   M    M   0        28 200
16  82  62  72  -8   0   7    T    M    M 13.5 28  10   M    M   1        32  10
17  82  54  68 -12   0   3 0.00    M    M  3.1 10  50   M    M   2        14  50
18  86  61  74  -6   0   9 0.00    M    M  5.2 14 160   M    M   3        21 200
19  82  56  69 -11   0   4 0.00    M    M  7.6 16 360   M    M   1        20  20
20  90  51  71  -8   0   6 0.00    M    M  3.8 12 130   M    M   0        20 160
21  94  57  76  -3   0  11 0.00    M    M  6.3 17 160   M    M   0        26 200
22  94  60  77  -2   0  12 0.00    M    M 12.5 26 200   M    M   0        35 200
23  96  71  84   5   0  19 0.25    M    M 14.7 29 190   M    M   4 3      37 150
24  80  66  73  -6   0   8 0.98    M    M 13.6 24 140   M    M   7 138    33 200
25  78  68  73  -5   0   8 1.25    M    M  6.7 24 150   M    M   8 13     32 140
26  84  70  77  -1   0  12    T    M    M  5.3 13 350   M    M   6 1      15 360
27  91  65  78   0   0  13 0.00    M    M  2.9 10 160   M    M   0 18     13 160
28  93  62  78   0   0  13 0.00    M    M  5.5 14 200   M    M   0        18 160
29  94  62  78   1   0  13 0.00    M    M  6.6 17 200   M    M   0        22 210
30  97  65  81   4   0  16 0.00    M    M  5.2 14 200   M    M   0        18 190
31  93  65  79   2   0  14 0.00    M    M  6.0 18  20   M    M   0        24  20
================================================================================
SM 2805 1968         0 377  2.70    M    252.7          M       44
================================================================================
AV 90.5 63.5                               8.2 FASTST   M    M   1    MAX(MPH)
                                 MISC ---->  # 45 360               # 55  360
================================================================================
NOTES:
# LAST OF SEVERAL OCCURRENCES

COLUMN 17 PEAK WIND IN M.P.H.

PRELIMINARY LOCAL CLIMATOLOGICAL DATA (WS FORM: F-6) , PAGE 2

                                          STATION:  SALINA KS
                                          MONTH:    AUGUST
                                          YEAR:     2012
                                          LATITUDE:   38 47 N
                                          LONGITUDE:  97 39 W

[TEMPERATURE DATA]      [PRECIPITATION DATA]       SYMBOLS USED IN COLUMN 16

AVERAGE MONTHLY: 77.0   TOTAL FOR MONTH:   2.70    1 = FOG OR MIST
DPTR FM NORMAL:  -2.6   DPTR FM NORMAL:   -1.25    2 = FOG REDUCING VISIBILITY
HIGHEST:   104 ON  8    GRTST 24HR  1.51 ON 24-25      TO 1/4 MILE OR LESS
LOWEST:     51 ON 20                               3 = THUNDER
                        SNOW, ICE PELLETS, HAIL    4 = ICE PELLETS
                        TOTAL MONTH:    M          5 = HAIL
                        GRTST 24HR    M  ON   M    6 = FREEZING RAIN OR DRIZZLE
                        GRTST DEPTH:  M  ON   M    7 = DUSTSTORM OR SANDSTORM:
                                                       VSBY 1/2 MILE OR LESS
                                                   8 = SMOKE OR HAZE
[NO. OF DAYS WITH]      [WEATHER - DAYS WITH]      9 = BLOWING SNOW
                                                   X = TORNADO
MAX 32 OR BELOW:   0    0.01 INCH OR MORE:   6
MAX 90 OR ABOVE:  20    0.10 INCH OR MORE:   4
MIN 32 OR BELOW:   0    0.50 INCH OR MORE:   2
MIN  0 OR BELOW:   0    1.00 INCH OR MORE:   1

[HDD (BASE 65) ]
TOTAL THIS MO.     0    CLEAR  (SCALE 0-3)  26
DPTR FM NORMAL    -1    PTCLDY (SCALE 4-7)   5
TOTAL FM JUL 1     0    CLOUDY (SCALE 8-10)  0
DPTR FM NORMAL    -1

[CDD (BASE 65) ]
TOTAL THIS MO.   377
DPTR FM NORMAL   -76    [PRESSURE DATA]
TOTAL FM JAN 1  1878    HIGHEST SLP M ON M
DPTR FM NORMAL   471    LOWEST  SLP 29.65 ON M

[REMARKS]
#FINAL-08-12#
