000
CXUS53 KICT 010800
CF6SLN
PRELIMINARY LOCAL CLIMATOLOGICAL DATA (WS FORM: F-6)

                                          STATION:   SALINA KS
                                          MONTH:     OCTOBER
                                          YEAR:      2013
                                          LATITUDE:   38 47 N
                                          LONGITUDE:  97 39 W

  TEMPERATURE IN F:       :PCPN:    SNOW:  WIND      :SUNSHINE: SKY     :PK WND
================================================================================
1   2   3   4   5  6A  6B    7    8   9   10  11  12  13   14  15   16   17  18
                                     12Z  AVG MX 2MIN
DY MAX MIN AVG DEP HDD CDD  WTR  SNW DPTH SPD SPD DIR MIN PSBL S-S WX    SPD DR
================================================================================

 1  88  54  71   8   0   6 0.00    M    M  6.7 16 150   M    M   0        26 200
 2  87  63  75  12   0  10 0.00    M    M 13.0 23 160   M    M   3 18     31 160
 3  90  65  78  16   0  13    T    M    M 15.3 28 190   M    M   4        38 190
 4  92  50  71   9   0   6 0.03    M    M 21.3 33 200   M    M   3        40 200
 5  64  46  55  -7  10   0    T    M    M 16.6 29 290   M    M   5        36 290
 6  70  44  57  -4   8   0 0.00    M    M 13.9 28 310   M    M   2 8      36 310
 7  79  38  59  -2   6   0 0.00    M    M  7.3 16 200   M    M   0        22 210
 8  82  53  68   8   0   3 0.00    M    M 16.6 29 170   M    M   0        37 160
 9  83  57  70  10   0   5 0.00    M    M 17.0 28 170   M    M   0        35 160
10  85  61  73  13   0   8 0.00    M    M 18.5 29 160   M    M   0        36 160
11  83  54  69  10   0   4 0.01    M    M 14.8 24 200   M    M   1        35 210
12  71  44  58  -1   7   0 0.00    M    M  5.4 12  30   M    M   0         M  M
13  74  36  55  -4  10   0    T    M    M  9.9 24 140   M    M   2 8      31 110
14  66  53  60   2   5   0 0.33    M    M 17.7 32 160   M    M  10 123    41 250
15  61  44  53  -5  12   0 0.00    M    M 15.3 28 310   M    M   3        33 330
16  58  38  48 -10  17   0 0.00    M    M  8.7 16 320   M    M   5        20 340
17  68  37  53  -4  12   0 0.00    M    M  8.8 21 330   M    M   0        24 330
18  42  33  38 -19  27   0 0.43    M    M  6.9 20  20   M    M   5 12     25  10
19  68  29  49  -7  16   0 0.00    M    M  8.4 20 230   M    M   0        25 250
20  69  38  54  -2  11   0 0.00    M    M  6.8 15  10   M    M   0        20 360
21  63  37  50  -6  15   0 0.00    M    M  6.8 18 260   M    M   2        24 270
22  69  43  56   1   9   0 0.00    M    M 11.3 28 330   M    M   2        32 330
23  70  32  51  -4  14   0 0.00    M    M  6.6 25  10   M    M   1        33  10
24  53  32  43 -12  22   0 0.00    M    M  4.5 13  40   M    M   2 18     17  40
25  60  29  45  -9  20   0 0.00    M    M  9.1 21 200   M    M   2        25 200
26  64  31  48  -6  17   0 0.00    M    M  7.4 20  10   M    M   0        29  10
27  73  28  51  -3  14   0 0.00    M    M  9.0 21 190   M    M   0        26 200
28  67  39  53   0  12   0 0.02    M    M 10.9 21 140   M    M   6 138    25 140
29  68  52  60   7   5   0 0.31    M    M  8.9 26 170   M    M   8 1238   33 170
30  52  49  51  -1  14   0 0.05    M    M  7.8 16 340   M    M  10 123    18 340
31  65  45  55   3  10   0 0.01    M    M  9.9 26 290   M    M   5        32 300
================================================================================
SM 2184 1354       293  55  1.19    M    341.1          M       81
================================================================================
AV 70.5 43.7                              11.0 FASTST   M    M   3    MAX(MPH)
                                 MISC ---->  # 33 200               # 41  250
================================================================================
NOTES:
# LAST OF SEVERAL OCCURRENCES

COLUMN 17 PEAK WIND IN M.P.H.

PRELIMINARY LOCAL CLIMATOLOGICAL DATA (WS FORM: F-6) , PAGE 2

                                          STATION:  SALINA KS
                                          MONTH:    OCTOBER
                                          YEAR:     2013
                                          LATITUDE:   38 47 N
                                          LONGITUDE:  97 39 W

[TEMPERATURE DATA]      [PRECIPITATION DATA]       SYMBOLS USED IN COLUMN 16

AVERAGE MONTHLY: 57.1   TOTAL FOR MONTH:   1.19    1 = FOG OR MIST
DPTR FM NORMAL:  -0.4   DPTR FM NORMAL:   -1.08    2 = FOG REDUCING VISIBILITY
HIGHEST:    92 ON  4    GRTST 24HR  0.43 ON 18-18      TO 1/4 MILE OR LESS
LOWEST:     28 ON 27                               3 = THUNDER
                        SNOW, ICE PELLETS, HAIL    4 = ICE PELLETS
                        TOTAL MONTH:    M          5 = HAIL
                        GRTST 24HR    M  ON   M    6 = FREEZING RAIN OR DRIZZLE
                        GRTST DEPTH:  M  ON   M    7 = DUSTSTORM OR SANDSTORM:
                                                       VSBY 1/2 MILE OR LESS
                                                   8 = SMOKE OR HAZE
[NO. OF DAYS WITH]      [WEATHER - DAYS WITH]      9 = BLOWING SNOW
                                                   X = TORNADO
MAX 32 OR BELOW:   0    0.01 INCH OR MORE:   8
MAX 90 OR ABOVE:   2    0.10 INCH OR MORE:   3
MIN 32 OR BELOW:   6    0.50 INCH OR MORE:   0
MIN  0 OR BELOW:   0    1.00 INCH OR MORE:   0

[HDD (BASE 65) ]
TOTAL THIS MO.   293    CLEAR  (SCALE 0-3)  20
DPTR FM NORMAL    27    PTCLDY (SCALE 4-7)   9
TOTAL FM JUL 1   305    CLOUDY (SCALE 8-10)  2
DPTR FM NORMAL   -13

[CDD (BASE 65) ]
TOTAL THIS MO.    55
DPTR FM NORMAL    21    [PRESSURE DATA]
TOTAL FM JAN 1  1750    HIGHEST SLP M ON M
DPTR FM NORMAL   104    LOWEST  SLP 29.58 ON 31

[REMARKS]
#FINAL-10-13#
