000
CXUS53 KICT 010800
CF6SLN
PRELIMINARY LOCAL CLIMATOLOGICAL DATA (WS FORM: F-6)

                                          STATION:   SALINA KS
                                          MONTH:     JANUARY
                                          YEAR:      2012
                                          LATITUDE:   38 47 N
                                          LONGITUDE:  97 39 W

  TEMPERATURE IN F:       :PCPN:    SNOW:  WIND      :SUNSHINE: SKY     :PK WND
================================================================================
1   2   3   4   5  6A  6B    7    8   9   10  11  12  13   14  15   16   17  18
                                     12Z  AVG MX 2MIN
DY MAX MIN AVG DEP HDD CDD  WTR  SNW DPTH SPD SPD DIR MIN PSBL S-S WX    SPD DR
================================================================================

 1  48  29  39   8  26   0 0.00    M    M 14.0 25 310   M    M   0        31 300
 2  41  19  30  -1  35   0 0.00    M    M  7.9 15 290   M    M   0        20 320
 3  51  21  36   5  29   0 0.00    M    M  9.5 22 200   M    M   0        28 190
 4  59  29  44  13  21   0 0.00    M    M  7.5 14 260   M    M   0        16 260
 5  70  28  49  18  16   0 0.00    M    M  6.3 14 200   M    M   0        16 190
 6  59  30  45  14  20   0 0.00    M    M  9.3 24 360   M    M   0        36 350
 7  43  23  33   2  32   0 0.00    M    M  4.1  9 320   M    M   1         9 350
 8  47  25  36   5  29   0 0.00    M    M  3.8 12  60   M    M   4        14  40
 9  53  20  37   6  28   0 0.00    M    M  4.8 16 220   M    M   0        20 220
10  57  22  40   9  25   0 0.00    M    M  3.9 10 210   M    M   0        13 220
11  41  20  31   0  34   0    T    M    M 19.6 39 350   M    M   5 18     47 340
12  30  15  23  -8  42   0    T    M    M 17.7 31 320   M    M   5        39 330
13  45  11  28  -3  37   0 0.00    M    M  5.8 15 240   M    M   1        18 240
14  48  24  36   5  29   0 0.00    M    M 11.5 21 310   M    M   0        26 310
15  62  29  46  15  19   0 0.00    M    M 13.9 25 190   M    M   0        32 190
16  47  23  35   4  30   0    T    M    M 11.5 29 340   M    M   2        37 330
17  27   9  18 -13  47   0    T    M    M 14.0 31 330   M    M   1        38 350
18  40   9  25  -6  40   0    T    M    M 12.7 31 200   M    M   0        37 190
19  33  12  23  -8  42   0 0.00    M    M 11.0 23  30   M    M   0        30  30
20  29  13  21 -10  44   0 0.00    M    M  9.6 21 360   M    M   0        25  10
21  36   9  23  -8  42   0 0.00    M    M 11.9 25 150   M    M   0        31 160
22  54  31  43  12  22   0 0.15    M    M 19.9 32 320   M    M   4 1      40 190
23  50  27  39   8  26   0 0.00    M    M  9.6 22 280   M    M   0        26 280
24  60  25  43  12  22   0 0.00    M    M  6.8 23 160   M    M   3        28 160
25  48  25  37   6  28   0 0.00    M    M  6.9 17 310   M    M   1 18     21 320
26  57  23  40   8  25   0 0.00    M    M 10.6 32 330   M    M   0        40 330
27  52  26  39   7  26   0 0.00    M    M 11.3 32 350   M    M   2        38 360
28  51  19  35   3  30   0 0.00    M    M 10.7 26 280   M    M   0        36 270
29  58  18  38   6  27   0 0.00    M    M  6.1 15 200   M    M   1        18 260
30  64  30  47  15  18   0 0.00    M    M 10.7 24 190   M    M   0        30 190
31  63  30  47  15  18   0 0.00    M    M  9.1 21 340   M    M   0 12     25 350
================================================================================
SM 1523  674       909   0  0.15    M    312.0          M       30
================================================================================
AV 49.1 21.7                              10.1 FASTST   M    M   1    MAX(MPH)
                                 MISC ---->  # 39 350               # 47  340
================================================================================
NOTES:
# LAST OF SEVERAL OCCURRENCES

COLUMN 17 PEAK WIND IN M.P.H.

PRELIMINARY LOCAL CLIMATOLOGICAL DATA (WS FORM: F-6) , PAGE 2

                                          STATION:  SALINA KS
                                          MONTH:    JANUARY
                                          YEAR:     2012
                                          LATITUDE:   38 47 N
                                          LONGITUDE:  97 39 W

[TEMPERATURE DATA]      [PRECIPITATION DATA]       SYMBOLS USED IN COLUMN 16

AVERAGE MONTHLY: 35.4   TOTAL FOR MONTH:   0.15    1 = FOG OR MIST
DPTR FM NORMAL:   4.4   DPTR FM NORMAL:   -0.48    2 = FOG REDUCING VISIBILITY
HIGHEST:    70 ON  5    GRTST 24HR  0.15 ON 22-22      TO 1/4 MILE OR LESS
LOWEST:      9 ON 21,18                            3 = THUNDER
                        SNOW, ICE PELLETS, HAIL    4 = ICE PELLETS
                        TOTAL MONTH:    M          5 = HAIL
                        GRTST 24HR    M  ON   M    6 = FREEZING RAIN OR DRIZZLE
                        GRTST DEPTH:  M  ON   M    7 = DUSTSTORM OR SANDSTORM:
                                                       VSBY 1/2 MILE OR LESS
                                                   8 = SMOKE OR HAZE
[NO. OF DAYS WITH]      [WEATHER - DAYS WITH]      9 = BLOWING SNOW
                                                   X = TORNADO
MAX 32 OR BELOW:   3    0.01 INCH OR MORE:   1
MAX 90 OR ABOVE:   0    0.10 INCH OR MORE:   1
MIN 32 OR BELOW:  31    0.50 INCH OR MORE:   0
MIN  0 OR BELOW:   0    1.00 INCH OR MORE:   0

[HDD (BASE 65) ]
TOTAL THIS MO.   909    CLEAR  (SCALE 0-3)  27
DPTR FM NORMAL  -143    PTCLDY (SCALE 4-7)   4
TOTAL FM JUL 1  2794    CLOUDY (SCALE 8-10)  0
DPTR FM NORMAL  -222

[CDD (BASE 65) ]
TOTAL THIS MO.     0
DPTR FM NORMAL     0    [PRESSURE DATA]
TOTAL FM JAN 1     0    HIGHEST SLP M ON M
DPTR FM NORMAL     0    LOWEST  SLP 29.31 ON 22

[REMARKS]
#FINAL-01-12#
