000
CXUS53 KICT 040427
CF6SLN
PRELIMINARY LOCAL CLIMATOLOGICAL DATA (WS FORM: F-6)

                                          STATION:   SALINA KS
                                          MONTH:     FEBRUARY
                                          YEAR:      2013
                                          LATITUDE:   38 47 N
                                          LONGITUDE:  97 39 W

  TEMPERATURE IN F:       :PCPN:    SNOW:  WIND      :SUNSHINE: SKY     :PK WND
================================================================================
1   2   3   4   5  6A  6B    7    8   9   10  11  12  13   14  15   16   17  18
                                     12Z  AVG MX 2MIN
DY MAX MIN AVG DEP HDD CDD  WTR  SNW DPTH SPD SPD DIR MIN PSBL S-S WX    SPD DR
================================================================================

 1  36   7  22 -10  43   0 0.02    M    M  8.8 23 200   M    M   3        28 210
 2  54  23  39   7  26   0 0.00    M    M 10.0 17 290   M    M   2        22 260
 3  55  25  40   8  25   0 0.00    M    M  9.0 24 190   M    M   0        32 190
 4  49  27  38   5  27   0 0.00    M    M  7.0 16  20   M    M   0        18  20
 5  63  25  44  11  21   0 0.00    M    M  5.6 12 300   M    M   0        14  80
 6  62  30  46  13  19   0 0.00    M    M 11.2 26 190   M    M   4 1      35 190
 7  55  32  44  11  21   0 1.14    M    M 11.7 24 340   M    M   4 13     30 340
 8  41  28  35   1  30   0 0.00    M    M  8.0 20 150   M    M   5 128    24 140
 9  52  35  44  10  21   0 0.02    M    M 17.5 31 170   M    M   4 138    38 160
10  47  34  41   7  24   0    T    M    M 23.1 39 270   M    M   4 1      46 280
11  45  26  36   2  29   0 0.00    M    M  8.1 21 320   M    M   0        24 320
12  44  26  35   1  30   0 0.00    M    M  3.8 10 250   M    M   3        13 250
13  58  23  41   6  24   0 0.00    M    M  8.5 23 290   M    M   0        32 280
14  49  28  39   4  26   0 0.00    M    M 12.7 31 340   M    M   3        37 330
15  43  18  31  -4  34   0    T    M    M  9.7 28 340   M    M   3        35 350
16  55  14  35  -1  30   0 0.00    M    M  8.4 23 200   M    M   3        28 200
17  69  25  47  11  18   0 0.00    M    M  9.5 20 170   M    M   0        26 170
18  53  25  39   3  26   0 0.00    M    M 18.5 40 350   M    M   2        49 340
19  41  20  31  -6  34   0 0.00    M    M  8.8 17 350   M    M   0        21 350
20  29  21  25 -12  40   0 0.40    M    M 12.1 20  90   M    M   8 1      25 110
21  24  13  19 -18  46   0 0.58    M    M 11.5 17  80   M    M  10 128    22 100
22  25   6  16 -22  49   0 0.00    M    M 10.1 20 310   M    M   0 18     23 290
23  35  -2  17 -21  48   0 0.00    M    M  6.2 14 190   M    M   0 18     17 190
24  41  13  27 -11  38   0    T    M    M  7.1 17  10   M    M   5 18     22  10
25  36  32  34  -5  31   0 0.23    M    M 17.1 26  10   M    M  10 18     35 360
26  35  27  31  -8  34   0    M    M    M 15.3 25 330   M    M   8 18     29 330
27  40  27  34  -6  31   0    T    M    M 15.2 25 320   M    M   5 18     30 320
28  37  28  33  -7  32   0    T    M    M 11.5 20 330   M    M   9        22 330
================================================================================
SM 1273  636       857   0  2.39    M    306.0          M       95
================================================================================
AV 45.5 22.7                              10.9 FASTST   M    M   3    MAX(MPH)
                                 MISC ---->  # 40 350               # 49  340
================================================================================
NOTES:
# LAST OF SEVERAL OCCURRENCES

COLUMN 17 PEAK WIND IN M.P.H.

PRELIMINARY LOCAL CLIMATOLOGICAL DATA (WS FORM: F-6) , PAGE 2

                                          STATION:  SALINA KS
                                          MONTH:    FEBRUARY
                                          YEAR:     2013
                                          LATITUDE:   38 47 N
                                          LONGITUDE:  97 39 W

[TEMPERATURE DATA]      [PRECIPITATION DATA]       SYMBOLS USED IN COLUMN 16

AVERAGE MONTHLY: 34.1   TOTAL FOR MONTH:   2.39    1 = FOG OR MIST
DPTR FM NORMAL:  -1.4   DPTR FM NORMAL:    1.22    2 = FOG REDUCING VISIBILITY
HIGHEST:    69 ON 17    GRTST 24HR  1.14 ON  7- 7      TO 1/4 MILE OR LESS
LOWEST:     -2 ON 23                               3 = THUNDER
                        SNOW, ICE PELLETS, HAIL    4 = ICE PELLETS
                        TOTAL MONTH:    M          5 = HAIL
                        GRTST 24HR    M  ON   M    6 = FREEZING RAIN OR DRIZZLE
                        GRTST DEPTH:  M  ON   M    7 = DUSTSTORM OR SANDSTORM:
                                                       VSBY 1/2 MILE OR LESS
                                                   8 = SMOKE OR HAZE
[NO. OF DAYS WITH]      [WEATHER - DAYS WITH]      9 = BLOWING SNOW
                                                   X = TORNADO
MAX 32 OR BELOW:   3    0.01 INCH OR MORE:   6
MAX 90 OR ABOVE:   0    0.10 INCH OR MORE:   4
MIN 32 OR BELOW:  26    0.50 INCH OR MORE:   2
MIN  0 OR BELOW:   1    1.00 INCH OR MORE:   1

[HDD (BASE 65) ]
TOTAL THIS MO.   857    CLEAR  (SCALE 0-3)  13
DPTR FM NORMAL    32    PTCLDY (SCALE 4-7)  12
TOTAL FM JUL 1  3622    CLOUDY (SCALE 8-10)  3
DPTR FM NORMAL  -219

[CDD (BASE 65) ]
TOTAL THIS MO.     0
DPTR FM NORMAL     0    [PRESSURE DATA]
TOTAL FM JAN 1     0    HIGHEST SLP 30.48 ON  1
DPTR FM NORMAL     0    LOWEST  SLP 29.40 ON 10

[REMARKS]
#FINAL-02-13#
