000
CXUS53 KICT 012222
CF6SLN
PRELIMINARY LOCAL CLIMATOLOGICAL DATA (WS FORM: F-6)

                                          STATION:   SALINA KS
                                          MONTH:     MARCH
                                          YEAR:      2012
                                          LATITUDE:   38 47 N
                                          LONGITUDE:  97 39 W

  TEMPERATURE IN F:       :PCPN:    SNOW:  WIND      :SUNSHINE: SKY     :PK WND
================================================================================
1   2   3   4   5  6A  6B    7    8   9   10  11  12  13   14  15   16   17  18
                                     12Z  AVG MX 2MIN
DY MAX MIN AVG DEP HDD CDD  WTR  SNW DPTH SPD SPD DIR MIN PSBL S-S WX    SPD DR
================================================================================

 1  63  29  46   6  19   0 0.00    M    M 10.7 28  10   M    M   1        35 360
 2  56  31  44   3  21   0    T    M    M 14.4 24 320   M    M   4        29 340
 3  51  18  35  -6  30   0 0.00    M    M  8.8 23 310   M    M   1        29 300
 4  69  29  49   8  16   0 0.00    M    M 15.9 38 320   M    M   2        48 310
 5  64  23  44   2  21   0 0.00    M    M 12.9 28 190   M    M   0        36 190
 6  73  52  63  21   2   0 0.00    M    M 22.1 35 180   M    M   0        49 190
 7  65  39  52  10  13   0 0.00    M    M 20.1 35 200   M    M   5        49 190
 8  54  25  40  -3  25   0 0.08    M    M 11.0 24  10   M    M   2 38     30 360
 9  63  21  42  -1  23   0 0.00    M    M  5.0 15 200   M    M   0        18 200
10  64  29  47   3  18   0 0.00    M    M 11.8 26 200   M    M   1        32 200
11  50  37  44   0  21   0 0.06    M    M  8.9 16 170   M    M  10 1      21 190
12  83  37  60  16   5   0    T    M    M  9.8 21 300   M    M   2 128    25 300
13  81  38  60  15   5   0 0.00    M    M 11.8 21 170   M    M   0 1      31 170
14  85  61  73  28   0   8 0.00    M    M 14.3 23 220   M    M   0        31 190
15  80  58  69  24   0   4 0.00    M    M  8.5 17 200   M    M   5 18     24 210
16  79  54  67  21   0   2 0.00    M    M 14.0 26 170   M    M   3 12     35 170
17  81  64  73  27   0   8 0.00    M    M 20.5 32 190   M    M   3        39 190
18  75  63  69  23   0   4 0.00    M    M 21.3 31 160   M    M   7        40 160
19  69  53  61  15   4   0 0.37    M    M 14.8 28 230   M    M   7 13     38 170
20  57  51  54   7  11   0 0.22    M    M  8.2 21 360   M    M   8 1      24  10
21  60  47  54   7  11   0 1.07    M    M  7.5 28 210   M    M  10 1      35 210
22  56  44  50   2  15   0 0.07    M    M  5.3 18 140   M    M   6        22 140
23  69  45  57   9   8   0    T    M    M  6.4 15 360   M    M   6 1      18  20
24  75  41  58  10   7   0 0.00    M    M  4.2 12 160   M    M   0        15 150
25  77  45  61  13   4   0 0.00    M    M  6.2 17 160   M    M   0 1      22 160
26  79  54  67  18   0   2 0.00    M    M 15.5 25 170   M    M   0        33 190
27  80  54  67  18   0   2 0.00    M    M  7.6 30 190   M    M   1        40 190
28  79  52  66  17   0   1 0.00    M    M  6.2 20 170   M    M   3 8      24 170
29  85  57  71  21   0   6 0.00    M    M 12.0 25 270   M    M   2 1      39 220
30  82  49  66  16   0   1 0.00    M    M  6.7 12 340   M    M   0 1      15 340
31  86  51  69  19   0   4 0.00    M    M  7.6 17 210   M    M   0        20 200
================================================================================
SM 2190 1351       279  42  1.87    M    350.0          M       89
================================================================================
AV 70.6 43.6                              11.3 FASTST   M    M   3    MAX(MPH)
                                 MISC ---->  # 38 320               # 49  190
================================================================================
NOTES:
# LAST OF SEVERAL OCCURRENCES

COLUMN 17 PEAK WIND IN M.P.H.

PRELIMINARY LOCAL CLIMATOLOGICAL DATA (WS FORM: F-6) , PAGE 2

                                          STATION:  SALINA KS
                                          MONTH:    MARCH
                                          YEAR:     2012
                                          LATITUDE:   38 47 N
                                          LONGITUDE:  97 39 W

[TEMPERATURE DATA]      [PRECIPITATION DATA]       SYMBOLS USED IN COLUMN 16

AVERAGE MONTHLY: 57.1   TOTAL FOR MONTH:   1.87    1 = FOG OR MIST
DPTR FM NORMAL:  11.7   DPTR FM NORMAL:   -0.52    2 = FOG REDUCING VISIBILITY
HIGHEST:    86 ON 31    GRTST 24HR  1.07 ON 21-21      TO 1/4 MILE OR LESS
LOWEST:     18 ON  3                               3 = THUNDER
                        SNOW, ICE PELLETS, HAIL    4 = ICE PELLETS
                        TOTAL MONTH:    M          5 = HAIL
                        GRTST 24HR    M  ON   M    6 = FREEZING RAIN OR DRIZZLE
                        GRTST DEPTH:  M  ON   M    7 = DUSTSTORM OR SANDSTORM:
                                                       VSBY 1/2 MILE OR LESS
                                                   8 = SMOKE OR HAZE
[NO. OF DAYS WITH]      [WEATHER - DAYS WITH]      9 = BLOWING SNOW
                                                   X = TORNADO
MAX 32 OR BELOW:   0    0.01 INCH OR MORE:   6
MAX 90 OR ABOVE:   0    0.10 INCH OR MORE:   3
MIN 32 OR BELOW:   8    0.50 INCH OR MORE:   1
MIN  0 OR BELOW:   0    1.00 INCH OR MORE:   1

[HDD (BASE 65) ]
TOTAL THIS MO.   279    CLEAR  (SCALE 0-3)  20
DPTR FM NORMAL  -330    PTCLDY (SCALE 4-7)   8
TOTAL FM JUL 1  3860    CLOUDY (SCALE 8-10)  3
DPTR FM NORMAL  -590

[CDD (BASE 65) ]
TOTAL THIS MO.    42
DPTR FM NORMAL    40    [PRESSURE DATA]
TOTAL FM JAN 1    42    HIGHEST SLP 30.59 ON  9
DPTR FM NORMAL    40    LOWEST  SLP 29.53 ON 19

[REMARKS]
#FINAL-03-12#
