000
CXUS53 KICT 010800
CF6SLN
PRELIMINARY LOCAL CLIMATOLOGICAL DATA (WS FORM: F-6)

                                          STATION:   SALINA KS
                                          MONTH:     JULY
                                          YEAR:      2013
                                          LATITUDE:   38 47 N
                                          LONGITUDE:  97 39 W

  TEMPERATURE IN F:       :PCPN:    SNOW:  WIND      :SUNSHINE: SKY     :PK WND
================================================================================
1   2   3   4   5  6A  6B    7    8   9   10  11  12  13   14  15   16   17  18
                                     12Z  AVG MX 2MIN
DY MAX MIN AVG DEP HDD CDD  WTR  SNW DPTH SPD SPD DIR MIN PSBL S-S WX    SPD DR
================================================================================

 1  85  56  71  -9   0   6 0.00    M    M  8.4 20  20   M    M   0 8      25  10
 2  87  57  72  -8   0   7 0.00    M    M  5.0 15  70   M    M   1        18  80
 3  90  59  75  -5   0  10 0.00    M    M  6.5 14 160   M    M   1 3      22 160
 4  93  65  79  -1   0  14 0.01    M    M 11.1 22 190   M    M   2        25 190
 5  95  71  83   2   0  18 0.00    M    M 17.5 30 170   M    M   1        39 160
 6  91  76  84   3   0  19    T    M    M 18.5 28 160   M    M   1        36 170
 7 102  76  89   8   0  24    T    M    M 17.4 29 210   M    M   0        36 190
 8 103  73  88   7   0  23 0.02    M    M 14.2 28 190   M    M   1        36 190
 9 108  74  91  10   0  26 0.64    M    M 11.4 47 270   M    M   2 3      56 270
10  94  70  82   1   0  17 0.00    M    M  9.0 16  70   M    M   1        24  80
11  91  69  80  -1   0  15 0.74    M    M 10.7 28 130   M    M   3 13     33 140
12 100  71  86   5   0  21 0.00    M    M   M   M   M   M    M   1         M  M
13  99  77  88   7   0  23 0.00    M    M 13.4 22 130   M    M   1        29 130
14  86  69  78  -3   0  13 0.33    M    M  7.7 23 150   M    M   3 13     29 150
15  89  65  77  -4   0  12 0.18    M    M  5.5 29 150   M    M   2 18     37 160
16  90  64  77  -5   0  12 0.00    M    M  6.7 15 150   M    M   2        21 170
17  92  69  81  -1   0  16    T    M    M  4.6 26 140   M    M   1        32 150
18  94  69  82   0   0  17 0.00    M    M 11.5 24 200   M    M   1 1      32 220
19  99  71  85   3   0  20 0.00    M    M  8.1 22  30   M    M   1 3      26  20
20  96  71  84   2   0  19 0.37    M    M  6.9 23 360   M    M   4 138    29 360
21  87  71  79  -3   0  14 0.00    M    M  4.5 13 200   M    M   7        15 200
22  93  74  84   2   0  19 0.00    M    M  6.9 24 200   M    M   1        28 200
23  95  70  83   1   0  18 0.04    M    M  9.9 23  90   M    M   1        31  50
24  90  67  79  -3   0  14 0.00    M    M  6.5 14  20   M    M   0        18  40
25  80  67  74  -7   0   9 0.59    M    M  6.2 15 190   M    M   4 13     18 190
26  87  66  77  -4   0  12 0.10    M    M  8.7 21  30   M    M   4 1      25  10
27  71  60  66 -15   0   1 0.14    M    M  6.2 15 360   M    M   4 13     17  10
28  66  57  62 -19   3   0 1.75    M    M  7.8 15 110   M    M  10 1      20 110
29  72  63  68 -13   0   3 0.85    M    M  7.2 17 120   M    M   8 13     21 120
30  80  69  75  -6   0  10    T    M    M  5.4 13  20   M    M   9 1      16  10
31  87  65  76  -5   0  11 0.00    M    M  2.1  9 190   M    M   4 128    14 190
================================================================================
SM 2792 2101         3 443  5.76    M    265.5          M       81
================================================================================
AV 90.1 67.8                               8.8 FASTST   M    M   3    MAX(MPH)
                                 MISC ---->  # 47 270               # 56  270
================================================================================
NOTES:
# LAST OF SEVERAL OCCURRENCES

COLUMN 17 PEAK WIND IN M.P.H.

PRELIMINARY LOCAL CLIMATOLOGICAL DATA (WS FORM: F-6) , PAGE 2

                                          STATION:  SALINA KS
                                          MONTH:    JULY
                                          YEAR:     2013
                                          LATITUDE:   38 47 N
                                          LONGITUDE:  97 39 W

[TEMPERATURE DATA]      [PRECIPITATION DATA]       SYMBOLS USED IN COLUMN 16

AVERAGE MONTHLY: 78.9   TOTAL FOR MONTH:   5.76    1 = FOG OR MIST
DPTR FM NORMAL:  -2.2   DPTR FM NORMAL:    1.47    2 = FOG REDUCING VISIBILITY
HIGHEST:   108 ON  9    GRTST 24HR  1.77 ON 28-29      TO 1/4 MILE OR LESS
LOWEST:     56 ON  1                               3 = THUNDER
                        SNOW, ICE PELLETS, HAIL    4 = ICE PELLETS
                        TOTAL MONTH:    M          5 = HAIL
                        GRTST 24HR    M  ON   M    6 = FREEZING RAIN OR DRIZZLE
                        GRTST DEPTH:  M  ON   M    7 = DUSTSTORM OR SANDSTORM:
                                                       VSBY 1/2 MILE OR LESS
                                                   8 = SMOKE OR HAZE
[NO. OF DAYS WITH]      [WEATHER - DAYS WITH]      9 = BLOWING SNOW
                                                   X = TORNADO
MAX 32 OR BELOW:   0    0.01 INCH OR MORE:  13
MAX 90 OR ABOVE:  19    0.10 INCH OR MORE:  10
MIN 32 OR BELOW:   0    0.50 INCH OR MORE:   5
MIN  0 OR BELOW:   0    1.00 INCH OR MORE:   1

[HDD (BASE 65) ]
TOTAL THIS MO.     3    CLEAR  (SCALE 0-3)  22
DPTR FM NORMAL     3    PTCLDY (SCALE 4-7)   7
TOTAL FM JUL 1     3    CLOUDY (SCALE 8-10)  2
DPTR FM NORMAL     3

[CDD (BASE 65) ]
TOTAL THIS MO.   443
DPTR FM NORMAL   -58    [PRESSURE DATA]
TOTAL FM JAN 1   971    HIGHEST SLP M ON M
DPTR FM NORMAL    17    LOWEST  SLP 29.72 ON 23

[REMARKS]
#FINAL-07-13#
