000
CXUS53 KICT 130320
CF6SLN
PRELIMINARY LOCAL CLIMATOLOGICAL DATA (WS FORM: F-6)

                                          STATION:   SALINA KS
                                          MONTH:     DECEMBER
                                          YEAR:      2012
                                          LATITUDE:   38 47 N
                                          LONGITUDE:  97 39 W

  TEMPERATURE IN F:       :PCPN:    SNOW:  WIND      :SUNSHINE: SKY     :PK WND
================================================================================
1   2   3   4   5  6A  6B    7    8   9   10  11  12  13   14  15   16   17  18
                                     12Z  AVG MX 2MIN
DY MAX MIN AVG DEP HDD CDD  WTR  SNW DPTH SPD SPD DIR MIN PSBL S-S WX    SPD DR
================================================================================

 1  64  39  52  16  13   0 0.01    M    M  4.1 13 170   M    M   6 18     16 170
 2  66  33  50  14  15   0 0.00    M    M  4.8 14 170   M    M   0 1      18 170
 3  64  41  53  18  12   0 0.00    M    M 13.7 26 360   M    M   0        32 190
 4  63  25  44   9  21   0 0.00    M    M  4.8 13 270   M    M   0        14 260
 5  63  30  47  13  18   0 0.00    M    M 11.8 26 160   M    M   0        31 160
 6  55  32  44  10  21   0 0.00    M    M  9.1 18 170   M    M   2        25 160
 7  45  30  38   4  27   0    T    M    M  4.8 10 310   M    M   6        13 330
 8  48  26  37   3  28   0    T    M    M  5.7 14 130   M    M   3 18     17 120
 9  43  18  31  -2  34   0    T    M    M 17.9 29 330   M    M   7 12     35 320
10  36   6  21 -12  44   0 0.00    M    M  9.7 26 330   M    M   0        32 330
11  47  13  30  -3  35   0 0.00    M    M  5.1 14 250   M    M   0        16 220
12  54  23  39   7  26   0 0.00    M    M 15.0 26 170   M    M   0        36 200
13  56  31  44  12  21   0 0.00    M    M  9.0 20 200   M    M   0        30 190
14  59  34  47  15  18   0 0.05    M    M 13.9 26 160   M    M   4 13     36 160
15  58  35  47  15  18   0 0.00    M    M  9.7 30 170   M    M   3 1      38 160
16  44  24  34   2  31   0    T    M    M  4.9 17 340   M    M   2 1268   21 340
17  54  22  38   6  27   0 0.00    M    M  6.9 15 200   M    M   2 18     21 190
18  59  26  43  11  22   0 0.00    M    M  8.2 21 340   M    M   0 8      26 330
19  46  30  38   7  27   0 0.04    M    M 15.4 44 350   M    M   6 18     55 350
20  35  16  26  -5  39   0 0.01    M    M 19.6 43 330   M    M   3 18     53 330
21  41  12  27  -4  38   0 0.00    M    M  2.0  7 190   M    M   0         8 190
22  48  17  33   2  32   0 0.00    M    M  4.3 12 210   M    M   0        14 210
23  29  16  23  -8  42   0 0.00    M    M  9.0 15 330   M    M   2 18     18 320
24  26  15  21 -10  44   0 0.00    M    M 10.9 20  20   M    M   1 18     23  20
25  20  11  16 -15  49   0    T    M    M 17.1 28  10   M    M   7        33  10
26  26   6  16 -15  49   0 0.00    M    M  6.8 15 310   M    M   0        16 310
27  33  17  25  -6  40   0 0.00    M    M  9.2 21 150   M    M   6        25 150
28  29  11  20 -11  45   0 0.00    M    M 12.6 22 320   M    M   4        26 300
29  44   6  25  -6  40   0 0.00    M    M  6.0 16 270   M    M   0        20 270
30  49  18  34   3  31   0    T    M    M 13.6 36 210   M    M   0        45 210
31  37  22  30  -1  35   0    T    M    M  8.8 16  10   M    M   9 18     21  30
================================================================================
SM 1441  685       942   0  0.11    M    294.4          M       73
================================================================================
AV 46.5 22.1                               9.5 FASTST   M    M   2    MAX(MPH)
                                 MISC ---->  # 44 350               # 55  350
================================================================================
NOTES:
# LAST OF SEVERAL OCCURRENCES

COLUMN 17 PEAK WIND IN M.P.H.

PRELIMINARY LOCAL CLIMATOLOGICAL DATA (WS FORM: F-6) , PAGE 2

                                          STATION:  SALINA KS
                                          MONTH:    DECEMBER
                                          YEAR:     2012
                                          LATITUDE:   38 47 N
                                          LONGITUDE:  97 39 W

[TEMPERATURE DATA]      [PRECIPITATION DATA]       SYMBOLS USED IN COLUMN 16

AVERAGE MONTHLY: 34.3   TOTAL FOR MONTH:   0.11    1 = FOG OR MIST
DPTR FM NORMAL:   2.0   DPTR FM NORMAL:   -0.83    2 = FOG REDUCING VISIBILITY
HIGHEST:    66 ON  2    GRTST 24HR  0.05 ON 14-14      TO 1/4 MILE OR LESS
LOWEST:      6 ON 29,26                            3 = THUNDER
                        SNOW, ICE PELLETS, HAIL    4 = ICE PELLETS
                        TOTAL MONTH:    M          5 = HAIL
                        GRTST 24HR    M  ON   M    6 = FREEZING RAIN OR DRIZZLE
                        GRTST DEPTH:  M  ON   M    7 = DUSTSTORM OR SANDSTORM:
                                                       VSBY 1/2 MILE OR LESS
                                                   8 = SMOKE OR HAZE
[NO. OF DAYS WITH]      [WEATHER - DAYS WITH]      9 = BLOWING SNOW
                                                   X = TORNADO
MAX 32 OR BELOW:   5    0.01 INCH OR MORE:   4
MAX 90 OR ABOVE:   0    0.10 INCH OR MORE:   0
MIN 32 OR BELOW:  26    0.50 INCH OR MORE:   0
MIN  0 OR BELOW:   0    1.00 INCH OR MORE:   0

[HDD (BASE 65) ]
TOTAL THIS MO.   942    CLEAR  (SCALE 0-3)  22
DPTR FM NORMAL   -70    PTCLDY (SCALE 4-7)   8
TOTAL FM JUL 1  1777    CLOUDY (SCALE 8-10)  1
DPTR FM NORMAL  -187

[CDD (BASE 65) ]
TOTAL THIS MO.     0
DPTR FM NORMAL     0    [PRESSURE DATA]
TOTAL FM JAN 1  2051    HIGHEST SLP M ON M
DPTR FM NORMAL   404    LOWEST  SLP 28.62 ON 31

[REMARKS]
#FINAL-12-12#
