000
CXUS53 KICT 010800
CF6SLN
PRELIMINARY LOCAL CLIMATOLOGICAL DATA (WS FORM: F-6)

                                          STATION:   SALINA KS
                                          MONTH:     MAY
                                          YEAR:      2012
                                          LATITUDE:   38 47 N
                                          LONGITUDE:  97 39 W

  TEMPERATURE IN F:       :PCPN:    SNOW:  WIND      :SUNSHINE: SKY     :PK WND
================================================================================
1   2   3   4   5  6A  6B    7    8   9   10  11  12  13   14  15   16   17  18
                                     12Z  AVG MX 2MIN
DY MAX MIN AVG DEP HDD CDD  WTR  SNW DPTH SPD SPD DIR MIN PSBL S-S WX    SPD DR
================================================================================

 1  85  57  71  11   0   6 0.00    M    M 15.1 30 190   M    M   3        37 200
 2  87  66  77  16   0  12 0.00    M    M 14.5 24 160   M    M   2        33 160
 3  87  66  77  16   0  12 0.00    M    M  8.7 25 170   M    M   4        41 170
 4  95  64  80  19   0  15    T    M    M 10.8 23 190   M    M   0 18     31 200
 5  91  66  79  17   0  14 0.00    M    M 12.7 26 150   M    M   0        32 140
 6  79  59  69   7   0   4    T    M    M 16.4 28 350   M    M   6 138    33 340
 7  72  47  60  -2   5   0 0.00    M    M 13.4 29 340   M    M   6 3      32 330
 8  78  41  60  -3   5   0 0.00    M    M  6.5 21 330   M    M   2        26 320
 9  77  42  60  -3   5   0 0.00    M    M  5.0 12 140   M    M   0        17 130
10  89  48  69   6   0   4 0.00    M    M 11.5 23 160   M    M   0        32 190
11  77  53  65   1   0   0 0.15    M    M  5.7 22  10   M    M   2 1      28  10
12  71  50  61  -3   4   0 0.04    M    M  8.4 17  10   M    M   7        22  20
13  78  49  64   0   1   0 0.00    M    M  4.2 12  30   M    M   3        14  50
14  84  52  68   3   0   3 0.00    M    M  4.4 14 230   M    M   4        18 230
15  90  51  71   6   0   6 0.00    M    M  5.5 12  40   M    M   0        18 270
16  86  53  70   5   0   5 0.00    M    M  9.1 16 110   M    M   0        22 120
17  93  60  77  11   0  12 0.00    M    M 16.3 29 160   M    M   0        40 170
18  93  68  81  15   0  16    T    M    M 19.5 36 160   M    M   0        48 170
19  90  61  76  10   0  11 0.04    M    M 17.6 30 160   M    M   3        39 170
20  80  55  68   2   0   3 0.00    M    M 10.6 23 330   M    M   1        29 350
21  82  52  67   0   0   2 0.00    M    M  6.2 14 110   M    M   0        17 140
22  89  53  71   4   0   6 0.00    M    M 15.3 28 160   M    M   0        36 160
23  97  71  84  16   0  19 0.00    M    M 23.7 43 170   M    M   0 78     53 190
24  88  65  77   9   0  12    T    M    M 10.6 25 340   M    M   2        30 350
25  90  67  79  11   0  14 0.03    M    M 12.9 24 130   M    M   8 138    30 100
26 100  75  88  19   0  23 0.00    M    M 18.7 30 160   M    M   0        38 160
27  95  73  84  15   0  19 0.00    M    M 22.4 35 190   M    M   1        44 190
28  92  60  76   7   0  11 0.00    M    M  9.5 25 190   M    M   0        35 200
29  89  53  71   1   0   6 0.00    M    M  9.6 18  30   M    M   0        26  30
30  93  61  77   7   0  12 0.14    M    M 10.5 60 210   M    M   2 138    72 200
31  70  50  60 -10   5   0 0.00    M    M 16.4 29 350   M    M   3        37 360
================================================================================
SM 2667 1788        25 247  0.40    M    371.7          M       59
================================================================================
AV 86.0 57.7                              12.0 FASTST   M    M   2    MAX(MPH)
                                 MISC ---->  # 60 210               # 72  200
================================================================================
NOTES:
# LAST OF SEVERAL OCCURRENCES

COLUMN 17 PEAK WIND IN M.P.H.

PRELIMINARY LOCAL CLIMATOLOGICAL DATA (WS FORM: F-6) , PAGE 2

                                          STATION:  SALINA KS
                                          MONTH:    MAY
                                          YEAR:     2012
                                          LATITUDE:   38 47 N
                                          LONGITUDE:  97 39 W

[TEMPERATURE DATA]      [PRECIPITATION DATA]       SYMBOLS USED IN COLUMN 16

AVERAGE MONTHLY: 71.9   TOTAL FOR MONTH:   0.40    1 = FOG OR MIST
DPTR FM NORMAL:   6.6   DPTR FM NORMAL:   -4.35    2 = FOG REDUCING VISIBILITY
HIGHEST:   100 ON 26    GRTST 24HR  0.19 ON 11-12      TO 1/4 MILE OR LESS
LOWEST:     41 ON  8                               3 = THUNDER
                        SNOW, ICE PELLETS, HAIL    4 = ICE PELLETS
                        TOTAL MONTH:    M          5 = HAIL
                        GRTST 24HR    M  ON   M    6 = FREEZING RAIN OR DRIZZLE
                        GRTST DEPTH:  M  ON   M    7 = DUSTSTORM OR SANDSTORM:
                                                       VSBY 1/2 MILE OR LESS
                                                   8 = SMOKE OR HAZE
[NO. OF DAYS WITH]      [WEATHER - DAYS WITH]      9 = BLOWING SNOW
                                                   X = TORNADO
MAX 32 OR BELOW:   0    0.01 INCH OR MORE:   5
MAX 90 OR ABOVE:  12    0.10 INCH OR MORE:   2
MIN 32 OR BELOW:   0    0.50 INCH OR MORE:   0
MIN  0 OR BELOW:   0    1.00 INCH OR MORE:   0

[HDD (BASE 65) ]
TOTAL THIS MO.    25    CLEAR  (SCALE 0-3)  23
DPTR FM NORMAL   -71    PTCLDY (SCALE 4-7)   7
TOTAL FM JUL 1  4069    CLOUDY (SCALE 8-10)  1
DPTR FM NORMAL  -795

[CDD (BASE 65) ]
TOTAL THIS MO.   247
DPTR FM NORMAL   144    [PRESSURE DATA]
TOTAL FM JAN 1   322    HIGHEST SLP M ON M
DPTR FM NORMAL   194    LOWEST  SLP 29.30 ON 24

[REMARKS]
#FINAL-05-12#
