000
CXUS53 KICT 310800
CF6SLN
PRELIMINARY LOCAL CLIMATOLOGICAL DATA (WS FORM: F-6)

                                          STATION:   SALINA KS
                                          MONTH:     DECEMBER
                                          YEAR:      2011
                                          LATITUDE:   38 47 N
                                          LONGITUDE:  97 39 W

  TEMPERATURE IN F:       :PCPN:    SNOW:  WIND      :SUNSHINE: SKY     :PK WND
================================================================================
1   2   3   4   5  6A  6B    7    8   9   10  11  12  13   14  15   16   17  18
                                     12Z  AVG MX 2MIN
DY MAX MIN AVG DEP HDD CDD  WTR  SNW DPTH SPD SPD DIR MIN PSBL S-S WX    SPD DR
================================================================================

 1  45  24  35  -1  30   0    T    M    M 13.8 31  10   M    M   4        39  20
 2  35  18  27  -9  38   0 0.02    M    M  9.0 20 160   M    M   5 1      24 170
 3  44  31  38   3  27   0 0.69    M    M 11.2 23 330   M    M   9 13     26 310
 4  41  24  33  -2  32   0 0.00    M    M  6.7 16 330   M    M   3         M  M
 5  25  18  22 -12  43   0    T    M    M 17.4 22 350   M    M   9        30 340
 6  27  12  20 -14  45   0 0.00    M    M  7.3 16 350   M    M   3        20  10
 7  44  14  29  -5  36   0 0.00    M    M  6.8 10 270   M    M   0         M  M
 8  39  19  29  -5  36   0 0.00    M    M  3.9 12  10   M    M   3 1      15  20
 9  39  25  32  -1  33   0 0.00    M    M  5.5 14  10   M    M   9 18     18  10
10  41  21  31  -2  34   0 0.00    M    M 10.1 20 220   M    M   2 18     24 210
11  45  30  38   5  27   0 0.00    M    M 15.1 28 170   M    M   8 18     37 170
12  46  39  43  11  22   0 0.00    M    M 11.0 20 190   M    M  10        24 190
13  44  39  42  10  23   0 0.27    M    M  8.4 16 160   M    M  10 1      20 160
14  58  37  48  16  17   0 0.28    M    M 10.5 18 260   M    M   6 1      25 190
15  44  25  35   3  30   0 0.00    M    M  8.9 23 360   M    M   0        28 360
16  45  19  32   0  33   0 0.00    M    M  5.6 15 190   M    M   0        18 190
17  56  22  39   7  26   0 0.00    M    M  3.1 14 290   M    M   0        20 280
18  62  27  45  13  20   0 0.00    M    M 11.2 29 210   M    M   0        37 210
19  43  31  37   6  28   0 0.68    M    M 13.6 29  30   M    M   8 16     37  50
20  32  22  27  -4  38   0 0.33    M    M 11.6 26  40   M    M   9 1      36  30
21  39  16  28  -3  37   0 0.00    M    M  6.2 14 200   M    M   0 1      15 210
22  34  17  26  -5  39   0    T    M    M 13.0 26  20   M    M   6        32  10
23  33  10  22  -9  43   0 0.00    M    M  6.2 16 220   M    M   0        20 230
24  38  15  27  -4  38   0 0.00    M    M  5.2 13 240   M    M   0        15 240
25  41  17  29  -2  36   0 0.00    M    M  3.8 12 200   M    M   0        14 360
26  43  20  32   1  33   0 0.00    M    M  5.3 13 250   M    M   4        21 330
27  43  27  35   4  30   0 0.00    M    M  8.6 17 300   M    M   0        21 290
28  51  28  40   9  25   0 0.00    M    M  6.0 13 230   M    M   0        14 240
29  55  29  42  11  23   0    T    M    M  8.3 28 310   M    M   1        33 300
30  56  31  44  13  21   0 0.00    M    M 12.5 22 300   M    M   0        31 320
================================================================================
SM 1288  707       943   0  2.27    M    265.8          M      109
================================================================================
AV 42.9 23.6                               8.9 FASTST   M    M   4    MAX(MPH)
                                 MISC ---->  # 31  10               # 39   20
================================================================================
NOTES:
# LAST OF SEVERAL OCCURRENCES

COLUMN 17 PEAK WIND IN M.P.H.

PRELIMINARY LOCAL CLIMATOLOGICAL DATA (WS FORM: F-6) , PAGE 2

                                          STATION:  SALINA KS
                                          MONTH:    DECEMBER
                                          YEAR:     2011
                                          LATITUDE:   38 47 N
                                          LONGITUDE:  97 39 W

[TEMPERATURE DATA]      [PRECIPITATION DATA]       SYMBOLS USED IN COLUMN 16

AVERAGE MONTHLY: 33.2   TOTAL FOR MONTH:   2.27    1 = FOG OR MIST
DPTR FM NORMAL:   0.8   DPTR FM NORMAL:    1.35    2 = FOG REDUCING VISIBILITY
HIGHEST:    62 ON 18    GRTST 24HR  0.71 ON  2- 3      TO 1/4 MILE OR LESS
LOWEST:     10 ON 23                               3 = THUNDER
                        SNOW, ICE PELLETS, HAIL    4 = ICE PELLETS
                        TOTAL MONTH:    M          5 = HAIL
                        GRTST 24HR    M  ON   M    6 = FREEZING RAIN OR DRIZZLE
                        GRTST DEPTH:  M  ON   M    7 = DUSTSTORM OR SANDSTORM:
                                                       VSBY 1/2 MILE OR LESS
                                                   8 = SMOKE OR HAZE
[NO. OF DAYS WITH]      [WEATHER - DAYS WITH]      9 = BLOWING SNOW
                                                   X = TORNADO
MAX 32 OR BELOW:   3    0.01 INCH OR MORE:   6
MAX 90 OR ABOVE:   0    0.10 INCH OR MORE:   5
MIN 32 OR BELOW:  27    0.50 INCH OR MORE:   2
MIN  0 OR BELOW:   0    1.00 INCH OR MORE:   0

[HDD (BASE 65) ]
TOTAL THIS MO.   943    CLEAR  (SCALE 0-3)  17
DPTR FM NORMAL   -33    PTCLDY (SCALE 4-7)   7
TOTAL FM JUL 1  1867    CLOUDY (SCALE 8-10)  6
DPTR FM NORMAL   -61

[CDD (BASE 65) ]
TOTAL THIS MO.     0
DPTR FM NORMAL     0    [PRESSURE DATA]
TOTAL FM JAN 1  2003    HIGHEST SLP M ON M
DPTR FM NORMAL   356    LOWEST  SLP 29.66 ON 29

[REMARKS]
