000
CXUS53 KICT 310800
CF6SLN
PRELIMINARY LOCAL CLIMATOLOGICAL DATA (WS FORM: F-6)

                                          STATION:   SALINA KS
                                          MONTH:     DECEMBER
                                          YEAR:      2013
                                          LATITUDE:   38 47 N
                                          LONGITUDE:  97 39 W

  TEMPERATURE IN F:       :PCPN:    SNOW:  WIND      :SUNSHINE: SKY     :PK WND
================================================================================
1   2   3   4   5  6A  6B    7    8   9   10  11  12  13   14  15   16   17  18
                                     12Z  AVG MX 2MIN
DY MAX MIN AVG DEP HDD CDD  WTR  SNW DPTH SPD SPD DIR MIN PSBL S-S WX    SPD DR
================================================================================

 1  59  23  41   5  24   0 0.00    M    M  1.4  7 190   M    M   0 8       8 190
 2  66  29  48  12  17   0 0.00    M    M  5.4 14 190   M    M   0        17 190
 3  70  31  51  16  14   0 0.00    M    M  7.1 17  10   M    M   0 8      22  10
 4  38  20  29  -6  36   0    T    M    M 18.3 28 330   M    M   7 168    33 330
 5  20  13  17 -17  48   0    T    M    M 14.7 25 330   M    M   4        31 330
 6  19   6  13 -21  52   0    T    M    M 12.7 22 360   M    M   7        26 360
 7  20   2  11 -23  54   0    T    M    M  8.0 14 110   M    M   4        17 110
 8  23   6  15 -19  50   0    T    M    M  8.9 18 140   M    M   8 18     23 140
 9  19   1  10 -23  55   0 0.00    M    M  6.8 12 170   M    M   0        15 220
10  44  11  28  -5  37   0 0.00    M    M  7.9 20 170   M    M   0        24 170
11  27   9  18 -15  47   0    T    M    M  8.9 20 350   M    M   0        25  10
12  50  11  31  -1  34   0 0.00  0.0    0 10.4 18 220   M    M   0        24 210
13  50  27  39   7  26   0    T  0.0    0  8.2 24 350   M    M   4 8      29 360
14  36  16  26  -6  39   0    T    T    0 13.3 28 340   M    M   4 8      33 340
15  61  17  39   7  26   0 0.00    M    M  7.9 16 250   M    M   0        18 240
16  63  26  45  13  20   0 0.00    M    M  4.9 14 330   M    M   0        17 320
17   M  24   M   M   M   M 0.00    M    M  4.8 14 350   M    M   0        20 350
18  68  30  49  17  16   0 0.00    M    M 14.9 26 200   M    M   0        35 200
19  60  21  41  10  24   0    T    M    M 10.8 32 350   M    M   2 16     37 350
20  23  16  20 -11  45   0    T    M    M 12.1 29 340   M    M   9 168    33 340
21  26  21  24  -7  41   0    M    M    M  9.1 21 350   M    M   7 12     26 350
22  25  -2  12 -19  53   0    T    M    M  9.3 22 340   M    M   4 18     25 340
23  17  -5   6 -25  59   0    T    M    M  5.9 12  20   M    M  10 128    13  10
24  30  14  22  -9  43   0    T    M    M 11.8 23 160   M    M  10 18     28 160
25  41  14  28  -3  37   0 0.04    M    M  6.0 13 300   M    M   1 128    16 310
26  40  14  27  -4  38   0 0.00  0.0    0  7.5 17 220   M    M   0        21 220
27  45  15  30  -1  35   0 0.00  0.0    0  6.4 13 200   M    M   0 1      15 190
28  44  25  35   4  30   0    T    M    M 11.3 37 360   M    M   0        45 360
29  30   3  17 -14  48   0    T    M    M 16.7 39 350   M    M   5        45 350
30  36   3  20 -11  45   0 0.00    M    M  7.1 18 200   M    M   2        24 170
================================================================================
SM 1150  441      1093   0  0.04    T    278.5          M       88
================================================================================
AV 39.7 14.7                               9.3 FASTST   M    M   3    MAX(MPH)
                                 MISC ---->  # 39 350               # 45  360
================================================================================
NOTES:
# LAST OF SEVERAL OCCURRENCES

COLUMN 17 PEAK WIND IN M.P.H.

PRELIMINARY LOCAL CLIMATOLOGICAL DATA (WS FORM: F-6) , PAGE 2

                                          STATION:  SALINA KS
                                          MONTH:    DECEMBER
                                          YEAR:     2013
                                          LATITUDE:   38 47 N
                                          LONGITUDE:  97 39 W

[TEMPERATURE DATA]      [PRECIPITATION DATA]       SYMBOLS USED IN COLUMN 16

AVERAGE MONTHLY: 27.2   TOTAL FOR MONTH:   0.04    1 = FOG OR MIST
DPTR FM NORMAL:  -5.3   DPTR FM NORMAL:   -0.88    2 = FOG REDUCING VISIBILITY
HIGHEST:    70 ON  3    GRTST 24HR  0.04 ON 25-25      TO 1/4 MILE OR LESS
LOWEST:     -5 ON 23                               3 = THUNDER
                        SNOW, ICE PELLETS, HAIL    4 = ICE PELLETS
                        TOTAL MONTH:    T          5 = HAIL
                        GRTST 24HR    T  ON 14-14  6 = FREEZING RAIN OR DRIZZLE
                        GRTST DEPTH:   0           7 = DUSTSTORM OR SANDSTORM:
                                                       VSBY 1/2 MILE OR LESS
                                                   8 = SMOKE OR HAZE
[NO. OF DAYS WITH]      [WEATHER - DAYS WITH]      9 = BLOWING SNOW
                                                   X = TORNADO
MAX 32 OR BELOW:  12    0.01 INCH OR MORE:   1
MAX 90 OR ABOVE:   0    0.10 INCH OR MORE:   0
MIN 32 OR BELOW:  30    0.50 INCH OR MORE:   0
MIN  0 OR BELOW:   2    1.00 INCH OR MORE:   0

[HDD (BASE 65) ]
TOTAL THIS MO.  1093    CLEAR  (SCALE 0-3)  17
DPTR FM NORMAL   117    PTCLDY (SCALE 4-7)   9
TOTAL FM JUL 1  2081    CLOUDY (SCALE 8-10)  4
DPTR FM NORMAL   153

[CDD (BASE 65) ]
TOTAL THIS MO.     0
DPTR FM NORMAL     0    [PRESSURE DATA]
TOTAL FM JAN 1  1750    HIGHEST SLP M ON M
DPTR FM NORMAL   103    LOWEST  SLP 29.47 ON  3

[REMARKS]
