000
CXUS53 KICT 011536
CF6SLN
PRELIMINARY LOCAL CLIMATOLOGICAL DATA (WS FORM: F-6)

                                          STATION:   SALINA KS
                                          MONTH:     MAY
                                          YEAR:      2016
                                          LATITUDE:   38 47 N
                                          LONGITUDE:  97 39 W

  TEMPERATURE IN F:       :PCPN:    SNOW:  WIND      :SUNSHINE: SKY     :PK WND
================================================================================
1   2   3   4   5  6A  6B    7    8   9   10  11  12  13   14  15   16   17  18
                                     12Z  AVG MX 2MIN
DY MAX MIN AVG DEP HDD CDD  WTR  SNW DPTH SPD SPD DIR MIN PSBL S-S WX    SPD DR
================================================================================

 1  56  43  50 -10  15   0 0.00    M    M 14.1 25 360   M    M   9 1      31 360
 2  67  43  55  -6  10   0 0.00    M    M  7.3 14 330   M    M   7        19 320
 3  75  41  58  -3   7   0 0.00    M    M  6.8 17 310   M    M   2 8      20 320
 4  75  48  62   1   3   0 0.00    M    M  9.2 22 350   M    M   0 8      34 330
 5  80  43  62   0   3   0 0.00    M    M  2.9  8 120   M    M   0 8      12 180
 6  85  47  66   4   0   1 0.00    M    M 10.7 23 200   M    M   0        30 170
 7  86  53  70   8   0   5 0.00    M    M  9.1 20 150   M    M   0        26 140
 8   M   M   M   M   M   M 0.00    M    M 14.1 30 150   M    M   4 3      41 140
 9  83  54  69   6   0   4    T    M    M 11.3 43 190   M    M   4 3      56 190
10  87  48  68   5   0   3 0.00    M    M  6.8 15 130   M    M   0        18 130
11  75  56  66   2   0   1 0.38    M    M 15.5 43 320   M    M   3 13     52 310
12  77  51  64   0   1   0 0.00    M    M  8.0 18 290   M    M   1        29 270
13  87  49  68   4   0   3    T    M    M 18.7 39 350   M    M   1 38     46 350
14  64  42  53 -12  12   0    T    M    M  9.8 20 340   M    M   3        26 340
15  64  41  53 -12  12   0    T    M    M  7.4 16 140   M    M   6        19 130
16  57  50  54 -11  11   0 0.69    M    M  9.7 16  60   M    M  10 1      22  60
17  67  48  58  -8   7   0    T    M    M 11.3 21  30   M    M   6        26  30
18  70  43  57  -9   8   0 0.00    M    M  3.5 10 140   M    M   4 18     13 150
19  67  46  57  -9   8   0 0.09    M    M  4.6 17 160   0    0   0        15 140
20  69  55  62  -4   3   0 0.04    M    M  8.0 17 110   M    M   9 1      20 110
21  74  57  66  -1   0   1 0.00    M    M 12.6 22 120   M    M   9        28 130
22  85  65  75   8   0  10 0.00    M    M 18.0 28 160   M    M   5        36 160
23  80  67  74   6   0   9 0.14    M    M 13.2 24 170   M    M   5 13     31 190
24  83  62  73   5   0   8 1.03    M    M 15.0 47 270   M    M   6 13     62 260
25  88  63  76   8   0  11 0.00    M    M 10.1 21 350   M    M   4 3      24 350
26  85  59  72   3   0   7 1.85    M    M 10.6 31 290   M    M   6 138    44 310
27  80  58  69   0   0   4 0.15    M    M  9.2 26  90   M    M   3 13     34  80
28  80  59  70   1   0   5 0.19    M    M  7.0 16 270   M    M   2 1      20 270
29  88  56  72   2   0   7 0.23    M    M  6.6 30 190   M    M   1 3      37 190
30  85  58  72   2   0   7 0.00    M    M  8.9 18 150   M    M   0        24 200
31  78  62  70   0   0   5 0.72    M    M  6.8 22 200   M    M   4 13     29 320
================================================================================
SM 2297 1567       100  91  5.51    M    306.8            0    114
================================================================================
AV 76.6 52.2                               9.9 FASTST    0   0   4    MAX(MPH)
                                 MISC ---->  # 47 270               # 62  260
================================================================================
NOTES:
# LAST OF SEVERAL OCCURRENCES

COLUMN 17 PEAK WIND IN M.P.H.

PRELIMINARY LOCAL CLIMATOLOGICAL DATA (WS FORM: F-6) , PAGE 2

                                          STATION:  SALINA KS
                                          MONTH:    MAY
                                          YEAR:     2016
                                          LATITUDE:   38 47 N
                                          LONGITUDE:  97 39 W

[TEMPERATURE DATA]      [PRECIPITATION DATA]       SYMBOLS USED IN COLUMN 16

AVERAGE MONTHLY: 64.4   TOTAL FOR MONTH:   5.51    1 = FOG OR MIST
DPTR FM NORMAL:  -0.9   DPTR FM NORMAL:    0.76    2 = FOG REDUCING VISIBILITY
HIGHEST:    88 ON 29,25 GRTST 24HR  1.91 ON 26-27      TO 1/4 MILE OR LESS
LOWEST:     41 ON 15, 3                            3 = THUNDER
                        SNOW, ICE PELLETS, HAIL    4 = ICE PELLETS
                        TOTAL MONTH:    M          5 = HAIL
                        GRTST 24HR    M  ON   M    6 = FREEZING RAIN OR DRIZZLE
                        GRTST DEPTH:  M  ON   M    7 = DUSTSTORM OR SANDSTORM:
                                                       VSBY 1/2 MILE OR LESS
                                                   8 = SMOKE OR HAZE
[NO. OF DAYS WITH]      [WEATHER - DAYS WITH]      9 = BLOWING SNOW
                                                   X = TORNADO
MAX 32 OR BELOW:   0    0.01 INCH OR MORE:  11
MAX 90 OR ABOVE:   0    0.10 INCH OR MORE:   9
MIN 32 OR BELOW:   0    0.50 INCH OR MORE:   4
MIN  0 OR BELOW:   0    1.00 INCH OR MORE:   2

[HDD (BASE 65) ]
TOTAL THIS MO.   100    CLEAR  (SCALE 0-3)  12
DPTR FM NORMAL     4    PTCLDY (SCALE 4-7)  15
TOTAL FM JUL 1  3718    CLOUDY (SCALE 8-10)  4
DPTR FM NORMAL -1146

[CDD (BASE 65) ]
TOTAL THIS MO.    91
DPTR FM NORMAL   -12    [PRESSURE DATA]
TOTAL FM JAN 1   125    HIGHEST SLP 30.40 ON 14
DPTR FM NORMAL    -3    LOWEST  SLP 29.44 ON  9

[REMARKS]
#FINAL-05-16#
