000
CXUS53 KICT 020425
CF6SLN
PRELIMINARY LOCAL CLIMATOLOGICAL DATA (WS FORM: F-6)

                                          STATION:   SALINA KS
                                          MONTH:     JANUARY
                                          YEAR:      2014
                                          LATITUDE:   38 47 N
                                          LONGITUDE:  97 39 W

  TEMPERATURE IN F:       :PCPN:    SNOW:  WIND      :SUNSHINE: SKY     :PK WND
================================================================================
1   2   3   4   5  6A  6B    7    8   9   10  11  12  13   14  15   16   17  18
                                     12Z  AVG MX 2MIN
DY MAX MIN AVG DEP HDD CDD  WTR  SNW DPTH SPD SPD DIR MIN PSBL S-S WX    SPD DR
================================================================================

 1  32   8  20 -11  45   0 0.10    M    M 15.8 30 350   M    M   6 1      35 360
 2  27   4  16 -15  49   0 0.00    M    M  6.4 13 310   M    M   1        17  80
 3  41  13  27  -4  38   0 0.00    M    M 18.5 31 190   M    M   0        42 190
 4  37  19  28  -3  37   0 0.21    M    M 15.1 32 360   M    M   6 18     38 360
 5  19   2  11 -20  54   0 0.04    M    M 18.8 30 360   M    M   6 189    35 350
 6  15  -6   5 -26  60   0    T    M    M  9.9 20 320   M    M   0        25 320
 7  38   6  22  -9  43   0 0.00    M    M  8.3 16 210   M    M   0        19 190
 8  31  19  25  -6  40   0 0.00    M    M 10.1 17  40   M    M   4        24  80
 9  34  16  25  -6  40   0 0.00    M    M  6.6 17 170   M    M   9 18     24 170
10  40  34  37   6  28   0 0.14    M    M  7.8 15 310   M    M  10 1      21 190
11  50  31  41  10  24   0 0.00    M    M 10.2 22 300   M    M   0        30 290
12  54  34  44  13  21   0 0.00    M    M  9.2 20 190   M    M   1        26 190
13  53  33  43  12  22   0 0.00    M    M 10.6 16 230   M    M   1        20 300
14  47  27  37   6  28   0    T    M    M 14.8 30 330   M    M   2        36 330
15  51  21  36   5  29   0 0.00    M    M  7.9 17 200   M    M   5        21 190
16  52  29  41  10  24   0 0.00    M    M 22.4 41 320   M    M   1        52 310
17  43  24  34   3  31   0 0.00    M    M 11.8 25 320   M    M   1        30 330
18  53  24  39   8  26   0 0.00    M    M 18.6 41 330   M    M   1        51 320
19  68  23  46  15  19   0 0.00    M    M  9.0 20 230   M    M   0        25 230
20  56  19  38   7  27   0 0.00    M    M 14.3 36 350   M    M   0        43 360
21  31   7  19 -12  46   0 0.00    M    M 10.9 29 360   M    M   0        36 360
22  45  11  28  -3  37   0 0.00    M    M 14.9 30  10   M    M   2        40  10
23  21   5  13 -18  52   0 0.00    M    M 12.4 28  20   M    M   1        34  30
24  55   9  32   1  33   0 0.00    M    M 15.0 29 210   M    M   2        34 210
25  57  34  46  15  19   0 0.00    M    M 12.6 29 340   M    M   2        34 350
26  63  21  42  10  23   0    T    M    M 18.7 51 360   M    M   3        59  10
27  21   9  15 -17  50   0    T    M    M 12.7 32 350   M    M   4        40 360
28  29   4  17 -15  48   0 0.00    M    M  8.2 18 310   M    M   3        22 330
29  49   8  29  -3  36   0 0.00    M    M 14.2 29 190   M    M   0        39 190
30  50  30  40   8  25   0 0.00    M    M 17.7 31 190   M    M   4        40 190
31  30  21  26  -6  39   0    M    M    M 11.6 21  50   M    M   9 18     25  40
================================================================================
SM 1292  539      1093   0  0.49    M    395.0          M       84
================================================================================
AV 41.7 17.4                              12.7 FASTST   M    M   3    MAX(MPH)
                                 MISC ---->  # 51 360               # 59   10
================================================================================
NOTES:
# LAST OF SEVERAL OCCURRENCES

COLUMN 17 PEAK WIND IN M.P.H.

PRELIMINARY LOCAL CLIMATOLOGICAL DATA (WS FORM: F-6) , PAGE 2

                                          STATION:  SALINA KS
                                          MONTH:    JANUARY
                                          YEAR:     2014
                                          LATITUDE:   38 47 N
                                          LONGITUDE:  97 39 W

[TEMPERATURE DATA]      [PRECIPITATION DATA]       SYMBOLS USED IN COLUMN 16

AVERAGE MONTHLY: 29.5   TOTAL FOR MONTH:   0.49    1 = FOG OR MIST
DPTR FM NORMAL:  -1.5   DPTR FM NORMAL:   -0.14    2 = FOG REDUCING VISIBILITY
HIGHEST:    68 ON 19    GRTST 24HR  0.21 ON  4- 4      TO 1/4 MILE OR LESS
LOWEST:     -6 ON  6                               3 = THUNDER
                        SNOW, ICE PELLETS, HAIL    4 = ICE PELLETS
                        TOTAL MONTH:    M          5 = HAIL
                        GRTST 24HR    M  ON   M    6 = FREEZING RAIN OR DRIZZLE
                        GRTST DEPTH:  M  ON   M    7 = DUSTSTORM OR SANDSTORM:
                                                       VSBY 1/2 MILE OR LESS
                                                   8 = SMOKE OR HAZE
[NO. OF DAYS WITH]      [WEATHER - DAYS WITH]      9 = BLOWING SNOW
                                                   X = TORNADO
MAX 32 OR BELOW:  10    0.01 INCH OR MORE:   4
MAX 90 OR ABOVE:   0    0.10 INCH OR MORE:   3
MIN 32 OR BELOW:  27    0.50 INCH OR MORE:   0
MIN  0 OR BELOW:   1    1.00 INCH OR MORE:   0

[HDD (BASE 65) ]
TOTAL THIS MO.  1093    CLEAR  (SCALE 0-3)  21
DPTR FM NORMAL    41    PTCLDY (SCALE 4-7)   7
TOTAL FM JUL 1  3233    CLOUDY (SCALE 8-10)  3
DPTR FM NORMAL   217

[CDD (BASE 65) ]
TOTAL THIS MO.     0
DPTR FM NORMAL     0    [PRESSURE DATA]
TOTAL FM JAN 1     0    HIGHEST SLP 30.94 ON 23
DPTR FM NORMAL     0    LOWEST  SLP 29.47 ON 12

[REMARKS]
#FINAL-01-14#
