000
CXUS53 KICT 030851
CF6SLN
PRELIMINARY LOCAL CLIMATOLOGICAL DATA (WS FORM: F-6)

                                          STATION:   SALINA KS
                                          MONTH:     NOVEMBER
                                          YEAR:      2013
                                          LATITUDE:   38 47 N
                                          LONGITUDE:  97 39 W

  TEMPERATURE IN F:       :PCPN:    SNOW:  WIND      :SUNSHINE: SKY     :PK WND
================================================================================
1   2   3   4   5  6A  6B    7    8   9   10  11  12  13   14  15   16   17  18
                                     12Z  AVG MX 2MIN
DY MAX MIN AVG DEP HDD CDD  WTR  SNW DPTH SPD SPD DIR MIN PSBL S-S WX    SPD DR
================================================================================

 1  65  39  52   1  13   0    T    M    M 10.7 37 330   M    M   4        44 320
 2  62  36  49  -2  16   0 0.00    M    M  8.4 15 160   M    M   0        39 320
 3  66  45  56   6   9   0 0.00    M    M 22.8 40 160   M    M   1        55 160
 4  64  50  57   7   8   0 0.00    M    M 13.4 28 180   M    M   1        43 170
 5  61  39  50   1  15   0 0.35    M    M 13.8 29 320   M    M  10 1      35 320
 6  46  31  39 -10  26   0 0.00    M    M  8.3 24 350   M    M   5        29 350
 7  59  29  44  -4  21   0 0.00    M    M  4.1 13 340   M    M   0        15 350
 8  70  34  52   4  13   0 0.00    M    M 18.0 39 200   M    M   0        51 200
 9  67  35  51   4  14   0 0.00    M    M  3.8 14 190   M    M   0 8      17 190
10  64  37  51   4  14   0 0.00    M    M  7.6 20 150   M    M   2 8      24 200
11  53  28  41  -5  24   0    T    M    M 12.7 26  10   M    M   6 12     32  20
12  37  16  27 -19  38   0    T    M    M  7.1 25  10   M    M   0        32 360
13  55  21  38  -7  27   0 0.00    M    M 14.8 26 190   M    M   0        33 190
14  58  34  46   1  19   0 0.00    M    M 11.0 22 190   M    M   0        29 190
15  61  28  45   1  20   0 0.00    M    M 11.3 22 170   M    M   0 1      32 170
16  74  49  62  18   3   0 0.00    M    M 16.2 32 220   M    M   1        40 200
17  64  33  49   6  16   0 0.00    M    M 19.1 36 300   M    M   0        50 300
18  61  27  44   2  21   0 0.00    M    M  5.0 13 220   M    M   0        16 220
19  64  30  47   5  18   0 0.00    M    M 15.1 33 160   M    M   0        41 170
20  67  48  58  16   7   0 0.00    M    M 11.9 26 170   M    M   1        37 170
21  51  24  38  -3  27   0    M    M    M 18.9 30 360   M    M   8 16     37 360
22  30  19  25 -15  40   0    T    M    M 12.1 26 350   M    M   3        31 340
23  31  20  26 -14  39   0 0.00    M    M  9.1 18  30   M    M   0        22  30
24  30  15  23 -16  42   0 0.00    M    M  8.3 17 190   M    M   5        22 200
25  40  23  32  -7  33   0    T    M    M  8.1 17 200   M    M   7        21 190
26  40  16  28 -10  37   0 0.00    M    M 12.5 29 350   M    M   1        33 350
27  41   9  25 -13  40   0 0.00    M    M  8.6 21 190   M    M   0        25 190
28  41  21  31  -6  34   0 0.00    M    M  6.1 13  40   M    M   0        17  30
29  57  20  39   2  26   0 0.00    M    M  8.3 25 170   M    M   0        32 170
30  59  24  42   6  23   0 0.00    M    M  3.0 13 200   M    M   0        14 200
================================================================================
SM 1638  880       683   0  0.35    M    330.1          M       55
================================================================================
AV 54.6 29.3                              11.0 FASTST   M    M   2    MAX(MPH)
                                 MISC ---->  # 40 160               # 55  160
================================================================================
NOTES:
# LAST OF SEVERAL OCCURRENCES

COLUMN 17 PEAK WIND IN M.P.H.

PRELIMINARY LOCAL CLIMATOLOGICAL DATA (WS FORM: F-6) , PAGE 2

                                          STATION:  SALINA KS
                                          MONTH:    NOVEMBER
                                          YEAR:     2013
                                          LATITUDE:   38 47 N
                                          LONGITUDE:  97 39 W

[TEMPERATURE DATA]      [PRECIPITATION DATA]       SYMBOLS USED IN COLUMN 16

AVERAGE MONTHLY: 42.0   TOTAL FOR MONTH:   0.35    1 = FOG OR MIST
DPTR FM NORMAL:  -1.9   DPTR FM NORMAL:   -0.90    2 = FOG REDUCING VISIBILITY
HIGHEST:    74 ON 16    GRTST 24HR  0.35 ON  5- 5      TO 1/4 MILE OR LESS
LOWEST:      9 ON 27                               3 = THUNDER
                        SNOW, ICE PELLETS, HAIL    4 = ICE PELLETS
                        TOTAL MONTH:    M          5 = HAIL
                        GRTST 24HR    M  ON   M    6 = FREEZING RAIN OR DRIZZLE
                        GRTST DEPTH:  M  ON   M    7 = DUSTSTORM OR SANDSTORM:
                                                       VSBY 1/2 MILE OR LESS
                                                   8 = SMOKE OR HAZE
[NO. OF DAYS WITH]      [WEATHER - DAYS WITH]      9 = BLOWING SNOW
                                                   X = TORNADO
MAX 32 OR BELOW:   3    0.01 INCH OR MORE:   1
MAX 90 OR ABOVE:   0    0.10 INCH OR MORE:   1
MIN 32 OR BELOW:  18    0.50 INCH OR MORE:   0
MIN  0 OR BELOW:   0    1.00 INCH OR MORE:   0

[HDD (BASE 65) ]
TOTAL THIS MO.   683    CLEAR  (SCALE 0-3)  22
DPTR FM NORMAL    49    PTCLDY (SCALE 4-7)   6
TOTAL FM JUL 1   988    CLOUDY (SCALE 8-10)  2
DPTR FM NORMAL    36

[CDD (BASE 65) ]
TOTAL THIS MO.     0
DPTR FM NORMAL    -1    [PRESSURE DATA]
TOTAL FM JAN 1  1750    HIGHEST SLP 30.96 ON 12
DPTR FM NORMAL   103    LOWEST  SLP 29.27 ON 17

[REMARKS]
#FINAL-11-13#
