000
CXUS53 KICT 011733
CF6SLN
PRELIMINARY LOCAL CLIMATOLOGICAL DATA (WS FORM: F-6)

                                          STATION:   SALINA KS
                                          MONTH:     OCTOBER
                                          YEAR:      2016
                                          LATITUDE:   38 47 N
                                          LONGITUDE:  97 39 W

  TEMPERATURE IN F:       :PCPN:    SNOW:  WIND      :SUNSHINE: SKY     :PK WND
================================================================================
1   2   3   4   5  6A  6B    7    8   9   10  11  12  13   14  15   16   17  18
                                     12Z  AVG MX 2MIN
DY MAX MIN AVG DEP HDD CDD  WTR  SNW DPTH SPD SPD DIR MIN PSBL S-S WX    SPD DR
================================================================================

 1  79  49  64   1   1   0 0.00    M    M  3.4  9 110   M    M   0        14 160
 2  83  55  69   6   0   4 0.00    M    M  7.0 15 140   M    M   2        20 130
 3  84  60  72  10   0   7    T    M    M 17.1 31 160   M    M   2        40 160
 4  81  55  68   6   0   3 1.23    M    M 14.6 32 150   M    M   3 13     42 170
 5  79  48  64   2   1   0 0.00    M    M  5.7 17 110   M    M   1        21 110
 6  84  45  65   4   0   0 0.00    M    M 18.2 43 320   M    M   6 123X   55 310
 7  65  39  52  -9  13   0 0.00    M    M  7.2 17 340   M    M   0        20 350
 8  75  39  57  -3   8   0 0.00    M    M  8.1 17 200   M    M   0        22 190
 9  75  47  61   1   4   0 0.00    M    M  8.9 18 160   M    M   3        23 170
10  72  54  63   3   2   0 0.33    M    M 15.4 31 190   M    M   5 13     42 200
11  79  55  67   8   0   2 0.00    M    M 11.0 23 340   M    M   0        27 200
12  59  42  51  -8  14   0    T    M    M 15.5 26 340   M    M   4        33 340
13  60  37  49 -10  16   0 0.00    M    M  6.0 13 150   M    M   1        17 120
14  77  48  63   5   2   0 0.00    M    M 12.4 23 190   M    M   5        30 190
15  83  62  73  15   0   8 0.00    M    M 13.3 28 190   M    M   6        40 170
16  89  66  78  20   0  13 0.00    M    M 14.7 25 190   M    M   1        33 190
17  91  64  78  21   0  13 0.00    M    M 15.8 26 200   M    M   0        33 170
18  75  48  62   5   3   0 0.00    M    M 10.1 22 330   M    M   0        25 320
19  75  46  61   5   4   0 0.00    M    M  9.8 25  20   M    M   1        33  10
20  65  41  53  -3  12   0    T    M    M  8.6 22  40   M    M   4        31  30
21  70  38  54  -2  11   0 0.00    M    M  9.7 21 190   M    M   0        29 200
22  81  39  60   5   5   0 0.00    M    M  8.8 20 190   M    M   0        25 190
23  76  48  62   7   3   0 0.00    M    M  6.8 18 190   M    M   0        24 190
24  76  47  62   7   3   0 0.00    M    M  8.1 16 140   M    M   1        19 150
25  82  58  70  16   0   5 0.71    M    M 15.0 28 200   M    M   1 13     37 170
26  76  53  65  11   0   0 0.01    M    M  7.6 24 200   M    M   1 138    35 180
27  79  47  63   9   2   0 0.00    M    M  7.8 17 170   M    M   0 1      21 170
28  84  62  73  20   0   8 0.00    M    M 14.7 24 190   M    M   0        31 200
29  85  57  71  18   0   6 0.00    M    M 14.0 24 360   M    M   0        30  10
30  60  48  54   2  11   0 0.00    M    M  9.6 20 350   M    M   5        25  10
31  82  48  65  13   0   0 0.00    M    M 15.7 22 180   M    M   4 1      38 180
================================================================================
SM 2381 1545       115  69  2.28    M    340.6          M       56
================================================================================
AV 76.8 49.8                              11.0 FASTST   M    M   2    MAX(MPH)
                                 MISC ---->  # 43 320               # 55  310
================================================================================
NOTES:
# LAST OF SEVERAL OCCURRENCES

COLUMN 17 PEAK WIND IN M.P.H.

PRELIMINARY LOCAL CLIMATOLOGICAL DATA (WS FORM: F-6) , PAGE 2

                                          STATION:  SALINA KS
                                          MONTH:    OCTOBER
                                          YEAR:     2016
                                          LATITUDE:   38 47 N
                                          LONGITUDE:  97 39 W

[TEMPERATURE DATA]      [PRECIPITATION DATA]       SYMBOLS USED IN COLUMN 16

AVERAGE MONTHLY: 63.3   TOTAL FOR MONTH:   2.28    1 = FOG OR MIST
DPTR FM NORMAL:   5.8   DPTR FM NORMAL:    0.01    2 = FOG REDUCING VISIBILITY
HIGHEST:    91 ON 17    GRTST 24HR  1.23 ON  4- 4      TO 1/4 MILE OR LESS
LOWEST:     37 ON 13                               3 = THUNDER
                        SNOW, ICE PELLETS, HAIL    4 = ICE PELLETS
                        TOTAL MONTH:    M          5 = HAIL
                        GRTST 24HR    M  ON   M    6 = FREEZING RAIN OR DRIZZLE
                        GRTST DEPTH:  M  ON   M    7 = DUSTSTORM OR SANDSTORM:
                                                       VSBY 1/2 MILE OR LESS
                                                   8 = SMOKE OR HAZE
[NO. OF DAYS WITH]      [WEATHER - DAYS WITH]      9 = BLOWING SNOW
                                                   X = TORNADO
MAX 32 OR BELOW:   0    0.01 INCH OR MORE:   4
MAX 90 OR ABOVE:   1    0.10 INCH OR MORE:   3
MIN 32 OR BELOW:   0    0.50 INCH OR MORE:   2
MIN  0 OR BELOW:   0    1.00 INCH OR MORE:   1

[HDD (BASE 65) ]
TOTAL THIS MO.   115    CLEAR  (SCALE 0-3)  23
DPTR FM NORMAL  -151    PTCLDY (SCALE 4-7)   8
TOTAL FM JUL 1   131    CLOUDY (SCALE 8-10)  0
DPTR FM NORMAL  -187

[CDD (BASE 65) ]
TOTAL THIS MO.    69
DPTR FM NORMAL    35    [PRESSURE DATA]
TOTAL FM JAN 1  2005    HIGHEST SLP 30.41 ON 20
DPTR FM NORMAL   359    LOWEST  SLP 29.33 ON 17

[REMARKS]
#FINAL-10-16#
