000
CXUS53 KICT 010800
CF6SLN
PRELIMINARY LOCAL CLIMATOLOGICAL DATA (WS FORM: F-6)

                                          STATION:   SALINA KS
                                          MONTH:     JUNE
                                          YEAR:      2014
                                          LATITUDE:   38 47 N
                                          LONGITUDE:  97 39 W

  TEMPERATURE IN F:       :PCPN:    SNOW:  WIND      :SUNSHINE: SKY     :PK WND
================================================================================
1   2   3   4   5  6A  6B    7    8   9   10  11  12  13   14  15   16   17  18
                                     12Z  AVG MX 2MIN
DY MAX MIN AVG DEP HDD CDD  WTR  SNW DPTH SPD SPD DIR MIN PSBL S-S WX    SPD DR
================================================================================

 1  91  66  79   8   0  14 0.51    M    M 15.7 33 300   M    M   3 13     44 300
 2  83  62  73   2   0   8 0.00    M    M  4.8 13 330   M    M   4 18     18  70
 3  96  70  83  12   0  18 0.00    M    M 15.1 32 220   M    M   1 1      43 190
 4  96  72  84  12   0  19 0.00    M    M 11.7 31 200   M    M   3        48 320
 5  84  65  75   3   0  10 1.98    M    M 12.2 54  10   M    M   4 123    66  30
 6  83  65  74   2   0   9 0.08    M    M  8.1 17 130   M    M   1 1      21 120
 7  80  63  72  -1   0   7 0.34    M    M 12.0 29 120   M    M   6 13     36 120
 8  79  60  70  -3   0   5 0.00    M    M  8.2 15 130   M    M   5 18     18 120
 9  65  62  64 -10   1   0 2.38    M    M 14.9 33  50   M    M   8 1      45  60
10  81  60  71  -3   0   6 0.06    M    M  7.9 20  20   M    M   3 18     26  20
11  87  58  73  -1   0   8 0.26    M    M 11.9 47 280   M    M   0 13     61 280
12  76  61  69  -6   0   4 0.15    M    M 11.5 23 360   M    M   3 13     26 360
13  81  53  67  -8   0   2 0.00    M    M 10.8 24 140   M    M   0        29 140
14  91  63  77   2   0  12 0.04    M    M 24.3 47 330   M    M   0 13     54 320
15  84  61  73  -3   0   8 0.94  0.0    M  7.1 31 340   M    M   2 13     37 340
16  91  72  82   6   0  17 0.00  0.0    M 20.7 35 170   M    M   2        47 200
17  94  76  85   9   0  20 0.00  0.0    M 21.6 35 200   M    M   0        43 210
18  94  77  86   9   0  21 0.00    M    M 18.4 29 190   M    M   0        39 190
19  89  72  81   4   0  16    T    M    M  8.0 21 170   M    M   1        30 170
20  94  69  82   5   0  17 0.00    M    M  9.7 23 200   M    M   0 18     29 170
21  94  73  84   6   0  19 0.00    M    M 11.6 21 200   M    M   0        27 170
22  95  68  82   4   0  17 0.50    M    M  9.4 29 120   M    M   3 13     36 120
23  85  67  76  -2   0  11 0.05    M    M  6.2 18 240   M    M   3 1      25 240
24  86  64  75  -3   0  10    T    M    M  4.8 22 160   M    M   1 1      26 160
25  88  61  75  -4   0  10 0.00    M    M  7.6 17 140   M    M   0        22 160
26  81  70  76  -3   0  11 0.08    M    M 10.4 22 200   M    M   3 13     26 170
27  88  72  80   1   0  15 0.00    M    M 20.1 33 160   M    M   5 3      43 160
28  83  64  74  -5   0   9 0.76    M    M 10.5 36 310   M    M   4 13     44 300
29  89  70  80   0   0  15 0.06    M    M 13.1 36 200   M    M   2 1      43 200
30  97  71  84   4   0  19 0.00    M    M 15.6 33 200   M    M   0        39 190
================================================================================
SM 2605 1987         1 357  8.19     0.0 363.9          M       67
================================================================================
AV 86.8 66.2                              12.1 FASTST   M    M   2    MAX(MPH)
                                 MISC ---->  # 54  10               # 66   30
================================================================================
NOTES:
# LAST OF SEVERAL OCCURRENCES

COLUMN 17 PEAK WIND IN M.P.H.

PRELIMINARY LOCAL CLIMATOLOGICAL DATA (WS FORM: F-6) , PAGE 2

                                          STATION:  SALINA KS
                                          MONTH:    JUNE
                                          YEAR:     2014
                                          LATITUDE:   38 47 N
                                          LONGITUDE:  97 39 W

[TEMPERATURE DATA]      [PRECIPITATION DATA]       SYMBOLS USED IN COLUMN 16

AVERAGE MONTHLY: 76.5   TOTAL FOR MONTH:   8.19    1 = FOG OR MIST
DPTR FM NORMAL:   0.9   DPTR FM NORMAL:    4.08    2 = FOG REDUCING VISIBILITY
HIGHEST:    97 ON 30    GRTST 24HR  2.44 ON  9-10      TO 1/4 MILE OR LESS
LOWEST:     53 ON 13                               3 = THUNDER
                        SNOW, ICE PELLETS, HAIL    4 = ICE PELLETS
                        TOTAL MONTH:   0.0 INCH    5 = HAIL
                        GRTST 24HR     0.0         6 = FREEZING RAIN OR DRIZZLE
                        GRTST DEPTH:  M  ON   M    7 = DUSTSTORM OR SANDSTORM:
                                                       VSBY 1/2 MILE OR LESS
                                                   8 = SMOKE OR HAZE
[NO. OF DAYS WITH]      [WEATHER - DAYS WITH]      9 = BLOWING SNOW
                                                   X = TORNADO
MAX 32 OR BELOW:   0    0.01 INCH OR MORE:  15
MAX 90 OR ABOVE:  11    0.10 INCH OR MORE:   9
MIN 32 OR BELOW:   0    0.50 INCH OR MORE:   6
MIN  0 OR BELOW:   0    1.00 INCH OR MORE:   2

[HDD (BASE 65) ]
TOTAL THIS MO.     1    CLEAR  (SCALE 0-3)  22
DPTR FM NORMAL    -6    PTCLDY (SCALE 4-7)   8
TOTAL FM JUL 1  5398    CLOUDY (SCALE 8-10)  0
DPTR FM NORMAL   527

[CDD (BASE 65) ]
TOTAL THIS MO.   357
DPTR FM NORMAL    32    [PRESSURE DATA]
TOTAL FM JAN 1   589    HIGHEST SLP M ON M
DPTR FM NORMAL   136    LOWEST  SLP 29.54 ON 15

[REMARKS]
#FINAL-06-14#
