000
CXUS53 KICT 280250
CF6SLN
PRELIMINARY LOCAL CLIMATOLOGICAL DATA (WS FORM: F-6)

                                          STATION:   SALINA KS
                                          MONTH:     FEBRUARY
                                          YEAR:      2014
                                          LATITUDE:   38 47 N
                                          LONGITUDE:  97 39 W

  TEMPERATURE IN F:       :PCPN:    SNOW:  WIND      :SUNSHINE: SKY     :PK WND
================================================================================
1   2   3   4   5  6A  6B    7    8   9   10  11  12  13   14  15   16   17  18
                                     12Z  AVG MX 2MIN
DY MAX MIN AVG DEP HDD CDD  WTR  SNW DPTH SPD SPD DIR MIN PSBL S-S WX    SPD DR
================================================================================

 1  29  13  21 -11  44   0 0.24    M    M 11.0 22 350   M    M  10 1      25 360
 2  23   2  13 -19  52   0 0.00    M    M  3.6 10 350   M    M   0        11 360
 3  36   5  21 -11  44   0 0.00    M    M  6.8 17 160   M    M   4        20 160
 4  32  10  21 -12  44   0 0.90    M    M 16.6 30 360   M    M  10 12     36 360
 5  10   1   6 -27  59   0    M    M    M 15.7 30 350   M    M   6 8      35 350
 6  10  -3   4 -29  61   0    T    M    M  3.6  9 360   M    M   9        11 360
 7  16   3  10 -23  55   0    T    M    M  7.2 13 150   M    M  10 18     17 120
 8  28  16  22 -12  43   0 0.00    M    M  6.1 14 170   M    M  10 18     16 170
 9  26  13  20 -14  45   0    T    M    M 11.7 21  20   M    M   7 18     27  20
10  16  11  14 -20  51   0 0.05    M    M  7.0 15 360   M    M   9 18     16 360
11  20  10  15 -19  50   0 0.00    M    M  7.5 15 170   M    M   6        18 190
12  37  14  26  -8  39   0 0.00    M    M  9.3 21 360   M    M   2        25 350
13  50  24  37   2  28   0 0.00    M    M  5.9 14 200   M    M   1        15 200
14  51  28  40   5  25   0    T    M    M 12.0 26 270   M    M   1        32 270
15  59  28  44   9  21   0 0.00    M    M 11.2 22 190   M    M   4        31 170
16  55  26  41   5  24   0 0.00    M    M  8.8 20 150   M    M   0        24 160
17  62  33  48  12  17   0 0.00    M    M 14.7 36 320   M    M   1        44 320
18  74  38  56  20   9   0 0.00    M    M 13.9 28 300   M    M   0        33 310
19  59  32  46   9  19   0 0.00    M    M  7.2 17 130   M    M   4        21 130
20  51  34  43   6  22   0 0.08    M    M 21.8 40 300   M    M   7 13     48 290
21  61  25  43   6  22   0 0.00    M    M 11.5 28 280   M    M   0        35 280
22  58  25  42   4  23   0 0.00    M    M  8.9 21  40   M    M   0        25  40
23  35  21  28 -10  37   0 0.00    M    M 10.9 21  30   M    M   5        27  40
24  45  20  33  -5  32   0 0.00    M    M  7.9 17 130   M    M   3        23 120
25  27  17  22 -17  43   0 0.03    M    M 15.0 23 360   M    M   7 8      29 360
26  37  -6  16 -23  49   0 0.02    M    M  8.3 18 240   M    M   1        22 240
27  44  16  30 -10  35   0 0.00    M    M 10.4 20 130   M    M   0        26 150
28  55  27  41   1  24   0 0.00    M    M 11.9 22  10   M    M   3        26 360
================================================================================
SM 1106  483      1017   0  1.32    M    286.4          M      120
================================================================================
AV 39.5 17.2                              10.2 FASTST   M    M   4    MAX(MPH)
                                 MISC ---->  # 40 300               # 48  290
================================================================================
NOTES:
# LAST OF SEVERAL OCCURRENCES

COLUMN 17 PEAK WIND IN M.P.H.

PRELIMINARY LOCAL CLIMATOLOGICAL DATA (WS FORM: F-6) , PAGE 2

                                          STATION:  SALINA KS
                                          MONTH:    FEBRUARY
                                          YEAR:     2014
                                          LATITUDE:   38 47 N
                                          LONGITUDE:  97 39 W

[TEMPERATURE DATA]      [PRECIPITATION DATA]       SYMBOLS USED IN COLUMN 16

AVERAGE MONTHLY: 28.4   TOTAL FOR MONTH:   1.32    1 = FOG OR MIST
DPTR FM NORMAL:  -7.1   DPTR FM NORMAL:    0.15    2 = FOG REDUCING VISIBILITY
HIGHEST:    74 ON 18    GRTST 24HR  0.90 ON  4- 4      TO 1/4 MILE OR LESS
LOWEST:     -6 ON 26                               3 = THUNDER
                        SNOW, ICE PELLETS, HAIL    4 = ICE PELLETS
                        TOTAL MONTH:    M          5 = HAIL
                        GRTST 24HR    M  ON   M    6 = FREEZING RAIN OR DRIZZLE
                        GRTST DEPTH:  M  ON   M    7 = DUSTSTORM OR SANDSTORM:
                                                       VSBY 1/2 MILE OR LESS
                                                   8 = SMOKE OR HAZE
[NO. OF DAYS WITH]      [WEATHER - DAYS WITH]      9 = BLOWING SNOW
                                                   X = TORNADO
MAX 32 OR BELOW:  11    0.01 INCH OR MORE:   6
MAX 90 OR ABOVE:   0    0.10 INCH OR MORE:   2
MIN 32 OR BELOW:  25    0.50 INCH OR MORE:   1
MIN  0 OR BELOW:   2    1.00 INCH OR MORE:   0

[HDD (BASE 65) ]
TOTAL THIS MO.  1017    CLEAR  (SCALE 0-3)  12
DPTR FM NORMAL   192    PTCLDY (SCALE 4-7)  10
TOTAL FM JUL 1  4250    CLOUDY (SCALE 8-10)  6
DPTR FM NORMAL   409

[CDD (BASE 65) ]
TOTAL THIS MO.     0
DPTR FM NORMAL     0    [PRESSURE DATA]
TOTAL FM JAN 1     0    HIGHEST SLP 30.77 ON  5
DPTR FM NORMAL     0    LOWEST  SLP 29.36 ON 20

[REMARKS]
#FINAL-02-14#
