000
CXUS53 KICT 010919
CF6SLN
PRELIMINARY LOCAL CLIMATOLOGICAL DATA (WS FORM: F-6)

                                          STATION:   SALINA KS
                                          MONTH:     NOVEMBER
                                          YEAR:      2016
                                          LATITUDE:   38 47 N
                                          LONGITUDE:  97 39 W

  TEMPERATURE IN F:       :PCPN:    SNOW:  WIND      :SUNSHINE: SKY     :PK WND
================================================================================
1   2   3   4   5  6A  6B    7    8   9   10  11  12  13   14  15   16   17  18
                                     12Z  AVG MX 2MIN
DY MAX MIN AVG DEP HDD CDD  WTR  SNW DPTH SPD SPD DIR MIN PSBL S-S WX    SPD DR
================================================================================

 1  80  57  69  18   0   4 0.00    M    M  5.2 13 150   M    M   0        15 130
 2  72  58  65  14   0   0    T    M    M  6.6 16  10   M    M   6        19 330
 3  75  45  60  10   5   0 0.00    M    M  6.1 13 360   M    M   1 8      16 360
 4  75  44  60  10   5   0 0.00    M    M  3.4 10 160   M    M   0        13 150
 5  74  45  60  11   5   0 0.00    M    M  7.0 15 160   M    M   2        20 150
 6  74  56  65  16   0   0    T    M    M  9.6 20 160   M    M   7        24 170
 7  62  53  58  10   7   0 0.46    M    M  5.0 12 360   M    M  10 1      15 200
 8  64  42  53   5  12   0 0.00    M    M 11.1 21 360   M    M   3        25 350
 9  62  36  49   2  16   0 0.00    M    M  4.3  9 190   M    M   0        10 200
10  74  33  54   7  11   0 0.00    M    M  9.3 23 220   M    M   0        28 210
11  62  38  50   4  15   0 0.00    M    M 11.2 20  30   M    M   0        25  30
12  58  31  45  -1  20   0 0.00    M    M  4.6 12 150   M    M   0        16 190
13  67  31  49   4  16   0 0.00    M    M 10.3 22 200   M    M   0        27 200
14  71  39  55  10  10   0 0.00    M    M  5.5 14 320   M    M   0 1      16 320
15  77  39  58  14   7   0 0.00    M    M  2.8 10 170   M    M   0 8      13 170
16  82  37  60  16   5   0 0.00    M    M 13.7 30 190   M    M   0 8      41 200
17  68  48  58  15   7   0 0.00    M    M 12.7 29 190   M    M   1        36 190
18  49  30  40  -2  25   0 0.00    M    M 21.6 37 330   M    M   6        44 330
19  48  20  34  -8  31   0 0.00    M    M  5.7 15 320   M    M   0        19 330
20  57  31  44   2  21   0 0.00    M    M  8.6 23 170   M    M   0        30 170
21  61  29  45   4  20   0 0.00    M    M  7.4 21 120   M    M   0        26 120
22  66  46  56  16   9   0 0.12    M    M 16.3 26 170   M    M   7 1      35 150
23  50  32  41   1  24   0 0.00    M    M 12.1 26 330   M    M   6 1      31 320
24  54  29  42   3  23   0 0.00    M    M 10.4 21 330   M    M   6 1      25 330
25  58  27  43   4  22   0 0.00    M    M  5.4 12 190   M    M   1        13 190
26  65  34  50  12  15   0 0.00    M    M 12.2 23 190   M    M   0        28 190
27  61  37  49  11  16   0 0.02    M    M 18.1 36 190   M    M   6 18     49 170
28  62  37  50  13  15   0 0.00    M    M 12.3 25 300   M    M   0        31 300
29  51  32  42   5  23   0 0.00    M    M 11.3 25 300   M    M   4        34 280
30  50  26  38   2  27   0 0.00    M    M 14.0 30 330   M    M   0        38 330
================================================================================
SM 1929 1142       412   4  0.60    M    283.8          M       66
================================================================================
AV 64.3 38.1                               9.5 FASTST   M    M   2    MAX(MPH)
                                 MISC ---->  # 37 330               # 49  170
================================================================================
NOTES:
# LAST OF SEVERAL OCCURRENCES

COLUMN 17 PEAK WIND IN M.P.H.

PRELIMINARY LOCAL CLIMATOLOGICAL DATA (WS FORM: F-6) , PAGE 2

                                          STATION:  SALINA KS
                                          MONTH:    NOVEMBER
                                          YEAR:     2016
                                          LATITUDE:   38 47 N
                                          LONGITUDE:  97 39 W

[TEMPERATURE DATA]      [PRECIPITATION DATA]       SYMBOLS USED IN COLUMN 16

AVERAGE MONTHLY: 51.2   TOTAL FOR MONTH:   0.60    1 = FOG OR MIST
DPTR FM NORMAL:   7.3   DPTR FM NORMAL:   -0.65    2 = FOG REDUCING VISIBILITY
HIGHEST:    82 ON 16    GRTST 24HR  0.46 ON  7- 7      TO 1/4 MILE OR LESS
LOWEST:     20 ON 19                               3 = THUNDER
                        SNOW, ICE PELLETS, HAIL    4 = ICE PELLETS
                        TOTAL MONTH:    M          5 = HAIL
                        GRTST 24HR    M  ON   M    6 = FREEZING RAIN OR DRIZZLE
                        GRTST DEPTH:  M  ON   M    7 = DUSTSTORM OR SANDSTORM:
                                                       VSBY 1/2 MILE OR LESS
                                                   8 = SMOKE OR HAZE
[NO. OF DAYS WITH]      [WEATHER - DAYS WITH]      9 = BLOWING SNOW
                                                   X = TORNADO
MAX 32 OR BELOW:   0    0.01 INCH OR MORE:   3
MAX 90 OR ABOVE:   0    0.10 INCH OR MORE:   2
MIN 32 OR BELOW:  11    0.50 INCH OR MORE:   0
MIN  0 OR BELOW:   0    1.00 INCH OR MORE:   0

[HDD (BASE 65) ]
TOTAL THIS MO.   412    CLEAR  (SCALE 0-3)  21
DPTR FM NORMAL  -222    PTCLDY (SCALE 4-7)   8
TOTAL FM JUL 1   543    CLOUDY (SCALE 8-10)  1
DPTR FM NORMAL  -409

[CDD (BASE 65) ]
TOTAL THIS MO.     4
DPTR FM NORMAL     3    [PRESSURE DATA]
TOTAL FM JAN 1  2009    HIGHEST SLP 30.67 ON 19
DPTR FM NORMAL   362    LOWEST  SLP 29.21 ON 28

[REMARKS]
#FINAL-11-16#
