000
CXUS53 KICT 010937
CLMSLN
CLIMATE REPORT
NATIONAL WEATHER SERVICE WICHITA KANSAS
337 AM CST FRI DEC 01 2023
...................................
...THE SALINA KS CLIMATE SUMMARY FOR THE MONTH OF NOVEMBER 2023...
CLIMATE NORMAL PERIOD 1991 TO 2020
CLIMATE RECORD PERIOD 1894 TO 2023
WEATHER OBSERVED NORMAL DEPART LAST YEAR`S
VALUE DATE(S) VALUE FROM VALUE DATE(S)
NORMAL
................................................................
TEMPERATURE (F)
RECORD
HIGH 89 11/08/2006
LOW -5 11/28/1952
HIGHEST 75 11/05 81 11/01
11/07
LOWEST 13 11/27 15 11/30
AVG. MAXIMUM 59.4 55.1 4.3 54.3
AVG. MINIMUM 32.6 32.1 0.5 30.1
MEAN 46.0 43.6 2.4 42.2
DAYS MAX >= 90 0 0.0 0.0 0
DAYS MAX <= 32 1 0.8 0.2 1
DAYS MIN <= 32 16 15.3 0.7 19
DAYS MIN <= 0 0 0.0 0.0 0
PRECIPITATION (INCHES)
RECORD
MAXIMUM 5.86 1909
MINIMUM 0.00 1989
TOTALS 1.42 1.22 0.20 1.16
DAILY AVG. 0.05 0.04 0.01 0.04
DAYS >= .01 5 4.9 0.1 5
DAYS >= .10 4 2.6 1.4 1
DAYS >= .50 0 0.6 -0.6 1
DAYS >= 1.00 0 0.1 -0.1 1
GREATEST
24 HR. TOTAL 0.63 11/19 TO 11/20
DEGREE DAYS
HEATING TOTAL 564 643 -79 662
SINCE 7/1 821 975 -154 MM
COOLING TOTAL 0 1 -1 11
................................................................
WIND (MPH)
AVERAGE WIND SPEED 9.0
HIGHEST WIND SPEED/DIRECTION 31/340 DATE 11/21
HIGHEST GUST SPEED/DIRECTION 42/340 DATE 11/21
SKY COVER
POSSIBLE SUNSHINE (PERCENT) MM
AVERAGE SKY COVER 0.20
NUMBER OF DAYS FAIR 24
NUMBER OF DAYS PC 3
NUMBER OF DAYS CLOUDY 3
AVERAGE RH (PERCENT) 64
WEATHER CONDITIONS. NUMBER OF DAYS WITH
THUNDERSTORM 0 MIXED PRECIP 0
HEAVY RAIN 1 RAIN 3
LIGHT RAIN 4 FREEZING RAIN 0
LT FREEZING RAIN 0 HAIL 0
HEAVY SNOW 1 SNOW 1
LIGHT SNOW 3 SLEET 0
FOG 9 FOG W/VIS <= 1/4 MILE 4
HAZE 4
- INDICATES NEGATIVE NUMBERS.
R INDICATES RECORD WAS SET OR TIED.
MM INDICATES DATA IS MISSING.
T INDICATES TRACE AMOUNT.
$$