000
CXUS56 KLOX 011155
CF6SMO
PRELIMINARY LOCAL CLIMATOLOGICAL DATA (WS FORM: F-6)
STATION: SANTA MONICA AIRPORT CA
MONTH: AUGUST
YEAR: 2023
LATITUDE: 34 0 N
LONGITUDE: 118 27 W
TEMPERATURE IN F: :PCPN: SNOW: WIND :SUNSHINE: SKY :PK WND
================================================================================
1 2 3 4 5 6A 6B 7 8 9 10 11 12 13 14 15 16 17 18
12Z AVG MX 2MIN
DY MAX MIN AVG DEP HDD CDD WTR SNW DPTH SPD SPD DIR MIN PSBL S-S WX SPD DR
================================================================================
1 79 67 73 3 0 8 0.00 M M 4.5 13 210 M M 1 18 18 230
2 79 63 71 1 0 6 0.00 M M 4.6 12 210 M M 0 19 220
3 75 61 68 -2 0 3 0.00 M M 5.4 15 210 M M 0 24 200
4 76 62 69 -1 0 4 0.00 M M 4.7 15 210 M M 2 21 260
5 77 62 70 0 0 5 0.00 M M 4.4 13 210 M M 0 19 220
6 76 63 70 0 0 5 0.00 M M 4.5 13 210 M M 3 1 19 210
7 77 65 71 1 0 6 0.00 M M 4.3 12 210 M M 5 18 17 190
8 79 63 71 1 0 6 0.00 M M 4.4 12 200 M M 0 18 200
9 75 66 71 1 0 6 T M M 5.7 14 210 M M 5 19 200
10 77 66 72 2 0 7 0.00 M M 5.2 13 230 M M 8 19 270
11 74 65 70 0 0 5 0.00 M M 5.8 14 230 M M 6 1 21 250
12 75 65 70 0 0 5 0.00 M M 4.9 13 210 M M 5 19 210
13 75 65 70 0 0 5 0.00 M M 5.1 14 220 M M 7 23 210
14 73 64 69 -1 0 4 0.00 M M 5.4 13 220 M M 10 1 18 220
15 73 64 69 -1 0 4 0.00 M M 4.7 13 250 M M 6 1 19 240
16 73 64 69 -1 0 4 0.02 M M 6.6 15 170 M M 2 13 21 180
17 72 63 68 -2 0 3 0.00 M M 4.9 14 200 M M 6 128 20 200
18 73 63 68 -2 0 3 0.00 M M 4.6 13 210 M M 4 18 17 210
19 74 60 67 -3 0 2 0.00 M M 3.8 10 220 M M 0 16 220
20 77 66 72 2 0 7 2.59 M M 6.5 15 340 M M 9 1 30 330
21 77 63 70 0 0 5 0.97 M M 6.4 15 90 M M 5 1 24 110
22 76 63 70 0 0 5 0.00 M M 5.2 14 240 M M 0 23 240
23 75 64 70 0 0 5 0.00 M M 5.7 15 220 M M 1 1 24 220
24 72 64 68 -2 0 3 0.00 M M 4.9 13 230 M M 7 18 18 230
25 72 61 67 -3 0 2 0.00 M M 4.6 14 220 M M 2 1 21 220
26 76 61 69 -1 0 4 0.00 M M 4.2 13 240 M M 0 20 250
27 80 62 71 1 0 6 0.00 M M 4.3 15 220 M M 0 21 210
28 83 64 74 4 0 9 0.00 M M 3.9 10 210 M M 0 16 230
29 83 64 74 4 0 9 0.00 M M 3.8 10 220 M M 0 1 15 230
30 84 63 74 4 0 9 0.00 M M 3.7 10 200 M M 1 1 19 200
31 76 64 70 0 0 5 0.00 M M 3.8 12 210 M M 5 128 16 190
================================================================================
SM 2363 1970 0 160 3.58 M 150.5 M 100
================================================================================
AV 76.2 63.5 4.9 FASTST M M 3 MAX(MPH)
MISC ----> # 15 210 30 330
================================================================================
NOTES:
# LAST OF SEVERAL OCCURRENCES
COLUMN 17 PEAK WIND IN M.P.H.
PRELIMINARY LOCAL CLIMATOLOGICAL DATA (WS FORM: F-6) , PAGE 2
STATION: SANTA MONICA AIRPORT CA
MONTH: AUGUST
YEAR: 2023
LATITUDE: 34 0 N
LONGITUDE: 118 27 W
[TEMPERATURE DATA] [PRECIPITATION DATA] SYMBOLS USED IN COLUMN 16
AVERAGE MONTHLY: 69.9 TOTAL FOR MONTH: 3.58 1 = FOG OR MIST
DPTR FM NORMAL: 0.1 DPTR FM NORMAL: 3.57 2 = FOG REDUCING VISIBILITY
HIGHEST: 84 ON 30 GRTST 24HR 3.56 ON 20-21 TO 1/4 MILE OR LESS
LOWEST: 60 ON 19 3 = THUNDER
SNOW, ICE PELLETS, HAIL 4 = ICE PELLETS
TOTAL MONTH: M 5 = HAIL
GRTST 24HR M ON M 6 = FREEZING RAIN OR DRIZZLE
GRTST DEPTH: M ON M 7 = DUSTSTORM OR SANDSTORM:
VSBY 1/2 MILE OR LESS
8 = SMOKE OR HAZE
[NO. OF DAYS WITH] [WEATHER - DAYS WITH] 9 = BLOWING SNOW
X = TORNADO
MAX 32 OR BELOW: 0 0.01 INCH OR MORE: 3
MAX 90 OR ABOVE: 0 0.10 INCH OR MORE: 2
MIN 32 OR BELOW: 0 0.50 INCH OR MORE: 2
MIN 0 OR BELOW: 0 1.00 INCH OR MORE: 1
[HDD (BASE 65) ]
TOTAL THIS MO. 0 CLEAR (SCALE 0-3) 17
DPTR FM NORMAL -3 PTCLDY (SCALE 4-7) 12
TOTAL FM JUL 1 6 CLOUDY (SCALE 8-10) 2
DPTR FM NORMAL 2
[CDD (BASE 65) ]
TOTAL THIS MO. 160
DPTR FM NORMAL 7 [PRESSURE DATA]
TOTAL FM JAN 1 294 HIGHEST SLP 30.04 ON 7
DPTR FM NORMAL -80 LOWEST SLP 29.43 ON 20
[REMARKS]
#FINAL-08-23#