000
CXUS56 KSGX 011045
CF6SNA
PRELIMINARY LOCAL CLIMATOLOGICAL DATA (WS FORM: F-6)
STATION: JOHN WAYNE AIRPORT CA
MONTH: AUGUST
YEAR: 2023
LATITUDE: 33 40 N
LONGITUDE: 117 53 W
TEMPERATURE IN F: :PCPN: SNOW: WIND :SUNSHINE: SKY :PK WND
================================================================================
1 2 3 4 5 6A 6B 7 8 9 10 11 12 13 14 15 16 17 18
12Z AVG MX 2MIN
DY MAX MIN AVG DEP HDD CDD WTR SNW DPTH SPD SPD DIR MIN PSBL S-S WX SPD DR
================================================================================
1 86 71 79 5 0 14 T M M 5.9 14 210 M M 5 17 210
2 83 69 76 2 0 11 0.00 M M 5.5 13 210 M M 1 16 220
3 79 67 73 -1 0 8 0.00 M M 5.2 13 200 M M 2 18 220
4 80 66 73 -1 0 8 0.00 M M 6.7 13 210 M M 3 17 190
5 82 68 75 1 0 10 0.00 M M 5.8 14 190 M M 3 19 190
6 82 67 75 1 0 10 0.00 M M 6.6 20 200 M M 5 8 25 200
7 80 67 74 0 0 9 0.00 M M 6.6 20 210 M M 4 18 23 220
8 83 66 75 1 0 10 0.00 M M 7.1 21 210 M M 5 25 210
9 79 69 74 0 0 9 T M M 5.4 15 190 M M 8 19 190
10 79 69 74 0 0 9 T M M 5.8 13 220 M M 8 17 190
11 79 69 74 0 0 9 0.00 M M 4.6 13 210 M M 6 17 210
12 79 68 74 0 0 9 0.00 M M 4.9 15 210 M M 3 19 190
13 80 67 74 0 0 9 0.00 M M 4.6 13 220 M M 4 1 18 230
14 80 69 75 1 0 10 0.00 M M 4.8 13 210 M M 6 8 16 220
15 83 69 76 2 0 11 0.00 M M 4.1 12 230 M M 5 18 15 220
16 87 68 78 4 0 13 T M M 4.8 13 190 M M 3 3 15 190
17 82 67 75 1 0 10 0.00 M M 5.6 13 200 M M 3 18 19 220
18 82 66 74 0 0 9 0.00 M M 3.7 13 220 M M 4 18 15 200
19 76 66 71 -3 0 6 0.00 M M 3.9 16 210 M M 6 21 200
20 77 67 72 -2 0 7 2.01 M M 8.4 26 140 M M 9 1 36 150
21 79 66 73 -1 0 8 0.12 M M 6.1 14 190 M M 8 18 22 100
22 82 67 75 1 0 10 0.00 M M 3.6 13 230 M M 1 18 230
23 83 68 76 2 0 11 0.00 M M 4.8 12 210 M M 2 16 230
24 79 67 73 -1 0 8 0.00 M M 4.9 10 200 M M 5 16 210
25 81 66 74 0 0 9 T M M 4.1 12 230 M M 1 17 210
26 86 64 75 1 0 10 0.00 M M 3.6 12 210 M M 1 16 200
27 89 64 77 3 0 12 0.00 M M 3.4 10 220 M M 1 14 210
28 90 68 79 5 0 14 0.00 M M 5.1 10 220 M M 0 14 210
29 90 69 80 6 0 15 0.00 M M 4.2 13 200 M M 0 15 200
30 88 69 79 5 0 14 T M M 5.9 21 190 M M 1 1 25 190
31 80 68 74 0 0 9 0.00 M M 7.1 22 190 M M 6 18 26 200
================================================================================
SM 2545 2091 0 311 2.13 M 162.8 M 119
================================================================================
AV 82.1 67.5 5.3 FASTST M M 4 MAX(MPH)
MISC ----> 26 140 36 150
================================================================================
NOTES:
# LAST OF SEVERAL OCCURRENCES
COLUMN 17 PEAK WIND IN M.P.H.
PRELIMINARY LOCAL CLIMATOLOGICAL DATA (WS FORM: F-6) , PAGE 2
STATION: JOHN WAYNE AIRPORT CA
MONTH: AUGUST
YEAR: 2023
LATITUDE: 33 40 N
LONGITUDE: 117 53 W
[TEMPERATURE DATA] [PRECIPITATION DATA] SYMBOLS USED IN COLUMN 16
AVERAGE MONTHLY: 74.8 TOTAL FOR MONTH: 2.13 1 = FOG OR MIST
DPTR FM NORMAL: 1.0 DPTR FM NORMAL: 2.12 2 = FOG REDUCING VISIBILITY
HIGHEST: 90 ON 29,28 GRTST 24HR 2.01 ON 20-20 TO 1/4 MILE OR LESS
LOWEST: 64 ON 27,26 3 = THUNDER
SNOW, ICE PELLETS, HAIL 4 = ICE PELLETS
TOTAL MONTH: M 5 = HAIL
GRTST 24HR M ON M 6 = FREEZING RAIN OR DRIZZLE
GRTST DEPTH: M ON M 7 = DUSTSTORM OR SANDSTORM:
VSBY 1/2 MILE OR LESS
8 = SMOKE OR HAZE
[NO. OF DAYS WITH] [WEATHER - DAYS WITH] 9 = BLOWING SNOW
X = TORNADO
MAX 32 OR BELOW: 0 0.01 INCH OR MORE: 2
MAX 90 OR ABOVE: 2 0.10 INCH OR MORE: 2
MIN 32 OR BELOW: 0 0.50 INCH OR MORE: 1
MIN 0 OR BELOW: 0 1.00 INCH OR MORE: 1
[HDD (BASE 65) ]
TOTAL THIS MO. 0 CLEAR (SCALE 0-3) 13
DPTR FM NORMAL 0 PTCLDY (SCALE 4-7) 15
TOTAL FM JUL 1 0 CLOUDY (SCALE 8-10) 3
DPTR FM NORMAL 0
[CDD (BASE 65) ]
TOTAL THIS MO. 311
DPTR FM NORMAL 40 [PRESSURE DATA]
TOTAL FM JAN 1 662 HIGHEST SLP 30.04 ON 21
DPTR FM NORMAL -44 LOWEST SLP 29.42 ON 20
[REMARKS]
#FINAL-08-23#