000
CXUS56 KMTR 290900
CF6SNS
PRELIMINARY LOCAL CLIMATOLOGICAL DATA (WS FORM: F-6)
STATION: SALINAS AIRPORT
MONTH: MARCH
YEAR: 2024
LATITUDE: 36 40 N
LONGITUDE: 121 36 W
TEMPERATURE IN F: :PCPN: SNOW: WIND :SUNSHINE: SKY :PK WND
================================================================================
1 2 3 4 5 6A 6B 7 8 9 10 11 12 13 14 15 16 17 18
12Z AVG MX 2MIN
DY MAX MIN AVG DEP HDD CDD WTR SNW DPTH SPD SPD DIR MIN PSBL S-S WX SPD DR
================================================================================
1 63 52 58 4 7 0 0.25 M M 8.8 20 220 M M 9 1 34 210
2 58 48 53 -1 12 0 0.32 M M 9.5 23 240 M M 9 1 32 260
3 59 46 53 -1 12 0 0.10 M M 7.8 17 270 M M 8 1 23 270
4 60 44 52 -2 13 0 0.07 M M 5.6 14 320 M M 4 1 19 310
5 65 43 54 0 11 0 0.00 M M 11.5 22 130 M M 7 30 320
6 62 50 56 2 9 0 0.34 M M 7.5 16 360 M M 8 13 22 140
7 59 49 54 0 11 0 0.00 M M 6.3 16 290 M M 7 22 280
8 69 41 55 1 10 0 0.00 M M 5.8 16 310 M M 1 24 320
9 63 49 56 2 9 0 0.00 M M 4.0 14 300 M M 4 19 290
10 61 51 56 1 9 0 T M M 6.0 13 300 M M 6 1 20 290
11 62 47 55 0 10 0 T M M 8.8 20 130 M M 7 18 25 290
12 63 50 57 2 8 0 0.01 M M 8.7 22 130 M M 9 8 28 260
13 63 44 54 -1 11 0 0.00 M M 6.4 16 270 M M 0 20 330
14 70 45 58 3 7 0 0.00 M M 6.1 17 50 M M 0 24 50
15 74 41 58 3 7 0 0.00 M M 3.9 15 350 M M 0 19 290
16 69 42 56 1 9 0 0.00 M M 6.4 17 340 M M 2 21 340
17 69 43 56 1 9 0 0.00 M M 6.5 16 290 M M 0 27 300
18 72 42 57 2 8 0 0.00 M M 6.5 16 300 M M 0 21 310
19 71 47 59 4 6 0 0.00 M M 6.1 16 320 M M 4 12 22 290
20 74 44 59 4 6 0 0.00 M M 5.7 20 290 M M 3 12 26 290
21 69 43 56 1 9 0 0.00 M M 5.4 16 310 M M 1 26 350
22 71 48 60 5 5 0 0.48 M M 6.8 17 310 M M 3 1 25 10
23 60 49 55 -1 10 0 0.30 M M 6.8 23 260 M M 8 18 30 270
24 60 48 54 -2 11 0 0.47 M M 9.5 26 290 M M 6 18 35 290
25 60 49 55 -1 10 0 T M M 7.4 17 270 M M 8 24 280
26 61 49 55 -1 10 0 0.01 M M 5.2 15 270 M M 6 1 20 250
27 63 43 53 -3 12 0 0.03 M M 6.6 17 330 M M 6 22 300
28 62 48 55 -1 10 0 0.19 M M 5.3 17 290 M M 4 1 27 270
================================================================================
SM 1812 1295 261 0 2.57 M 190.9 M 130
================================================================================
AV 64.7 46.3 6.8 FASTST M M 5 MAX(MPH)
MISC ----> 26 290 35 290
================================================================================
NOTES:
# LAST OF SEVERAL OCCURRENCES
COLUMN 17 PEAK WIND IN M.P.H.
PRELIMINARY LOCAL CLIMATOLOGICAL DATA (WS FORM: F-6) , PAGE 2
STATION: SALINAS AIRPORT
MONTH: MARCH
YEAR: 2024
LATITUDE: 36 40 N
LONGITUDE: 121 36 W
[TEMPERATURE DATA] [PRECIPITATION DATA] SYMBOLS USED IN COLUMN 16
AVERAGE MONTHLY: 55.5 TOTAL FOR MONTH: 2.57 1 = FOG OR MIST
DPTR FM NORMAL: 0.6 DPTR FM NORMAL: 0.68 2 = FOG REDUCING VISIBILITY
HIGHEST: 74 ON 20,15 GRTST 24HR 0.72 ON 22-23 TO 1/4 MILE OR LESS
LOWEST: 41 ON 15, 8 3 = THUNDER
SNOW, ICE PELLETS, HAIL 4 = ICE PELLETS
TOTAL MONTH: M 5 = HAIL
GRTST 24HR M ON M 6 = FREEZING RAIN OR DRIZZLE
GRTST DEPTH: M ON M 7 = DUSTSTORM OR SANDSTORM:
VSBY 1/2 MILE OR LESS
8 = SMOKE OR HAZE
[NO. OF DAYS WITH] [WEATHER - DAYS WITH] 9 = BLOWING SNOW
X = TORNADO
MAX 32 OR BELOW: 0 0.01 INCH OR MORE: 12
MAX 90 OR ABOVE: 0 0.10 INCH OR MORE: 8
MIN 32 OR BELOW: 0 0.50 INCH OR MORE: 0
MIN 0 OR BELOW: 0 1.00 INCH OR MORE: 0
[HDD (BASE 65) ]
TOTAL THIS MO. 261 CLEAR (SCALE 0-3) 9
DPTR FM NORMAL -23 PTCLDY (SCALE 4-7) 15
TOTAL FM JUL 1 1523 CLOUDY (SCALE 8-10) 4
DPTR FM NORMAL -534
[CDD (BASE 65) ]
TOTAL THIS MO. 0
DPTR FM NORMAL 0 [PRESSURE DATA]
TOTAL FM JAN 1 1 HIGHEST SLP M ON M
DPTR FM NORMAL 1 LOWEST SLP 29.77 ON 15
[REMARKS]