000
CDUS45 KPIH 070737
CLISNT


CLIMATE REPORT
NATIONAL WEATHER SERVICE POCATELLO ID
1233 AM MST THU DEC 7 2017


...................................

...THE STANLEY ID CLIMATE SUMMARY FOR DECEMBER 6 2017...

CLIMATE NORMAL PERIOD 1981 TO 2010
CLIMATE RECORD PERIOD 1916 TO 2017


WEATHER ITEM   OBSERVED TIME   RECORD YEAR NORMAL DEPARTURE LAST
                VALUE   (LST)  VALUE       VALUE  FROM      YEAR
                                                  NORMAL
..................................................................
TEMPERATURE (F)
 YESTERDAY
  MAXIMUM         19    326 PM  60    1918  26     -7       11
  MINIMUM         -6    459 AM -30    1978   5    -11      -16
  AVERAGE          7                        15     -8       -2

PRECIPITATION (IN)
  YESTERDAY        0.00          0.49 1971   0.04  -0.04     0.03
  MONTH TO DATE    0.37                      0.21   0.16     0.53
  SINCE OCT 1      7.27                      3.79   3.48     5.99
  SINCE JAN 1     27.32                     16.00  11.32    16.98

SNOWFALL (IN)
  YESTERDAY       MM
  MONTH TO DATE   MM
  SINCE DEC 1     MM
  SINCE JUL 1     MM
  SNOW DEPTH      MM

DEGREE DAYS
 HEATING
  YESTERDAY       58                        50      8       67
  MONTH TO DATE  277                       293    -16      305
  SINCE DEC 1    277                       293    -16      305
  SINCE JUL 1   2918                      3390   -472     2922

 COOLING
  YESTERDAY        0                         0      0        0
  MONTH TO DATE    0                         0      0        0
  SINCE DEC 1      0                         0      0        0
  SINCE JAN 1     25                         3     22        4
..................................................................


WIND (MPH)
  HIGHEST WIND SPEED     7   HIGHEST WIND DIRECTION     E (80)
  HIGHEST GUST SPEED     8   HIGHEST GUST DIRECTION     E (90)
  AVERAGE WIND SPEED     0.5


SKY COVER
  POSSIBLE SUNSHINE  MM
  AVERAGE SKY COVER 0.0


WEATHER CONDITIONS
 THE FOLLOWING WEATHER WAS RECORDED YESTERDAY.
  NO SIGNIFICANT WEATHER WAS OBSERVED.


RELATIVE HUMIDITY (PERCENT)
 HIGHEST    95           900 PM
 LOWEST     67          1200 PM
 AVERAGE    81

..........................................................


THE STANLEY ID CLIMATE NORMALS FOR TODAY
                         NORMAL    RECORD    YEAR
 MAXIMUM TEMPERATURE (F)   25        52      1918
                                             1987
 MINIMUM TEMPERATURE (F)    5       -29      1978


SUNRISE AND SUNSET
DECEMBER  7 2017......SUNRISE   802 AM MST   SUNSET   501 PM MST
DECEMBER  8 2017......SUNRISE   802 AM MST   SUNSET   501 PM MST


-  INDICATES NEGATIVE NUMBERS.
R  INDICATES RECORD WAS SET OR TIED.
MM INDICATES DATA IS MISSING.
T  INDICATES TRACE AMOUNT.




$$
