000
CDUS45 KPIH 210730
CLISNT


CLIMATE REPORT
NATIONAL WEATHER SERVICE POCATELLO ID
130 AM MDT SAT MAR 21 2015


...................................

...THE STANLEY ID CLIMATE SUMMARY FOR MARCH 20 2015...

CLIMATE NORMAL PERIOD 1981 TO 2010
CLIMATE RECORD PERIOD 1916 TO 2015


WEATHER ITEM   OBSERVED TIME   RECORD YEAR NORMAL DEPARTURE LAST
                VALUE   (LST)  VALUE       VALUE  FROM      YEAR
                                                  NORMAL
..................................................................
TEMPERATURE (F)
 YESTERDAY
  MAXIMUM         58    424 PM  59    1997  42     16       39
  MINIMUM         17    650 AM -15    1965  14      3       10
  AVERAGE         38                        28     10       25

PRECIPITATION (IN)
  YESTERDAY        0.00          0.53 2013   0.08  -0.08     0.00
  MONTH TO DATE    0.47                      1.09  -0.62     1.98
  SINCE OCT 1     10.45                      9.25   1.20    12.13
  SINCE JAN 1      3.74                      4.40  -0.66     8.52

SNOWFALL (IN)
  YESTERDAY       MM
  MONTH TO DATE   MM
  SINCE MAR 1     MM
  SINCE JUL 1     MM
  SNOW DEPTH      MM

DEGREE DAYS
 HEATING
  YESTERDAY       27                        37    -10       40
  MONTH TO DATE  630                       788   -158      721
  SINCE MAR 1    630                       788   -158      721
  SINCE JUL 1   7008                      8322  -1314     7889

 COOLING
  YESTERDAY        0                         0      0        0
  MONTH TO DATE    0                         0      0        0
  SINCE MAR 1      0                         0      0        0
  SINCE JAN 1      0                         0      0        0
..................................................................


WIND (MPH)
  HIGHEST WIND SPEED    10   HIGHEST WIND DIRECTION    SW (240)
  HIGHEST GUST SPEED    15   HIGHEST GUST DIRECTION    SW (240)
  AVERAGE WIND SPEED     2.7


SKY COVER
  POSSIBLE SUNSHINE  MM
  AVERAGE SKY COVER 0.0


WEATHER CONDITIONS
 THE FOLLOWING WEATHER WAS RECORDED YESTERDAY.
  NO SIGNIFICANT WEATHER WAS OBSERVED.


RELATIVE HUMIDITY (PERCENT)
 HIGHEST    80           700 AM
 LOWEST     19           300 PM
 AVERAGE    50

..........................................................


THE STANLEY ID CLIMATE NORMALS FOR TODAY
                         NORMAL    RECORD    YEAR
 MAXIMUM TEMPERATURE (F)   42        63      2004
 MINIMUM TEMPERATURE (F)   14       -18      1977


SUNRISE AND SUNSET
MARCH 21 2015.........SUNRISE   741 AM MDT   SUNSET   753 PM MDT
MARCH 22 2015.........SUNRISE   740 AM MDT   SUNSET   754 PM MDT


-  INDICATES NEGATIVE NUMBERS.
R  INDICATES RECORD WAS SET OR TIED.
MM INDICATES DATA IS MISSING.
T  INDICATES TRACE AMOUNT.




$$
