000
CDUS45 KPIH 200737
CLISNT


CLIMATE REPORT
NATIONAL WEATHER SERVICE POCATELLO ID
136 AM MDT WED APR 20 2016


...................................

...THE STANLEY ID CLIMATE SUMMARY FOR APRIL 19 2016...

CLIMATE NORMAL PERIOD 1981 TO 2010
CLIMATE RECORD PERIOD 1916 TO 2016


WEATHER ITEM   OBSERVED TIME   RECORD YEAR NORMAL DEPARTURE LAST
                VALUE   (LST)  VALUE       VALUE  FROM      YEAR
                                                  NORMAL
..................................................................
TEMPERATURE (F)
 YESTERDAY
  MAXIMUM         64    454 PM  74    1994  48     16       60
  MINIMUM         23    616 AM  -1    1982  20      3       25
  AVERAGE         44                        34     10       43

PRECIPITATION (IN)
  YESTERDAY        0.00          0.60 1965   0.06  -0.06     0.00
  MONTH TO DATE    0.80                      1.09  -0.29     1.00
  SINCE OCT 1     15.00                     11.06   3.94    12.18
  SINCE JAN 1      7.43                      6.21   1.22     5.47

SNOWFALL (IN)
  YESTERDAY       MM
  MONTH TO DATE   MM
  SINCE MAR 1     MM
  SINCE JUL 1     MM
  SNOW DEPTH      MM

DEGREE DAYS
 HEATING
  YESTERDAY       21                        31    -10       22
  MONTH TO DATE  489                       628   -139      577
  SINCE MAR 1   1565                      1812   -247     1513
  SINCE JUL 1   8515                      9346   -831     7891

 COOLING
  YESTERDAY        0                         0      0        0
  MONTH TO DATE    0                         0      0        0
  SINCE MAR 1      0                         0      0        0
  SINCE JAN 1      0                         0      0        0
..................................................................


WIND (MPH)
  HIGHEST WIND SPEED     9   HIGHEST WIND DIRECTION     W (280)
  HIGHEST GUST SPEED    14   HIGHEST GUST DIRECTION     N (340)
  AVERAGE WIND SPEED     3.7


SKY COVER
  POSSIBLE SUNSHINE  MM
  AVERAGE SKY COVER 0.0


WEATHER CONDITIONS
 THE FOLLOWING WEATHER WAS RECORDED YESTERDAY.
  NO SIGNIFICANT WEATHER WAS OBSERVED.


RELATIVE HUMIDITY (PERCENT)
 HIGHEST    88           500 AM
 LOWEST     13           400 PM
 AVERAGE    51

..........................................................


THE STANLEY ID CLIMATE NORMALS FOR TODAY
                         NORMAL    RECORD    YEAR
 MAXIMUM TEMPERATURE (F)   49        71      1994
 MINIMUM TEMPERATURE (F)   21        -8      1927


SUNRISE AND SUNSET
APRIL 20 2016.........SUNRISE   647 AM MDT   SUNSET   831 PM MDT
APRIL 21 2016.........SUNRISE   645 AM MDT   SUNSET   832 PM MDT


-  INDICATES NEGATIVE NUMBERS.
R  INDICATES RECORD WAS SET OR TIED.
MM INDICATES DATA IS MISSING.
T  INDICATES TRACE AMOUNT.




$$
