000
CDUS45 KPIH 242335
CLISNT


CLIMATE REPORT
NATIONAL WEATHER SERVICE POCATELLO ID
531 PM MDT WED JUN 24 2015


...................................

...THE STANLEY ID CLIMATE SUMMARY FOR JUNE 24 2015...
VALID TODAY AS OF 0500 PM LOCAL TIME.

CLIMATE NORMAL PERIOD 1981 TO 2010
CLIMATE RECORD PERIOD 1916 TO 2015


WEATHER ITEM   OBSERVED TIME   RECORD YEAR NORMAL DEPARTURE LAST
                VALUE   (LST)  VALUE       VALUE  FROM      YEAR
                                                  NORMAL
..................................................................
TEMPERATURE (F)
 TODAY
  MAXIMUM         77    203 PM  86    1992  70      7       79
  MINIMUM         36    443 AM  20    1920  34      2       39
  AVERAGE         57                        52      5       59

PRECIPITATION (IN)
  TODAY            0.00          0.23 1978   0.04  -0.04     0.01
  MONTH TO DATE    1.04                      1.14  -0.10     0.47
  SINCE OCT 1     15.52                     14.52   1.00    16.51
  SINCE JAN 1      8.81                      9.67  -0.86    12.90

SNOWFALL (IN)
  TODAY           MM
  MONTH TO DATE   MM
  SINCE JUN 1     MM
  SINCE JUL 1     MM
  SNOW DEPTH      MM

DEGREE DAYS
 HEATING
  TODAY            8                        13     -5        6
  MONTH TO DATE  228                       381   -153      387
  SINCE JUN 1    228                       381   -153      387
  SINCE JUL 1   8930                     10723  -1793    10308

 COOLING
  TODAY            0                         0      0        0
  MONTH TO DATE    0                         0      0        0
  SINCE JUN 1      0                         0      0        0
  SINCE JAN 1      0                         0      0        0
..................................................................


WIND (MPH)
  HIGHEST WIND SPEED    12   HIGHEST WIND DIRECTION     N (350)
  HIGHEST GUST SPEED    19   HIGHEST GUST DIRECTION    NW (330)
  AVERAGE WIND SPEED     4.5


SKY COVER
  POSSIBLE SUNSHINE  MM
  AVERAGE SKY COVER 0.0


WEATHER CONDITIONS
 THE FOLLOWING WEATHER WAS RECORDED TODAY.
  NO SIGNIFICANT WEATHER WAS OBSERVED.


RELATIVE HUMIDITY (PERCENT)
 HIGHEST    82           400 AM
 LOWEST     19           200 PM
 AVERAGE    51

..........................................................


THE STANLEY ID CLIMATE NORMALS FOR TOMORROW
                         NORMAL    RECORD    YEAR
 MAXIMUM TEMPERATURE (F)   70        90      1988
 MINIMUM TEMPERATURE (F)   34        23      1919


SUNRISE AND SUNSET
JUNE 24 2015..........SUNRISE   557 AM MDT   SUNSET   927 PM MDT
JUNE 25 2015..........SUNRISE   557 AM MDT   SUNSET   927 PM MDT


-  INDICATES NEGATIVE NUMBERS.
R  INDICATES RECORD WAS SET OR TIED.
MM INDICATES DATA IS MISSING.
T  INDICATES TRACE AMOUNT.




$$
