000
CDUS45 KPIH 230734
CLISNT


CLIMATE REPORT
NATIONAL WEATHER SERVICE POCATELLO ID
1234 AM MST MON FEB 23 2015


...................................

...THE STANLEY ID CLIMATE SUMMARY FOR FEBRUARY 22 2015...

CLIMATE NORMAL PERIOD 1981 TO 2010
CLIMATE RECORD PERIOD 1916 TO 2015


WEATHER ITEM   OBSERVED TIME   RECORD YEAR NORMAL DEPARTURE LAST
                VALUE   (LST)  VALUE       VALUE  FROM      YEAR
                                                  NORMAL
..................................................................
TEMPERATURE (F)
 YESTERDAY
  MAXIMUM         30    517 PM  50    2002  36     -6       28
  MINIMUM         -1    717 AM -32    1975   5     -6       18
  AVERAGE         15                        20     -5       23

PRECIPITATION (IN)
  YESTERDAY        0.00          1.06 1996   0.06  -0.06     0.10
  MONTH TO DATE    1.80                      1.40   0.40     4.44
  SINCE OCT 1      9.95                      7.77   2.18    10.01
  SINCE JAN 1      3.24                      2.92   0.32     6.40

SNOWFALL (IN)
  YESTERDAY       MM
  MONTH TO DATE   MM
  SINCE DEC 1     MM
  SINCE JUL 1     MM
  SNOW DEPTH      MM

DEGREE DAYS
 HEATING
  YESTERDAY       50                        45      5       42
  MONTH TO DATE  762                      1045   -283     1026
  SINCE DEC 1   3542                      4177   -635     4177
  SINCE JUL 1   6135                      7274  -1139     6966

 COOLING
  YESTERDAY        0                         0      0        0
  MONTH TO DATE    0                         0      0        0
  SINCE DEC 1      0                         0      0        0
  SINCE JAN 1      0                         0      0        0
..................................................................


WIND (MPH)
  HIGHEST WIND SPEED    10   HIGHEST WIND DIRECTION    NW (310)
  HIGHEST GUST SPEED    14   HIGHEST GUST DIRECTION     N (350)
  AVERAGE WIND SPEED     4.3


SKY COVER
  POSSIBLE SUNSHINE  MM
  AVERAGE SKY COVER 0.0


WEATHER CONDITIONS
 THE FOLLOWING WEATHER WAS RECORDED YESTERDAY.
  NO SIGNIFICANT WEATHER WAS OBSERVED.


RELATIVE HUMIDITY (PERCENT)
 HIGHEST    69           600 AM
 LOWEST     19           300 PM
 AVERAGE    44

..........................................................


THE STANLEY ID CLIMATE NORMALS FOR TODAY
                         NORMAL    RECORD    YEAR
 MAXIMUM TEMPERATURE (F)   36        52      1921
 MINIMUM TEMPERATURE (F)    6       -29      1975


SUNRISE AND SUNSET
FEBRUARY 23 2015......SUNRISE   727 AM MST   SUNSET   620 PM MST
FEBRUARY 24 2015......SUNRISE   725 AM MST   SUNSET   621 PM MST


-  INDICATES NEGATIVE NUMBERS.
R  INDICATES RECORD WAS SET OR TIED.
MM INDICATES DATA IS MISSING.
T  INDICATES TRACE AMOUNT.




$$
