000
CDUS45 KPIH 042320
CLISNT


CLIMATE REPORT
NATIONAL WEATHER SERVICE POCATELLO ID
520 PM MDT FRI APR 4 2014


...................................

...THE STANLEY ID CLIMATE SUMMARY FOR APRIL 4 2014...
VALID TODAY AS OF 0500 PM LOCAL TIME.

CLIMATE NORMAL PERIOD 1981 TO 2010
CLIMATE RECORD PERIOD 1916 TO 2014


WEATHER ITEM   OBSERVED TIME   RECORD YEAR NORMAL DEPARTURE LAST
                VALUE   (LST)  VALUE       VALUE  FROM      YEAR
                                                  NORMAL
..................................................................
TEMPERATURE (F)
 TODAY
  MAXIMUM         39    347 PM  65    1992  44     -5       57
  MINIMUM         13    701 AM  -6    2010  17     -4       25
  AVERAGE         26                        31     -5       41

PRECIPITATION (IN)
  TODAY            0.00          0.85 2006   0.07  -0.07     0.07
  MONTH TO DATE    0.98                      0.27   0.71     0.07
  SINCE OCT 1     14.12                     10.24   3.88    11.09
  SINCE JAN 1     10.51                      5.39   5.12     2.90

SNOWFALL (IN)
  TODAY            0.0
  MONTH TO DATE    0.0
  SINCE MAR 1      0.0
  SINCE JUL 1      0.0
  SNOW DEPTH      MM

DEGREE DAYS
 HEATING
  TODAY           39                        34      5       24
  MONTH TO DATE  159                       139     20      104
  SINCE MAR 1   1306                      1323    -17     1303
  SINCE JUL 1   8474                      8857   -383     8388

 COOLING
  TODAY            0                         0      0        0
  MONTH TO DATE    0                         0      0        0
  SINCE MAR 1      0                         0      0        0
  SINCE JAN 1      0                         0      0        0
..................................................................


WIND (MPH)
  HIGHEST WIND SPEED    15   HIGHEST WIND DIRECTION    SE (140)
  HIGHEST GUST SPEED    23   HIGHEST GUST DIRECTION    SE (140)
  AVERAGE WIND SPEED     3.0


SKY COVER
  POSSIBLE SUNSHINE  MM
  AVERAGE SKY COVER 0.0


WEATHER CONDITIONS
 THE FOLLOWING WEATHER WAS RECORDED TODAY.
  NO SIGNIFICANT WEATHER WAS OBSERVED.


RELATIVE HUMIDITY (PERCENT)
 HIGHEST    96           500 AM
 LOWEST     48           200 PM
 AVERAGE    72

..........................................................


THE STANLEY ID CLIMATE NORMALS FOR TOMORROW
                         NORMAL    RECORD    YEAR
 MAXIMUM TEMPERATURE (F)   45        63      1990
 MINIMUM TEMPERATURE (F)   17       -15      1982


SUNRISE AND SUNSET
APRIL  4 2014.........SUNRISE   715 AM MDT   SUNSET   811 PM MDT
APRIL  5 2014.........SUNRISE   714 AM MDT   SUNSET   812 PM MDT


-  INDICATES NEGATIVE NUMBERS.
R  INDICATES RECORD WAS SET OR TIED.
MM INDICATES DATA IS MISSING.
T  INDICATES TRACE AMOUNT.




$$
