000
CDUS45 KPIH 252331
CLISNT


CLIMATE REPORT
NATIONAL WEATHER SERVICE POCATELLO ID
527 PM MDT SAT JUL 25 2015


...................................

...THE STANLEY ID CLIMATE SUMMARY FOR JULY 25 2015...
VALID TODAY AS OF 0500 PM LOCAL TIME.

CLIMATE NORMAL PERIOD 1981 TO 2010
CLIMATE RECORD PERIOD 1916 TO 2015


WEATHER ITEM   OBSERVED TIME   RECORD YEAR NORMAL DEPARTURE LAST
                VALUE   (LST)  VALUE       VALUE  FROM      YEAR
                                                  NORMAL
..................................................................
TEMPERATURE (F)
 TODAY
  MAXIMUM         77    351 PM  88    1968  80     -3       77
  MINIMUM         35    609 AM  25    2014  38     -3       25
  AVERAGE         56                        59     -3       51

PRECIPITATION (IN)
  TODAY            0.00          0.40 2007   0.02  -0.02     0.00
  MONTH TO DATE    0.85                      0.58   0.27     0.18
  SINCE OCT 1     16.37                     15.35   1.02    17.05
  SINCE JAN 1      9.66                     10.50  -0.84    13.44

SNOWFALL (IN)
  TODAY           MM
  MONTH TO DATE   MM
  SINCE JUN 1     MM
  SINCE JUL 1     MM
  SNOW DEPTH      MM

DEGREE DAYS
 HEATING
  TODAY            9                         6      3       14
  MONTH TO DATE  155                       203    -48       91
  SINCE JUN 1    389                       657   -268      561
  SINCE JUL 1    155                       203    -48       91

 COOLING
  TODAY            0                         0      0        0
  MONTH TO DATE    1                         0      1       10
  SINCE JUN 1     18                         0     18       10
  SINCE JAN 1     18                         0     18       10
..................................................................


WIND (MPH)
  HIGHEST WIND SPEED    15   HIGHEST WIND DIRECTION    SW (230)
  HIGHEST GUST SPEED    23   HIGHEST GUST DIRECTION     W (250)
  AVERAGE WIND SPEED     2.2


SKY COVER
  POSSIBLE SUNSHINE  MM
  AVERAGE SKY COVER 0.0


WEATHER CONDITIONS
 THE FOLLOWING WEATHER WAS RECORDED TODAY.
  NO SIGNIFICANT WEATHER WAS OBSERVED.


RELATIVE HUMIDITY (PERCENT)
 HIGHEST    89           500 AM
 LOWEST     18           400 PM
 AVERAGE    54

..........................................................


THE STANLEY ID CLIMATE NORMALS FOR TOMORROW
                         NORMAL    RECORD    YEAR
 MAXIMUM TEMPERATURE (F)   80        90      1978
 MINIMUM TEMPERATURE (F)   38        21      1968


SUNRISE AND SUNSET
JULY 25 2015..........SUNRISE   620 AM MDT   SUNSET   912 PM MDT
JULY 26 2015..........SUNRISE   621 AM MDT   SUNSET   911 PM MDT


-  INDICATES NEGATIVE NUMBERS.
R  INDICATES RECORD WAS SET OR TIED.
MM INDICATES DATA IS MISSING.
T  INDICATES TRACE AMOUNT.




$$
