000
CDUS45 KPIH 090734
CLISNT


CLIMATE REPORT
NATIONAL WEATHER SERVICE POCATELLO ID
132 AM MDT WED AUG 9 2017


...................................

...THE STANLEY ID CLIMATE SUMMARY FOR AUGUST 8 2017...

CLIMATE NORMAL PERIOD 1981 TO 2010
CLIMATE RECORD PERIOD 1916 TO 2017


WEATHER ITEM   OBSERVED TIME   RECORD YEAR NORMAL DEPARTURE LAST
                VALUE   (LST)  VALUE       VALUE  FROM      YEAR
                                                  NORMAL
..................................................................
TEMPERATURE (F)
 YESTERDAY
  MAXIMUM         80    207 PM  93    1990  80      0       78
  MINIMUM         50   1154 PM  23    1917  37     13       32
  AVERAGE         65                        58      7       55

PRECIPITATION (IN)
  YESTERDAY        0.12          0.36 1922   0.02   0.10     0.00
  MONTH TO DATE    0.12                      0.15  -0.03     0.02
  SINCE OCT 1     28.67                     15.61  13.06    17.15
  SINCE JAN 1     17.34                     10.76   6.58     9.58

SNOWFALL (IN)
  YESTERDAY       MM
  MONTH TO DATE   MM
  SINCE JUN 1     MM
  SINCE JUL 1     MM
  SNOW DEPTH      MM

DEGREE DAYS
 HEATING
  YESTERDAY        0                         7     -7       10
  MONTH TO DATE   19                        52    -33       59
  SINCE JUN 1    436                       747   -311      599
  SINCE JUL 1     92                       293   -201      295

 COOLING
  YESTERDAY        0                         0      0        0
  MONTH TO DATE    0                         0      0        0
  SINCE JUN 1     21                         3     18        3
  SINCE JAN 1     21                         3     18        3
..................................................................


WIND (MPH)
  HIGHEST WIND SPEED    14   HIGHEST WIND DIRECTION     S (160)
  HIGHEST GUST SPEED    19   HIGHEST GUST DIRECTION     S (190)
  AVERAGE WIND SPEED     4.6


SKY COVER
  POSSIBLE SUNSHINE  MM
  AVERAGE SKY COVER 0.0


WEATHER CONDITIONS
 THE FOLLOWING WEATHER WAS RECORDED YESTERDAY.
  NO SIGNIFICANT WEATHER WAS OBSERVED.


RELATIVE HUMIDITY (PERCENT)
 HIGHEST    89           600 AM
 LOWEST     25           200 PM
 AVERAGE    57

..........................................................


THE STANLEY ID CLIMATE NORMALS FOR TODAY
                         NORMAL    RECORD    YEAR
 MAXIMUM TEMPERATURE (F)   79        90      1990
 MINIMUM TEMPERATURE (F)   36        24      1985


SUNRISE AND SUNSET
AUGUST  9 2017........SUNRISE   637 AM MDT   SUNSET   853 PM MDT
AUGUST 10 2017........SUNRISE   638 AM MDT   SUNSET   851 PM MDT


-  INDICATES NEGATIVE NUMBERS.
R  INDICATES RECORD WAS SET OR TIED.
MM INDICATES DATA IS MISSING.
T  INDICATES TRACE AMOUNT.




$$
