000
CDUS45 KPIH 110729
CLISNT


CLIMATE REPORT
NATIONAL WEATHER SERVICE POCATELLO ID
128 AM MDT WED OCT 11 2017


...................................

...THE STANLEY ID CLIMATE SUMMARY FOR OCTOBER 10 2017...

CLIMATE NORMAL PERIOD 1981 TO 2010
CLIMATE RECORD PERIOD 1916 TO 2017


WEATHER ITEM   OBSERVED TIME   RECORD YEAR NORMAL DEPARTURE LAST
                VALUE   (LST)  VALUE       VALUE  FROM      YEAR
                                                  NORMAL
..................................................................
TEMPERATURE (F)
 YESTERDAY
  MAXIMUM         58    326 PM  80    1996  57      1       60
  MINIMUM         22    634 AM   8    1985  25     -3       40
  AVERAGE         40                        41     -1       50

PRECIPITATION (IN)
  YESTERDAY        0.00          0.25 1983   0.03  -0.03     0.01
  MONTH TO DATE    0.15                      0.26  -0.11     0.54
  SINCE OCT 1      0.15                      0.26  -0.11     0.54
  SINCE JAN 1     20.20                     12.47   7.73    11.53

SNOWFALL (IN)
  YESTERDAY       MM
  MONTH TO DATE   MM
  SINCE SEP 1     MM
  SINCE JUL 1     MM
  SNOW DEPTH      MM

DEGREE DAYS
 HEATING
  YESTERDAY       25                        24      1       15
  MONTH TO DATE  281                       227     54      239
  SINCE SEP 1    714                       748    -34      697
  SINCE JUL 1    929                      1268   -339     1175

 COOLING
  YESTERDAY        0                         0      0        0
  MONTH TO DATE    0                         0      0        0
  SINCE SEP 1      0                         0      0        0
  SINCE JAN 1     25                         3     22        4
..................................................................


WIND (MPH)
  HIGHEST WIND SPEED    18   HIGHEST WIND DIRECTION     S (160)
  HIGHEST GUST SPEED    30   HIGHEST GUST DIRECTION    SE (150)
  AVERAGE WIND SPEED     6.0


SKY COVER
  POSSIBLE SUNSHINE  MM
  AVERAGE SKY COVER 0.0


WEATHER CONDITIONS
 THE FOLLOWING WEATHER WAS RECORDED YESTERDAY.
  NO SIGNIFICANT WEATHER WAS OBSERVED.


RELATIVE HUMIDITY (PERCENT)
 HIGHEST    88           700 AM
 LOWEST     14           100 PM
 AVERAGE    51

..........................................................


THE STANLEY ID CLIMATE NORMALS FOR TODAY
                         NORMAL    RECORD    YEAR
 MAXIMUM TEMPERATURE (F)   57        80      1991
 MINIMUM TEMPERATURE (F)   24         9      1987


SUNRISE AND SUNSET
OCTOBER 11 2017.......SUNRISE   750 AM MDT   SUNSET   702 PM MDT
OCTOBER 12 2017.......SUNRISE   751 AM MDT   SUNSET   700 PM MDT


-  INDICATES NEGATIVE NUMBERS.
R  INDICATES RECORD WAS SET OR TIED.
MM INDICATES DATA IS MISSING.
T  INDICATES TRACE AMOUNT.




$$
