602
CDUS45 KPIH 180729
CLISNT


CLIMATE REPORT
NATIONAL WEATHER SERVICE POCATELLO ID
1228 AM MST SAT FEB 18 2017


...................................

...THE STANLEY ID CLIMATE SUMMARY FOR FEBRUARY 17 2017...

CLIMATE NORMAL PERIOD 1981 TO 2010
CLIMATE RECORD PERIOD 1916 TO 2017


WEATHER ITEM   OBSERVED TIME   RECORD YEAR NORMAL DEPARTURE LAST
                VALUE   (LST)  VALUE       VALUE  FROM      YEAR
                                                  NORMAL
..................................................................
TEMPERATURE (F)
 YESTERDAY
  MAXIMUM         36   1259 PM  50    1977  34      2       47
  MINIMUM         16    703 AM -32    1921   4     12       22
  AVERAGE         26                        19      7       35

PRECIPITATION (IN)
  YESTERDAY        0.05          0.80 1986   0.05   0.00     0.01
  MONTH TO DATE    4.83                      1.14   3.69     0.20
  SINCE OCT 1     16.42                      7.51   8.91    10.22
  SINCE JAN 1      5.09                      2.66   2.43     2.65

SNOWFALL (IN)
  YESTERDAY       MM
  MONTH TO DATE   MM
  SINCE DEC 1     MM
  SINCE JUL 1     MM
  SNOW DEPTH      MM

DEGREE DAYS
 HEATING
  YESTERDAY       39                        46     -7       30
  MONTH TO DATE  648                       818   -170      700
  SINCE DEC 1   4174                      3950    224     3693
  SINCE JUL 1   6791                      7047   -256     6465

 COOLING
  YESTERDAY        0                         0      0        0
  MONTH TO DATE    0                         0      0        0
  SINCE DEC 1      0                         0      0        0
  SINCE JAN 1      0                         0      0        0
..................................................................


WIND (MPH)
  HIGHEST WIND SPEED     9   HIGHEST WIND DIRECTION     E (110)
  HIGHEST GUST SPEED    14   HIGHEST GUST DIRECTION    SE (140)
  AVERAGE WIND SPEED     2.6


SKY COVER
  POSSIBLE SUNSHINE  MM
  AVERAGE SKY COVER 0.0


WEATHER CONDITIONS
 THE FOLLOWING WEATHER WAS RECORDED YESTERDAY.
  NO SIGNIFICANT WEATHER WAS OBSERVED.


RELATIVE HUMIDITY (PERCENT)
 HIGHEST    92          1200 AM
 LOWEST     72           200 PM
 AVERAGE    82

..........................................................


THE STANLEY ID CLIMATE NORMALS FOR TODAY
                         NORMAL    RECORD    YEAR
 MAXIMUM TEMPERATURE (F)   34        52      2015
 MINIMUM TEMPERATURE (F)    4       -31      2006


SUNRISE AND SUNSET
FEBRUARY 18 2017......SUNRISE   734 AM MST   SUNSET   614 PM MST
FEBRUARY 19 2017......SUNRISE   733 AM MST   SUNSET   615 PM MST


-  INDICATES NEGATIVE NUMBERS.
R  INDICATES RECORD WAS SET OR TIED.
MM INDICATES DATA IS MISSING.
T  INDICATES TRACE AMOUNT.




$$
