000
CDUS45 KPIH 162334
CLISNT


CLIMATE REPORT
NATIONAL WEATHER SERVICE POCATELLO ID
533 PM MDT MON MAY 16 2016


...................................

...THE STANLEY ID CLIMATE SUMMARY FOR MAY 16 2016...
VALID TODAY AS OF 0500 PM LOCAL TIME.

CLIMATE NORMAL PERIOD 1981 TO 2010
CLIMATE RECORD PERIOD 1916 TO 2016


WEATHER ITEM   OBSERVED TIME   RECORD YEAR NORMAL DEPARTURE LAST
                VALUE   (LST)  VALUE       VALUE  FROM      YEAR
                                                  NORMAL
..................................................................
TEMPERATURE (F)
 TODAY
  MAXIMUM         52    214 PM  79    2006  58     -6       56
  MINIMUM         31    120 AM  19    1990  28      3       40
  AVERAGE         42                        43     -1       48

PRECIPITATION (IN)
  TODAY            0.12          0.58 1921   0.06   0.06     0.03
  MONTH TO DATE    0.29                      0.90  -0.61     1.05
  SINCE OCT 1     15.71                     12.59   3.12    13.30
  SINCE JAN 1      8.14                      7.74   0.40     6.59

SNOWFALL (IN)
  TODAY           MM
  MONTH TO DATE   MM
  SINCE MAR 1     MM
  SINCE JUL 1     MM
  SNOW DEPTH      MM

DEGREE DAYS
 HEATING
  TODAY           23                        22      1       17
  MONTH TO DATE  303                       386    -83      330
  SINCE MAR 1   2119                      2512   -393     2095
  SINCE JUL 1   9069                     10046   -977     8473

 COOLING
  TODAY            0                         0      0        0
  MONTH TO DATE    0                         0      0        0
  SINCE MAR 1      0                         0      0        0
  SINCE JAN 1      0                         0      0        0
..................................................................


WIND (MPH)
  HIGHEST WIND SPEED    15   HIGHEST WIND DIRECTION    NE (60)
  HIGHEST GUST SPEED    19   HIGHEST GUST DIRECTION    NE (60)
  AVERAGE WIND SPEED     2.7


SKY COVER
  POSSIBLE SUNSHINE  MM
  AVERAGE SKY COVER 0.0


WEATHER CONDITIONS
 THE FOLLOWING WEATHER WAS RECORDED TODAY.
  NO SIGNIFICANT WEATHER WAS OBSERVED.


RELATIVE HUMIDITY (PERCENT)
 HIGHEST    89           200 AM
 LOWEST     61          1000 AM
 AVERAGE    75

..........................................................


THE STANLEY ID CLIMATE NORMALS FOR TOMORROW
                         NORMAL    RECORD    YEAR
 MAXIMUM TEMPERATURE (F)   59        79      2008
                                             2006
 MINIMUM TEMPERATURE (F)   29        17      1966


SUNRISE AND SUNSET
MAY 16 2016...........SUNRISE   611 AM MDT   SUNSET   901 PM MDT
MAY 17 2016...........SUNRISE   610 AM MDT   SUNSET   902 PM MDT


-  INDICATES NEGATIVE NUMBERS.
R  INDICATES RECORD WAS SET OR TIED.
MM INDICATES DATA IS MISSING.
T  INDICATES TRACE AMOUNT.




$$
