000
CDUS45 KPIH 140739
CLISNT


CLIMATE REPORT
NATIONAL WEATHER SERVICE POCATELLO ID
137 AM MDT FRI APR 14 2017


...................................

...THE STANLEY ID CLIMATE SUMMARY FOR APRIL 13 2017...

CLIMATE NORMAL PERIOD 1981 TO 2010
CLIMATE RECORD PERIOD 1916 TO 2017


WEATHER ITEM   OBSERVED TIME   RECORD YEAR NORMAL DEPARTURE LAST
                VALUE   (LST)  VALUE       VALUE  FROM      YEAR
                                                  NORMAL
..................................................................
TEMPERATURE (F)
 YESTERDAY
  MAXIMUM         50    208 AM  70    1988  46      4       48
  MINIMUM         26   1131 PM -11    1922  19      7       34
  AVERAGE         38                        33      5       41

PRECIPITATION (IN)
  YESTERDAY        0.09          0.40 2011   0.05   0.04     0.14
  MONTH TO DATE    0.90                      0.78   0.12     0.35
  SINCE OCT 1     24.36                     10.75  13.61    14.55
  SINCE JAN 1     13.03                      5.90   7.13     6.98

SNOWFALL (IN)
  YESTERDAY       MM
  MONTH TO DATE   MM
  SINCE MAR 1     MM
  SINCE JUL 1     MM
  SNOW DEPTH      MM

DEGREE DAYS
 HEATING
  YESTERDAY       27                        32     -5       24
  MONTH TO DATE  425                       439    -14      324
  SINCE MAR 1   1430                      1623   -193     1400
  SINCE JUL 1   8687                      9157   -470     8350

 COOLING
  YESTERDAY        0                         0      0        0
  MONTH TO DATE    0                         0      0        0
  SINCE MAR 1      0                         0      0        0
  SINCE JAN 1      0                         0      0        0
..................................................................


WIND (MPH)
  HIGHEST WIND SPEED    16   HIGHEST WIND DIRECTION     S (180)
  HIGHEST GUST SPEED    26   HIGHEST GUST DIRECTION     S (200)
  AVERAGE WIND SPEED     4.6


SKY COVER
  POSSIBLE SUNSHINE  MM
  AVERAGE SKY COVER 0.0


WEATHER CONDITIONS
 THE FOLLOWING WEATHER WAS RECORDED YESTERDAY.
  NO SIGNIFICANT WEATHER WAS OBSERVED.


RELATIVE HUMIDITY (PERCENT)
 HIGHEST    92          1000 AM
 LOWEST     46           200 AM
 AVERAGE    69

..........................................................


THE STANLEY ID CLIMATE NORMALS FOR TODAY
                         NORMAL    RECORD    YEAR
 MAXIMUM TEMPERATURE (F)   47        69      1985
 MINIMUM TEMPERATURE (F)   19        -8      1922


SUNRISE AND SUNSET
APRIL 14 2017.........SUNRISE   657 AM MDT   SUNSET   823 PM MDT
APRIL 15 2017.........SUNRISE   656 AM MDT   SUNSET   824 PM MDT


-  INDICATES NEGATIVE NUMBERS.
R  INDICATES RECORD WAS SET OR TIED.
MM INDICATES DATA IS MISSING.
T  INDICATES TRACE AMOUNT.




$$
