000
CDUS45 KPIH 252326
CLISNT


CLIMATE REPORT
NATIONAL WEATHER SERVICE POCATELLO ID
524 PM MDT TUE AUG 25 2015


...................................

...THE STANLEY ID CLIMATE SUMMARY FOR AUGUST 25 2015...
VALID TODAY AS OF 0500 PM LOCAL TIME.

CLIMATE NORMAL PERIOD 1981 TO 2010
CLIMATE RECORD PERIOD 1916 TO 2015


WEATHER ITEM   OBSERVED TIME   RECORD YEAR NORMAL DEPARTURE LAST
                VALUE   (LST)  VALUE       VALUE  FROM      YEAR
                                                  NORMAL
..................................................................
TEMPERATURE (F)
 TODAY
  MAXIMUM         87    240 PM  92    1969  75     12       63
  MINIMUM         38    631 AM  16    1992  33      5       37
  AVERAGE         63                        54      9       50

PRECIPITATION (IN)
  TODAY            0.00          0.51 1987   0.03  -0.03     0.01
  MONTH TO DATE    0.42                      0.50  -0.08     0.98
  SINCE OCT 1     17.08                     15.96   1.12    18.21
  SINCE JAN 1     10.37                     11.11  -0.74    14.60

SNOWFALL (IN)
  TODAY           MM
  MONTH TO DATE   MM
  SINCE JUN 1     MM
  SINCE JUL 1     MM
  SNOW DEPTH      MM

DEGREE DAYS
 HEATING
  TODAY            2                        11     -9       15
  MONTH TO DATE  159                       205    -46      169
  SINCE JUN 1    609                       900   -291      751
  SINCE JUL 1    375                       446    -71      281

 COOLING
  TODAY            0                         0      0        0
  MONTH TO DATE    6                         0      6        4
  SINCE JUN 1     24                         3     21       16
  SINCE JAN 1     24                         3     21       16
..................................................................


WIND (MPH)
  HIGHEST WIND SPEED    14   HIGHEST WIND DIRECTION    SW (210)
  HIGHEST GUST SPEED    22   HIGHEST GUST DIRECTION    SW (220)
  AVERAGE WIND SPEED     3.9


SKY COVER
  POSSIBLE SUNSHINE  MM
  AVERAGE SKY COVER 0.0


WEATHER CONDITIONS
 THE FOLLOWING WEATHER WAS RECORDED TODAY.
  NO SIGNIFICANT WEATHER WAS OBSERVED.


RELATIVE HUMIDITY (PERCENT)
 HIGHEST    54           500 AM
 LOWEST     10           200 PM
 AVERAGE    32

..........................................................


THE STANLEY ID CLIMATE NORMALS FOR TOMORROW
                         NORMAL    RECORD    YEAR
 MAXIMUM TEMPERATURE (F)   75        91      1922
 MINIMUM TEMPERATURE (F)   32        16      1992


SUNRISE AND SUNSET
AUGUST 25 2015........SUNRISE   654 AM MDT   SUNSET   828 PM MDT
AUGUST 26 2015........SUNRISE   656 AM MDT   SUNSET   827 PM MDT


-  INDICATES NEGATIVE NUMBERS.
R  INDICATES RECORD WAS SET OR TIED.
MM INDICATES DATA IS MISSING.
T  INDICATES TRACE AMOUNT.




$$
