000
CDUS45 KPIH 172331
CLISNT


CLIMATE REPORT
NATIONAL WEATHER SERVICE POCATELLO ID
426 PM MST SAT JAN 17 2015


...................................

...THE STANLEY ID CLIMATE SUMMARY FOR JANUARY 17 2015...
VALID TODAY AS OF 0400 PM LOCAL TIME.

CLIMATE NORMAL PERIOD 1981 TO 2010
CLIMATE RECORD PERIOD 1916 TO 2015


WEATHER ITEM   OBSERVED TIME   RECORD YEAR NORMAL DEPARTURE LAST
                VALUE   (LST)  VALUE       VALUE  FROM      YEAR
                                                  NORMAL
..................................................................
TEMPERATURE (F)
 TODAY
  MAXIMUM         24    355 PM  45    1920  27     -3       26
  MINIMUM         -3    453 AM -39    1917   2     -5       -8
  AVERAGE         11                        14     -3        9

PRECIPITATION (IN)
  TODAY            0.00          0.81 1971   0.05  -0.05     0.00
  MONTH TO DATE    0.72                      0.90  -0.18     1.20
  SINCE OCT 1      7.43                      5.75   1.68     4.81
  SINCE JAN 1      0.72                      0.90  -0.18     1.20

SNOWFALL (IN)
  TODAY           MM
  MONTH TO DATE   MM
  SINCE DEC 1     MM
  SINCE JUL 1     MM
  SNOW DEPTH      MM

DEGREE DAYS
 HEATING
  TODAY           54                        51      3       56
  MONTH TO DATE  794                       867    -73      809
  SINCE DEC 1   2156                      2432   -276     2445
  SINCE JUL 1   4749                      5529   -780     5234

 COOLING
  TODAY            0                         0      0        0
  MONTH TO DATE    0                         0      0        0
  SINCE DEC 1      0                         0      0        0
  SINCE JAN 1      0                         0      0        0
..................................................................


WIND (MPH)
  HIGHEST WIND SPEED     8   HIGHEST WIND DIRECTION    SE (150)
  HIGHEST GUST SPEED    10   HIGHEST GUST DIRECTION    SE (130)
  AVERAGE WIND SPEED     2.4


SKY COVER
  POSSIBLE SUNSHINE  MM
  AVERAGE SKY COVER 0.0


WEATHER CONDITIONS
 THE FOLLOWING WEATHER WAS RECORDED TODAY.
  NO SIGNIFICANT WEATHER WAS OBSERVED.


RELATIVE HUMIDITY (PERCENT)
 HIGHEST    86          1000 AM
 LOWEST     60           400 PM
 AVERAGE    73

..........................................................


THE STANLEY ID CLIMATE NORMALS FOR TOMORROW
                         NORMAL    RECORD    YEAR
 MAXIMUM TEMPERATURE (F)   27        45      1977
 MINIMUM TEMPERATURE (F)    2       -41      1984


SUNRISE AND SUNSET
JANUARY 17 2015.......SUNRISE   811 AM MST   SUNSET   529 PM MST
JANUARY 18 2015.......SUNRISE   810 AM MST   SUNSET   531 PM MST


-  INDICATES NEGATIVE NUMBERS.
R  INDICATES RECORD WAS SET OR TIED.
MM INDICATES DATA IS MISSING.
T  INDICATES TRACE AMOUNT.




$$
