000
CDUS45 KPIH 082355
CLISNT


CLIMATE REPORT
NATIONAL WEATHER SERVICE POCATELLO ID
521 PM MDT FRI JUL 8 2016


...................................

...THE STANLEY ID CLIMATE SUMMARY FOR JULY 8 2016...
VALID TODAY AS OF 0500 PM LOCAL TIME.

CLIMATE NORMAL PERIOD 1981 TO 2010
CLIMATE RECORD PERIOD 1916 TO 2016


WEATHER ITEM   OBSERVED TIME   RECORD YEAR NORMAL DEPARTURE LAST
                VALUE   (LST)  VALUE       VALUE  FROM      YEAR
                                                  NORMAL
..................................................................
TEMPERATURE (F)
 TODAY
  MAXIMUM         78    250 PM  88    2014  76      2       74
                                      2012
  MINIMUM         36    507 AM  21    1981  36      0       41
  AVERAGE         57                        56      1       58

PRECIPITATION (IN)
  TODAY            0.00          0.50 1918   0.02  -0.02     0.00
  MONTH TO DATE    0.00                      0.22  -0.22     0.03
  SINCE OCT 1     17.03                     14.99   2.04    15.55
  SINCE JAN 1      9.46                     10.14  -0.68     8.84

SNOWFALL (IN)
  TODAY           MM
  MONTH TO DATE   MM
  SINCE JUN 1     MM
  SINCE JUL 1     MM
  SNOW DEPTH      MM

DEGREE DAYS
 HEATING
  TODAY            8                         9     -1        7
  MONTH TO DATE   68                        81    -13       21
  SINCE JUN 1    372                       535   -163      255
  SINCE JUL 1     68                        81    -13       21

 COOLING
  TODAY            0                         0      0        0
  MONTH TO DATE    0                         0      0        1
  SINCE JUN 1      3                         0      3       18
  SINCE JAN 1      3                         0      3       18
..................................................................


WIND (MPH)
  HIGHEST WIND SPEED    14   HIGHEST WIND DIRECTION     W (260)
  HIGHEST GUST SPEED    23   HIGHEST GUST DIRECTION     W (280)
  AVERAGE WIND SPEED     4.1


SKY COVER
  POSSIBLE SUNSHINE  MM
  AVERAGE SKY COVER 0.0


WEATHER CONDITIONS
 THE FOLLOWING WEATHER WAS RECORDED TODAY.
  NO SIGNIFICANT WEATHER WAS OBSERVED.


RELATIVE HUMIDITY (PERCENT)
 HIGHEST    82           500 AM
 LOWEST     21           100 PM
 AVERAGE    52

..........................................................


THE STANLEY ID CLIMATE NORMALS FOR TOMORROW
                         NORMAL    RECORD    YEAR
 MAXIMUM TEMPERATURE (F)   76        90      2012
 MINIMUM TEMPERATURE (F)   36        24      2011


SUNRISE AND SUNSET
JULY  8 2016..........SUNRISE   605 AM MDT   SUNSET   924 PM MDT
JULY  9 2016..........SUNRISE   606 AM MDT   SUNSET   924 PM MDT


-  INDICATES NEGATIVE NUMBERS.
R  INDICATES RECORD WAS SET OR TIED.
MM INDICATES DATA IS MISSING.
T  INDICATES TRACE AMOUNT.




$$
