000
CDUS45 KPIH 062329
CLISNT


CLIMATE REPORT
NATIONAL WEATHER SERVICE POCATELLO ID
527 PM MDT SAT SEP 6 2014


...................................

...THE STANLEY ID CLIMATE SUMMARY FOR SEPTEMBER 6 2014...
VALID TODAY AS OF 0500 PM LOCAL TIME.

CLIMATE NORMAL PERIOD 1981 TO 2010
CLIMATE RECORD PERIOD 1916 TO 2014


WEATHER ITEM   OBSERVED TIME   RECORD YEAR NORMAL DEPARTURE LAST
                VALUE   (LST)  VALUE       VALUE  FROM      YEAR
                                                  NORMAL
..................................................................
TEMPERATURE (F)
 TODAY
  MAXIMUM         77    350 PM  85    1988  71      6       76
  MINIMUM         23    622 AM  12    1923  30     -7       40
  AVERAGE         50                        50      0       58

PRECIPITATION (IN)
  TODAY            0.00          0.78 1984   0.03  -0.03     0.00
  MONTH TO DATE    0.00                      0.21  -0.21     0.25
  SINCE OCT 1     18.32                     16.35   1.97    14.89
  SINCE JAN 1     14.71                     11.50   3.21     6.70

SNOWFALL (IN)
  TODAY           MM
  MONTH TO DATE   MM
  SINCE SEP 1     MM
  SINCE JUL 1     MM
  SNOW DEPTH      MM

DEGREE DAYS
 HEATING
  TODAY           15                        15      0        7
  MONTH TO DATE  104                        85     19       26
  SINCE SEP 1    104                        85     19       26
  SINCE JUL 1    443                       605   -162      353

 COOLING
  TODAY            0                         0      0        0
  MONTH TO DATE    0                         0      0        0
  SINCE SEP 1      0                         0      0        0
  SINCE JAN 1     16                         3     13       19
..................................................................


WIND (MPH)
  HIGHEST WIND SPEED    12   HIGHEST WIND DIRECTION     N (10)
  HIGHEST GUST SPEED    16   HIGHEST GUST DIRECTION     N (10)
  AVERAGE WIND SPEED     3.5


SKY COVER
  POSSIBLE SUNSHINE  MM
  AVERAGE SKY COVER 0.0


WEATHER CONDITIONS
 THE FOLLOWING WEATHER WAS RECORDED TODAY.
  NO SIGNIFICANT WEATHER WAS OBSERVED.


RELATIVE HUMIDITY (PERCENT)
 HIGHEST    81           500 AM
 LOWEST      9           400 PM
 AVERAGE    45

..........................................................


THE STANLEY ID CLIMATE NORMALS FOR TOMORROW
                         NORMAL    RECORD    YEAR
 MAXIMUM TEMPERATURE (F)   70        86      1979
 MINIMUM TEMPERATURE (F)   30        16      1923


SUNRISE AND SUNSET
SEPTEMBER  6 2014.....SUNRISE   709 AM MDT   SUNSET   807 PM MDT
SEPTEMBER  7 2014.....SUNRISE   710 AM MDT   SUNSET   805 PM MDT


-  INDICATES NEGATIVE NUMBERS.
R  INDICATES RECORD WAS SET OR TIED.
MM INDICATES DATA IS MISSING.
T  INDICATES TRACE AMOUNT.




$$
