000
CDUS45 KPIH 260730
CLISNT


CLIMATE REPORT
NATIONAL WEATHER SERVICE POCATELLO ID
1228 AM MST SAT NOV 26 2016


...................................

...THE STANLEY ID CLIMATE SUMMARY FOR NOVEMBER 25 2016...

CLIMATE NORMAL PERIOD 1981 TO 2010
CLIMATE RECORD PERIOD 1916 TO 2016


WEATHER ITEM   OBSERVED TIME   RECORD YEAR NORMAL DEPARTURE LAST
                VALUE   (LST)  VALUE       VALUE  FROM      YEAR
                                                  NORMAL
..................................................................
TEMPERATURE (F)
 YESTERDAY
  MAXIMUM         43    315 PM  59    1922  30     13       30
  MINIMUM         19    555 AM -24    1993   9     10       10
  AVERAGE         31                        19     12       20

PRECIPITATION (IN)
  YESTERDAY        0.00          0.76 1999   0.05  -0.05     0.11
  MONTH TO DATE    0.88                      1.87  -0.99     1.76
  SINCE OCT 1      5.19                      3.34   1.85     2.61
  SINCE JAN 1     16.18                     15.55   0.63    15.22

SNOWFALL (IN)
  YESTERDAY       MM
  MONTH TO DATE   MM
  SINCE SEP 1     MM
  SINCE JUL 1     MM
  SNOW DEPTH      MM

DEGREE DAYS
 HEATING
  YESTERDAY       34                        46    -12       45
  MONTH TO DATE  734                       999   -265      986
  SINCE SEP 1   1933                      2343   -410     2058
  SINCE JUL 1   2411                      2863   -452     2473

 COOLING
  YESTERDAY        0                         0      0        0
  MONTH TO DATE    0                         0      0        0
  SINCE SEP 1      0                         0      0        0
  SINCE JAN 1      4                         3      1       25
..................................................................


WIND (MPH)
  HIGHEST WIND SPEED    16   HIGHEST WIND DIRECTION     S (180)
  HIGHEST GUST SPEED    24   HIGHEST GUST DIRECTION     S (180)
  AVERAGE WIND SPEED     6.0


SKY COVER
  POSSIBLE SUNSHINE  MM
  AVERAGE SKY COVER 0.0


WEATHER CONDITIONS
 THE FOLLOWING WEATHER WAS RECORDED YESTERDAY.
  NO SIGNIFICANT WEATHER WAS OBSERVED.


RELATIVE HUMIDITY (PERCENT)
 HIGHEST    77           600 AM
 LOWEST     22           200 PM
 AVERAGE    50

..........................................................


THE STANLEY ID CLIMATE NORMALS FOR TODAY
                         NORMAL    RECORD    YEAR
 MAXIMUM TEMPERATURE (F)   29        56      1924
 MINIMUM TEMPERATURE (F)    8       -21      1993


SUNRISE AND SUNSET
NOVEMBER 26 2016......SUNRISE   750 AM MST   SUNSET   504 PM MST
NOVEMBER 27 2016......SUNRISE   751 AM MST   SUNSET   504 PM MST


-  INDICATES NEGATIVE NUMBERS.
R  INDICATES RECORD WAS SET OR TIED.
MM INDICATES DATA IS MISSING.
T  INDICATES TRACE AMOUNT.




$$
