000
CDUS45 KPIH 210735
CLISNT


CLIMATE REPORT
NATIONAL WEATHER SERVICE POCATELLO ID
1233 AM MST SUN DEC 21 2014


...................................

...THE STANLEY ID CLIMATE SUMMARY FOR DECEMBER 20 2014...

CLIMATE NORMAL PERIOD 1981 TO 2010
CLIMATE RECORD PERIOD 1916 TO 2014


WEATHER ITEM   OBSERVED TIME   RECORD YEAR NORMAL DEPARTURE LAST
                VALUE   (LST)  VALUE       VALUE  FROM      YEAR
                                                  NORMAL
..................................................................
TEMPERATURE (F)
 YESTERDAY
  MAXIMUM         35    315 PM  41    1969  25     10       21
  MINIMUM         18    121 AM -34    1983   3     15       -5
  AVERAGE         27                        14     13        8

PRECIPITATION (IN)
  YESTERDAY        0.25          0.34 2007   0.05   0.20     0.14
  MONTH TO DATE    1.49                      0.79   0.70     1.34
  SINCE OCT 1      5.68                      4.37   1.31     3.43
  SINCE JAN 1     21.59                     16.58   5.01    13.93

SNOWFALL (IN)
  YESTERDAY       MM
  MONTH TO DATE   MM
  SINCE DEC 1     MM
  SINCE JUL 1     MM
  SNOW DEPTH      MM

DEGREE DAYS
 HEATING
  YESTERDAY       38                        51    -13       57
  MONTH TO DATE  769                      1002   -233     1108
  SINCE DEC 1    769                      1002   -233     1108
  SINCE JUL 1   3362                      4099   -737     3897

 COOLING
  YESTERDAY        0                         0      0        0
  MONTH TO DATE    0                         0      0        0
  SINCE DEC 1      0                         0      0        0
  SINCE JAN 1     16                         3     13       19
..................................................................


WIND (MPH)
  HIGHEST WIND SPEED    15   HIGHEST WIND DIRECTION    SE (140)
  HIGHEST GUST SPEED    21   HIGHEST GUST DIRECTION    SE (150)
  AVERAGE WIND SPEED     5.7


SKY COVER
  POSSIBLE SUNSHINE  MM
  AVERAGE SKY COVER 0.0


WEATHER CONDITIONS
 THE FOLLOWING WEATHER WAS RECORDED YESTERDAY.
  NO SIGNIFICANT WEATHER WAS OBSERVED.


RELATIVE HUMIDITY (PERCENT)
 HIGHEST    88           100 AM
 LOWEST     70           300 PM
 AVERAGE    79

..........................................................


THE STANLEY ID CLIMATE NORMALS FOR TODAY
                         NORMAL    RECORD    YEAR
 MAXIMUM TEMPERATURE (F)   25        46      1969
 MINIMUM TEMPERATURE (F)    3       -42      1983


SUNRISE AND SUNSET
DECEMBER 21 2014......SUNRISE   812 AM MST   SUNSET   504 PM MST
DECEMBER 22 2014......SUNRISE   812 AM MST   SUNSET   504 PM MST


-  INDICATES NEGATIVE NUMBERS.
R  INDICATES RECORD WAS SET OR TIED.
MM INDICATES DATA IS MISSING.
T  INDICATES TRACE AMOUNT.




$$
