000
CXUS55 KCYS 060656
CLMSNY
CLIMATE REPORT
NATIONAL WEATHER SERVICE CHEYENNE WY
1256 AM MDT THU APR 06 2023
...................................
...THE SIDNEY NEBRASKA AIRPORT CLIMATE SUMMARY FOR THE MONTH OF MARCH 2023...
CLIMATE NORMAL PERIOD 1991 TO 2020
CLIMATE RECORD PERIOD 1948 TO 2023
WEATHER OBSERVED NORMAL DEPART LAST YEAR`S
VALUE DATE(S) VALUE FROM VALUE DATE(S)
NORMAL
................................................................
TEMPERATURE (F)
RECORD
HIGH 83 03/26/2012
03/28/1963
LOW -25 03/03/1960
HIGHEST 70 03/15 MM MM 83
LOWEST 3 03/28 MM MM -10
AVG. MAXIMUM 42.3 53.8 -11.5 52.5
AVG. MINIMUM 21.0 22.9 -1.9 19.6
MEAN 31.6 38.3 -6.7 36.1
DAYS MAX >= 90 0 0.0 0.0 0
DAYS MAX <= 32 4 2.2 1.8 5
DAYS MIN <= 32 31 26.9 4.1 30
DAYS MIN <= 0 0 0.6 -0.6 4
PRECIPITATION (INCHES)
RECORD
MAXIMUM 2.45 1992
TOTALS 0.57 0.58 -0.01 0.48
DAYS >= .01 7 5.9 1.1 MM
DAYS >= .10 2 1.4 0.6 MM
DAYS >= .50 0 0.2 -0.2 MM
DAYS >= 1.00 0 0.0 0.0 MM
GREATEST
24 HR. TOTAL 0.25 03/15 TO 03/16 0.43 03/16 TO 03/17
DEGREE DAYS
HEATING TOTAL 1028 826 202 886
SINCE 7/1 6272
COOLING TOTAL 0 0 0 0
SINCE 1/1 0
................................................................
WIND (MPH)
AVERAGE WIND SPEED 12.7
HIGHEST WIND SPEED/DIRECTION 46/320 DATE 03/31
HIGHEST GUST SPEED/DIRECTION 63/320 DATE 03/31
SKY COVER
POSSIBLE SUNSHINE (PERCENT) MM
AVERAGE SKY COVER 0.39
NUMBER OF DAYS FAIR 19
NUMBER OF DAYS PC 8
NUMBER OF DAYS CLOUDY 4
AVERAGE RH (PERCENT) 70
WEATHER CONDITIONS. NUMBER OF DAYS WITH
THUNDERSTORM 0 MIXED PRECIP 0
HEAVY RAIN 0 RAIN 0
LIGHT RAIN 4 FREEZING RAIN 0
LT FREEZING RAIN 3 HAIL 0
HEAVY SNOW 3 SNOW 4
LIGHT SNOW 10 SLEET 0
FOG 17 FOG W/VIS <= 1/4 MILE 7
HAZE 1
- INDICATES NEGATIVE NUMBERS.
R INDICATES RECORD WAS SET OR TIED.
MM INDICATES DATA IS MISSING.
T INDICATES TRACE AMOUNT.
$$