000
CXUS56 KPQR 011200
CF6SPB
PRELIMINARY LOCAL CLIMATOLOGICAL DATA (WS FORM: F-6)
STATION: SCAPPOOSE OR
MONTH: OCTOBER
YEAR: 2020
LATITUDE: 45 46 N
LONGITUDE: 122 50 W
TEMPERATURE IN F: :PCPN: SNOW: WIND :SUNSHINE: SKY :PK WND
================================================================================
1 2 3 4 5 6A 6B 7 8 9 10 11 12 13 14 15 16 17 18
12Z AVG MX 2MIN
DY MAX MIN AVG DEP HDD CDD WTR SNW DPTH SPD SPD DIR MIN PSBL S-S WX SPD DR
================================================================================
1 75 53 64 7 1 0 0.00 M M 1.4 6 140 M M 2 12 9 140
2 79 52 66 9 0 1 0.00 M M 1.1 7 140 M M 4 128 9 280
3 77 52 65 9 0 0 0.00 M M 3.5 13 10 M M 4 12 18 360
4 69 57 63 7 2 0 0.00 M M 6.1 13 10 M M 7 16 360
5 74 52 63 7 2 0 0.00 M M 7.7 16 360 M M 3 20 340
6 80 54 67 12 0 2 0.00 M M 7.6 14 20 M M 0 19 10
7 74 51 63 8 2 0 0.00 M M 0.8 6 280 M M 2 1 8 140
8 62 56 59 4 6 0 0.00 M M 1.0 7 150 M M 10 18 9 50
9 74 57 66 12 0 1 0.07 M M 4.2 13 160 M M 6 18 180
10 66 48 57 3 8 0 0.61 M M 4.1 14 300 M M 7 1 21 310
11 59 48 54 0 11 0 0.56 M M 4.7 15 170 M M 9 1 23 180
12 64 52 58 5 7 0 0.07 M M 2.3 10 20 M M 4 1 14 300
13 67 47 57 4 8 0 0.24 M M 5.8 16 230 M M 8 1 22 220
14 64 42 53 1 12 0 0.10 M M 2.2 13 280 M M 5 1 18 290
15 65 39 52 0 13 0 0.00 M M 2.9 9 20 M M 3 12 13 20
16 63 42 53 1 12 0 T M M 1.6 8 360 M M 8 18 11 50
17 65 47 56 4 9 0 T M M 2.3 9 330 M M 6 12 13 320
18 73 52 63 12 2 0 T M M 2.7 16 240 M M 8 1 21 220
19 64 47 56 5 9 0 T M M 2.9 14 340 M M 7 18 20 340
20 63 45 54 3 11 0 0.00 M M 2.3 8 10 M M 8 10 10
21 59 38 49 -1 16 0 0.03 M M 4.3 18 320 M M 4 26 310
22 58 34 46 -4 19 0 0.00 M M 2.9 7 340 M M 2 12 10 30
23 51 33 42 -8 23 0 T M M 2.5 12 140 M M 8 14 150
24 51 37 44 -6 21 0 T M M 5.0 21 80 M M 7 1 27 80
25 49 27 38 -11 27 0 0.00 M M 7.0 17 80 M M 0 24 60
26 54 26 40 -9 25 0 0.00 M M 2.3 8 150 M M 1 11 130
27 59 29 44 -5 21 0 0.00 M M 2.0 7 150 M M 2 12 9 150
28 64 35 50 1 15 0 0.00 M M 1.8 9 350 M M 2 12 13 360
29 60 40 50 2 15 0 0.00 M M 1.4 9 320 M M 4 12 13 310
30 61 39 50 2 15 0 0.05 M M 3.8 12 280 M M 7 12 17 300
31 61 32 47 -1 18 0 0.00 M M 3.0 12 360 M M 1 1 14 360
================================================================================
SM 2004 1363 330 4 1.73 M 103.2 M 149
================================================================================
AV 64.7 44.0 3.3 FASTST M M 5 MAX(MPH)
MISC ----> # 21 80 # 27 80
================================================================================
NOTES:
# LAST OF SEVERAL OCCURRENCES
COLUMN 17 PEAK WIND IN M.P.H.
PRELIMINARY LOCAL CLIMATOLOGICAL DATA (WS FORM: F-6) , PAGE 2
STATION: SCAPPOOSE OR
MONTH: OCTOBER
YEAR: 2020
LATITUDE: 45 46 N
LONGITUDE: 122 50 W
[TEMPERATURE DATA] [PRECIPITATION DATA] SYMBOLS USED IN COLUMN 16
AVERAGE MONTHLY: 54.3 TOTAL FOR MONTH: 1.73 1 = FOG OR MIST
DPTR FM NORMAL: 2.2 DPTR FM NORMAL: -1.30 2 = FOG REDUCING VISIBILITY
HIGHEST: 80 ON 6 GRTST 24HR 0.61 ON 10-10 TO 1/4 MILE OR LESS
LOWEST: 26 ON 26 3 = THUNDER
SNOW, ICE PELLETS, HAIL 4 = ICE PELLETS
TOTAL MONTH: M 5 = HAIL
GRTST 24HR M ON M 6 = FREEZING RAIN OR DRIZZLE
GRTST DEPTH: M ON M 7 = DUSTSTORM OR SANDSTORM:
VSBY 1/2 MILE OR LESS
8 = SMOKE OR HAZE
[NO. OF DAYS WITH] [WEATHER - DAYS WITH] 9 = BLOWING SNOW
X = TORNADO
MAX 32 OR BELOW: 0 0.01 INCH OR MORE: 8
MAX 90 OR ABOVE: 0 0.10 INCH OR MORE: 4
MIN 32 OR BELOW: 4 0.50 INCH OR MORE: 2
MIN 0 OR BELOW: 0 1.00 INCH OR MORE: 0
[HDD (BASE 65) ]
TOTAL THIS MO. 330 CLEAR (SCALE 0-3) 11
DPTR FM NORMAL -70 PTCLDY (SCALE 4-7) 17
TOTAL FM JUL 1 438 CLOUDY (SCALE 8-10) 3
DPTR FM NORMAL -168
[CDD (BASE 65) ]
TOTAL THIS MO. 4
DPTR FM NORMAL 3 [PRESSURE DATA]
TOTAL FM JAN 1 395 HIGHEST SLP 30.59 ON 15
DPTR FM NORMAL 144 LOWEST SLP 29.63 ON 10
[REMARKS]
#FINAL-10-20#