000
CXUS55 KPUB 011310
CF6SPD
PRELIMINARY LOCAL CLIMATOLOGICAL DATA (WS FORM: F-6)
STATION: SPRINGFIELD CO
MONTH: FEBRUARY
YEAR: 2022
LATITUDE: 37 16 N
LONGITUDE: 102 37 W
TEMPERATURE IN F: :PCPN: SNOW: WIND :SUNSHINE: SKY :PK WND
================================================================================
1 2 3 4 5 6A 6B 7 8 9 10 11 12 13 14 15 16 17 18
12Z AVG MX 2MIN
DY MAX MIN AVG DEP HDD CDD WTR SNW DPTH SPD SPD DIR MIN PSBL S-S WX SPD DR
================================================================================
1 41 23 32 -1 33 0 0.00 M M 14.1 25 10 M M 0 35 20
2 23 5 14 -19 51 0 0.31 M M 15.4 23 20 M M 0 29 20
3 15 -10 3 -30 62 0 0.01 M M 8.2 15 320 M M 0 19 360
4 36 -7 15 -18 50 0 0.00 M M 10.5 17 300 M M 0 22 290
5 51 15 33 0 32 0 0.00 M M 9.9 21 360 M M 0 27 360
6 44 22 33 0 32 0 0.00 M M 13.9 26 360 M M 0 35 340
7 52 19 36 3 29 0 0.00 M M 8.4 20 310 M M 0 25 310
8 55 21 38 5 27 0 0.00 M M 12.7 33 360 M M 0 45 350
9 56 23 40 6 25 0 0.00 M M 8.4 21 30 M M 0 27 30
10 62 28 45 11 20 0 0.00 M M 10.7 21 360 M M 0 28 340
11 51 28 40 6 25 0 0.12 M M 16.7 29 10 M M 0 43 10
12 44 12 28 -6 37 0 0.00 M M 7.5 14 30 M M 0 18 20
13 58 21 40 6 25 0 0.00 M M 10.3 28 220 M M 0 36 220
14 60 21 41 7 24 0 0.00 M M 10.5 23 160 M M 0 32 170
15 72 28 50 16 15 0 0.00 M M 11.3 26 220 M M 0 37 200
16 50 22 36 2 29 0 0.00 M M 13.3 31 30 M M 0 42 30
17 31 17 24 -11 41 0 0.07 M M 14.8 32 360 M M 0 39 10
18 53 16 35 0 30 0 0.00 M M 6.9 16 310 M M 0 22 300
19 61 20 41 6 24 0 0.00 M M 15.7 38 200 M M 0 50 190
20 67 27 47 12 18 0 0.00 M M 11.5 20 140 M M 0 28 130
21 70 11 41 6 24 0 0.00 M M 18.0 33 50 M M 0 46 50
22 21 4 13 -23 52 0 0.00 M M 16.4 26 350 M M 0 36 360
23 18 -3 8 -28 57 0 0.00 M M 8.8 16 150 M M 0 21 120
24 32 0 16 -20 49 0 0.00 M M 7.5 15 130 M M 0 22 150
25 38 2 20 -16 45 0 0.00 M M 10.8 24 130 M M 0 30 130
26 45 8 27 -10 38 0 0.00 M M 10.1 21 340 M M 0 27 330
27 61 9 35 -2 30 0 0.00 M M 5.7 14 250 M M 0 19 240
28 64 21 43 6 22 0 0.00 M M 8.3 16 320 M M 0 20 300
================================================================================
SM 1331 403 946 0 0.51 M 316.3 M 0
================================================================================
AV 47.5 14.4 11.3 FASTST M M 0 MAX(MPH)
MISC ----> 38 200 50 190
================================================================================
NOTES:
# LAST OF SEVERAL OCCURRENCES
COLUMN 17 PEAK WIND IN M.P.H.
PRELIMINARY LOCAL CLIMATOLOGICAL DATA (WS FORM: F-6) , PAGE 2
STATION: SPRINGFIELD CO
MONTH: FEBRUARY
YEAR: 2022
LATITUDE: 37 16 N
LONGITUDE: 102 37 W
[TEMPERATURE DATA] [PRECIPITATION DATA] SYMBOLS USED IN COLUMN 16
AVERAGE MONTHLY: 31.0 TOTAL FOR MONTH: 0.51 1 = FOG OR MIST
DPTR FM NORMAL: -3.6 DPTR FM NORMAL: 0.19 2 = FOG REDUCING VISIBILITY
HIGHEST: 72 ON 15 GRTST 24HR 0.31 ON 2- 2 TO 1/4 MILE OR LESS
LOWEST: -10 ON 3 3 = THUNDER
SNOW, ICE PELLETS, HAIL 4 = ICE PELLETS
TOTAL MONTH: M 5 = HAIL
GRTST 24HR M ON M 6 = FREEZING RAIN OR DRIZZLE
GRTST DEPTH: M ON M 7 = DUSTSTORM OR SANDSTORM:
VSBY 1/2 MILE OR LESS
8 = SMOKE OR HAZE
[NO. OF DAYS WITH] [WEATHER - DAYS WITH] 9 = BLOWING SNOW
X = TORNADO
MAX 32 OR BELOW: 6 0.01 INCH OR MORE: 4
MAX 90 OR ABOVE: 0 0.10 INCH OR MORE: 2
MIN 32 OR BELOW: 28 0.50 INCH OR MORE: 0
MIN 0 OR BELOW: 4 1.00 INCH OR MORE: 0
[HDD (BASE 65) ]
TOTAL THIS MO. 946 CLEAR (SCALE 0-3) 28
DPTR FM NORMAL 94 PTCLDY (SCALE 4-7) 0
TOTAL FM JUL 1 3355 CLOUDY (SCALE 8-10) 0
DPTR FM NORMAL -713
[CDD (BASE 65) ]
TOTAL THIS MO. 0
DPTR FM NORMAL 0 [PRESSURE DATA]
TOTAL FM JAN 1 0 HIGHEST SLP 30.66 ON 4
DPTR FM NORMAL 0 LOWEST SLP 29.33 ON 21
[REMARKS]
#FINAL-02-22#