000
CDUS44 KOUN 180642 RRA
CLISPS

CLIMATE REPORT
NATIONAL WEATHER SERVICE NORMAN OK
140 AM CDT FRI AUG 18 2017


...................................

...THE WICHITA FALLS CLIMATE SUMMARY FOR AUGUST 17 2017...

CLIMATE NORMAL PERIOD 1981 TO 2010
CLIMATE RECORD PERIOD 1897 TO 2017


WEATHER ITEM   OBSERVED TIME   RECORD YEAR NORMAL DEPARTURE LAST
                VALUE   (LST)  VALUE       VALUE  FROM      YEAR
                                                  NORMAL
..................................................................
TEMPERATURE (F)
 YESTERDAY
  MAXIMUM         91    452 PM 108    1951  97     -6       92
  MINIMUM         71    326 AM  59    1991  72     -1       69
  AVERAGE         81                        84     -3       81

PRECIPITATION (IN)
  YESTERDAY       MM             2.08 2001   0.07  MM         T
  MONTH TO DATE    3.10                      1.29   1.81     0.45
  SINCE JUN 1      8.70                      7.03   1.67     5.56
  SINCE JAN 1     19.02                     18.52   0.50    22.05

SNOWFALL (IN)
  YESTERDAY        0.0

DEGREE DAYS
 HEATING
  YESTERDAY        0                         0      0        0
  MONTH TO DATE    0                         0      0        0
  SINCE JUN 1      0                         1     -1        0
  SINCE JUL 1      0                         0      0        0

 COOLING
  YESTERDAY       16                        19     -3       16
  MONTH TO DATE  282                       338    -56      357
  SINCE JUN 1   1298                      1375    -77     1466
  SINCE JAN 1   1647                      1694    -47     1719
..................................................................


WIND (MPH)
  HIGHEST WIND SPEED    22   HIGHEST WIND DIRECTION     N (360)
  HIGHEST GUST SPEED    25   HIGHEST GUST DIRECTION     N (360)
  AVERAGE WIND SPEED     5.7


SKY COVER
  AVERAGE SKY COVER 0.1


WEATHER CONDITIONS
 THE FOLLOWING WEATHER WAS RECORDED YESTERDAY.
  THUNDERSTORM
  RAIN
  FOG


RELATIVE HUMIDITY (PERCENT)
 HIGHEST    79          1000 PM
 LOWEST     52           500 PM
 AVERAGE    66

..........................................................


THE WICHITA FALLS CLIMATE NORMALS FOR TODAY
                         NORMAL    RECORD    YEAR
 MAXIMUM TEMPERATURE (F)   97       107      2011
 MINIMUM TEMPERATURE (F)   72        61      1943


SUNRISE AND SUNSET
AUGUST 18 2017........SUNRISE   658 AM CDT   SUNSET   817 PM CDT
AUGUST 19 2017........SUNRISE   659 AM CDT   SUNSET   816 PM CDT


-  INDICATES NEGATIVE NUMBERS.
R  INDICATES RECORD WAS SET OR TIED.
MM INDICATES DATA IS MISSING.
T  INDICATES TRACE AMOUNT.




$$
