000
CDUS44 KOUN 220632 RRA
CLISPS

CLIMATE REPORT
NATIONAL WEATHER SERVICE NORMAN OK
1231 AM CST SAT NOV 22 2014


...................................

...THE WICHITA FALLS CLIMATE SUMMARY FOR NOVEMBER 21 2014...

CLIMATE NORMAL PERIOD 1981 TO 2010
CLIMATE RECORD PERIOD 1897 TO 2014


WEATHER ITEM   OBSERVED TIME   RECORD YEAR NORMAL DEPARTURE LAST
                VALUE   (LST)  VALUE       VALUE  FROM      YEAR
                                                  NORMAL
..................................................................
TEMPERATURE (F)
 YESTERDAY
  MAXIMUM         68    420 PM  85    1927  63      5       74
  MINIMUM         51   1248 AM  21    1937  38     13       34
  AVERAGE         60                        50     10       54

PRECIPITATION (IN)
  YESTERDAY        0.00          1.80 1992   0.04  -0.04     0.01
  MONTH TO DATE    1.44                      1.22   0.22     0.24
  SINCE JAN 1     20.02                     26.87  -6.85    19.64

SNOWFALL (IN)
  YESTERDAY        0.0                       0.0    0.0      0.0
  MONTH TO DATE    0.3                       0.1    0.2      0.0
  SINCE JUL 1      0.3                       0.1    0.2      0.0
  SNOW DEPTH       0

DEGREE DAYS
 HEATING
  YESTERDAY        5                        15    -10       11
  MONTH TO DATE  352                       228    124      213
  SINCE JUL 1    398                       354     44      315

 COOLING
  YESTERDAY        0                         0      0        0
  MONTH TO DATE    0                        10    -10        8
  SINCE JAN 1   2558                      2386    172     2628
..................................................................


WIND (MPH)
  HIGHEST WIND SPEED    15   HIGHEST WIND DIRECTION     S (180)
  HIGHEST GUST SPEED    20   HIGHEST GUST DIRECTION     S (180)
  AVERAGE WIND SPEED     8.1


SKY COVER
  AVERAGE SKY COVER 0.6


WEATHER CONDITIONS
 THE FOLLOWING WEATHER WAS RECORDED YESTERDAY.
  FOG


RELATIVE HUMIDITY (PERCENT)
 HIGHEST   100           800 AM
 LOWEST     59           400 PM
 AVERAGE    80

..........................................................


THE WICHITA FALLS CLIMATE NORMALS FOR TODAY
                         NORMAL    RECORD    YEAR
 MAXIMUM TEMPERATURE (F)   62        84      1966
                                             1955
 MINIMUM TEMPERATURE (F)   37        24      1964


SUNRISE AND SUNSET
NOVEMBER 22 2014......SUNRISE   713 AM CST   SUNSET   527 PM CST
NOVEMBER 23 2014......SUNRISE   714 AM CST   SUNSET   527 PM CST


-  INDICATES NEGATIVE NUMBERS.
R  INDICATES RECORD WAS SET OR TIED.
MM INDICATES DATA IS MISSING.
T  INDICATES TRACE AMOUNT.




$$
