000
CDUS44 KOUN 230636
CLISPS

CLIMATE REPORT
NATIONAL WEATHER SERVICE NORMAN OK
136 AM CDT THU MAR 23 2017


...................................

...THE WICHITA FALLS CLIMATE SUMMARY FOR MARCH 22 2017...

CLIMATE NORMAL PERIOD 1981 TO 2010
CLIMATE RECORD PERIOD 1897 TO 2017


WEATHER ITEM   OBSERVED TIME   RECORD YEAR NORMAL DEPARTURE LAST
                VALUE   (LST)  VALUE       VALUE  FROM      YEAR
                                                  NORMAL
..................................................................
TEMPERATURE (F)
 YESTERDAY
  MAXIMUM         80    547 PM  93    1995  69     11       81
  MINIMUM         51    707 AM  25    2010  43      8       46
                                      2002
                                      1955
  AVERAGE         66                        56     10       64

PRECIPITATION (IN)
  YESTERDAY        0.00          1.02 1979   0.07  -0.07     0.00
  MONTH TO DATE    0.09                      1.62  -1.53     0.82
  SINCE JAN 1      4.06                      4.51  -0.45     2.52

SNOWFALL (IN)
  YESTERDAY        0.0                       0.0    0.0      0.0
  MONTH TO DATE    0.0                       0.5   -0.5      0.0
  SINCE JUL 1      T                         3.9   -3.9      2.6
  SNOW DEPTH       0

DEGREE DAYS
 HEATING
  YESTERDAY        0                        10    -10        1
  MONTH TO DATE  175                       278   -103      162
  SINCE JUL 1   2019                      2724   -705     2124

 COOLING
  YESTERDAY        1                         1      0        0
  MONTH TO DATE   47                         8     39        2
  SINCE JAN 1     65                        11     54       11
..................................................................


WIND (MPH)
  HIGHEST WIND SPEED    21   HIGHEST WIND DIRECTION     E (80)
  HIGHEST GUST SPEED    26   HIGHEST GUST DIRECTION    SE (150)
  AVERAGE WIND SPEED    11.4


SKY COVER
  AVERAGE SKY COVER 0.1


WEATHER CONDITIONS
 THE FOLLOWING WEATHER WAS RECORDED YESTERDAY.
  NO SIGNIFICANT WEATHER WAS OBSERVED.


RELATIVE HUMIDITY (PERCENT)
 HIGHEST    87           900 PM
 LOWEST     45           400 PM
 AVERAGE    66

..........................................................


THE WICHITA FALLS CLIMATE NORMALS FOR TODAY
                         NORMAL    RECORD    YEAR
 MAXIMUM TEMPERATURE (F)   69        92      1929
 MINIMUM TEMPERATURE (F)   43        23      1952


SUNRISE AND SUNSET
MARCH 23 2017.........SUNRISE   733 AM CDT   SUNSET   748 PM CDT
MARCH 24 2017.........SUNRISE   732 AM CDT   SUNSET   749 PM CDT


-  INDICATES NEGATIVE NUMBERS.
R  INDICATES RECORD WAS SET OR TIED.
MM INDICATES DATA IS MISSING.
T  INDICATES TRACE AMOUNT.




$$
