205
CDUS44 KOUN 240721 RRA
CLISPS

CLIMATE REPORT
NATIONAL WEATHER SERVICE NORMAN OK
135 AM CDT TUE MAY 24 2016


...................................

...THE WICHITA FALLS CLIMATE SUMMARY FOR MAY 23 2016...

CLIMATE NORMAL PERIOD 1981 TO 2010
CLIMATE RECORD PERIOD 1897 TO 2016


WEATHER ITEM   OBSERVED TIME   RECORD YEAR NORMAL DEPARTURE LAST
                VALUE   (LST)  VALUE       VALUE  FROM      YEAR
                                                  NORMAL
..................................................................
TEMPERATURE (F)
 YESTERDAY
  MAXIMUM         80    339 PM 110    2000  85     -5       83
  MINIMUM         60    307 AM  51    1963  62     -2       60
                                      1931
  AVERAGE         70                        74     -4       72

PRECIPITATION (IN)
  YESTERDAY        2.23          2.65 1915   0.13   2.10     0.14
  MONTH TO DATE    5.37                      2.68   2.69    13.93
  SINCE JAN 1     15.73                     10.38   5.35    22.04

DEGREE DAYS
 COOLING
  YESTERDAY        5                         9     -4        7
  MONTH TO DATE   93                       146    -53      111
  SINCE JAN 1    161                       238    -77      191
..................................................................


WIND (MPH)
  HIGHEST WIND SPEED    39   HIGHEST WIND DIRECTION     N (340)
  HIGHEST GUST SPEED    49   HIGHEST GUST DIRECTION     N (350)
  AVERAGE WIND SPEED    14.7


SKY COVER
  AVERAGE SKY COVER 0.6


WEATHER CONDITIONS
 THE FOLLOWING WEATHER WAS RECORDED YESTERDAY.
  THUNDERSTORM
  HEAVY RAIN
  RAIN
  LIGHT RAIN
  FOG


RELATIVE HUMIDITY (PERCENT)
 HIGHEST    97           300 AM
 LOWEST     74          1000 AM
 AVERAGE    86

..........................................................


THE WICHITA FALLS CLIMATE NORMALS FOR TODAY
                         NORMAL    RECORD    YEAR
 MAXIMUM TEMPERATURE (F)   86       110      2000
 MINIMUM TEMPERATURE (F)   62        49      1924


SUNRISE AND SUNSET
MAY 24 2016...........SUNRISE   627 AM CDT   SUNSET   835 PM CDT
MAY 25 2016...........SUNRISE   626 AM CDT   SUNSET   836 PM CDT


-  INDICATES NEGATIVE NUMBERS.
R  INDICATES RECORD WAS SET OR TIED.
MM INDICATES DATA IS MISSING.
T  INDICATES TRACE AMOUNT.




$$
