000
CDUS44 KOUN 190630 RRA
CLISPS

CLIMATE REPORT
NATIONAL WEATHER SERVICE NORMAN OK
1230 AM CST FRI JAN 19 2018

...................................

...THE WICHITA FALLS CLIMATE SUMMARY FOR JANUARY 18 2018...

CLIMATE NORMAL PERIOD 1981 TO 2010
CLIMATE RECORD PERIOD 1897 TO 2018


WEATHER ITEM   OBSERVED TIME   RECORD YEAR NORMAL DEPARTURE LAST
                VALUE   (LST)  VALUE       VALUE  FROM      YEAR
                                                  NORMAL
..................................................................
TEMPERATURE (F)
 YESTERDAY
  MAXIMUM         54    328 PM  77    1933  54      0       52
  MINIMUM         14    528 AM  -3    1930  30    -16       36
  AVERAGE         34                        42     -8       44

PRECIPITATION (IN)
  YESTERDAY        0.00          2.02 1968   0.04  -0.04      T
  MONTH TO DATE    0.01                      0.63  -0.62     1.87
  SINCE DEC 1      0.98                      2.25  -1.27     2.70
  SINCE JAN 1      0.01                      0.63  -0.62     1.87

SNOWFALL (IN)
  YESTERDAY        0.0           9.8  1925   0.1   -0.1      0.0
  MONTH TO DATE    0.0                       0.9   -0.9       T
  SINCE DEC 1      T                         1.9   -1.9       T
  SINCE JUL 1      T                         2.2   -2.2       T

DEGREE DAYS
 HEATING
  YESTERDAY       31                        23      8       21
  MONTH TO DATE  532                       422    110      421
  SINCE DEC 1   1192                      1112     80     1089
  SINCE JUL 1   1606                      1619    -13     1340

 COOLING
  YESTERDAY        0                         0      0        0
  MONTH TO DATE    0                         0      0        0
  SINCE DEC 1      1                         1      0        3
  SINCE JAN 1      0                         0      0        0
..................................................................


WIND (MPH)
  HIGHEST WIND SPEED    22   HIGHEST WIND DIRECTION     S (200)
  HIGHEST GUST SPEED    27   HIGHEST GUST DIRECTION     S (190)
  AVERAGE WIND SPEED    12.2


SKY COVER
  AVERAGE SKY COVER 0.0


WEATHER CONDITIONS
 THE FOLLOWING WEATHER WAS RECORDED YESTERDAY.
  NO SIGNIFICANT WEATHER WAS OBSERVED.


RELATIVE HUMIDITY (PERCENT)
 HIGHEST    67           400 AM
 LOWEST     15           200 PM
 AVERAGE    41

..........................................................


THE WICHITA FALLS CLIMATE NORMALS FOR TODAY
                         NORMAL    RECORD    YEAR
 MAXIMUM TEMPERATURE (F)   54        79      1951
 MINIMUM TEMPERATURE (F)   30         3      1943


SUNRISE AND SUNSET
JANUARY 19 2018.......SUNRISE   738 AM CST   SUNSET   552 PM CST
JANUARY 20 2018.......SUNRISE   737 AM CST   SUNSET   553 PM CST


-  INDICATES NEGATIVE NUMBERS.
R  INDICATES RECORD WAS SET OR TIED.
MM INDICATES DATA IS MISSING.
T  INDICATES TRACE AMOUNT.




$$
