000
CDUS44 KOUN 010701
CLISPS

CLIMATE REPORT
NATIONAL WEATHER SERVICE NORMAN OK
135 AM CDT FRI JUL 1 2016


...................................

...THE WICHITA FALLS CLIMATE SUMMARY FOR JUNE 30 2016...

CLIMATE NORMAL PERIOD 1981 TO 2010
CLIMATE RECORD PERIOD 1897 TO 2016


WEATHER ITEM   OBSERVED TIME   RECORD YEAR NORMAL DEPARTURE LAST
                VALUE   (LST)  VALUE       VALUE  FROM      YEAR
                                                  NORMAL
..................................................................
TEMPERATURE (F)
 YESTERDAY
  MAXIMUM         94    253 PM 110    1980  95     -1       94
  MINIMUM         69    554 AM  61    1924  70     -1       68
  AVERAGE         82                        83     -1       81

PRECIPITATION (IN)
  YESTERDAY        0.00          1.25 1987   0.08  -0.08     0.00
  MONTH TO DATE    3.29                      4.15  -0.86     4.19
  SINCE JAN 1     19.78                     15.64   4.14    29.30

DEGREE DAYS
 COOLING
  YESTERDAY       17                        18     -1       16
  MONTH TO DATE  464                       436     28      454
  SINCE JAN 1    717                       755    -38      692
..................................................................


WIND (MPH)
  HIGHEST WIND SPEED    15   HIGHEST WIND DIRECTION    SE (150)
  HIGHEST GUST SPEED   107   HIGHEST GUST DIRECTION    NW (330)
  AVERAGE WIND SPEED     7.7


SKY COVER
  AVERAGE SKY COVER 0.3


WEATHER CONDITIONS
 THE FOLLOWING WEATHER WAS RECORDED YESTERDAY.
  NO SIGNIFICANT WEATHER WAS OBSERVED.


RELATIVE HUMIDITY (PERCENT)
 HIGHEST    84           200 AM
 LOWEST     41           400 PM
 AVERAGE    63

..........................................................


THE WICHITA FALLS CLIMATE NORMALS FOR TODAY
                         NORMAL    RECORD    YEAR
 MAXIMUM TEMPERATURE (F)   95       113      1980
 MINIMUM TEMPERATURE (F)   71        59      1995


SUNRISE AND SUNSET
JULY  1 2016..........SUNRISE   627 AM CDT   SUNSET   849 PM CDT
JULY  2 2016..........SUNRISE   627 AM CDT   SUNSET   849 PM CDT


-  INDICATES NEGATIVE NUMBERS.
R  INDICATES RECORD WAS SET OR TIED.
MM INDICATES DATA IS MISSING.
T  INDICATES TRACE AMOUNT.




$$
