000
CDUS44 KOUN 060703
CLISPS

CLIMATE REPORT
NATIONAL WEATHER SERVICE NORMAN OK
1257 AM CST FRI MAR 6 2015
...................................

...THE WICHITA FALLS CLIMATE SUMMARY FOR MARCH 5 2015...

CLIMATE NORMAL PERIOD 1981 TO 2010
CLIMATE RECORD PERIOD 1897 TO 2015


WEATHER ITEM   OBSERVED TIME   RECORD YEAR NORMAL DEPARTURE LAST
                VALUE   (LST)  VALUE       VALUE  FROM      YEAR
                                                  NORMAL
..................................................................
TEMPERATURE (F)
 YESTERDAY
  MAXIMUM         42    503 PM  95    1991  63    -21       53
  MINIMUM         16R   540 AM  16    1989  38    -22       33
  AVERAGE         29                        51    -22       43

PRECIPITATION (IN)
  YESTERDAY        0.00          1.96 1933   0.09  -0.09     0.05
  MONTH TO DATE    0.18                      0.40  -0.22     0.09
  SINCE JAN 1      2.78                      3.29  -0.51     0.44

SNOWFALL (IN)
  YESTERDAY        0.0                       0.0    0.0      0.0
  MONTH TO DATE    1.8                       0.1    1.7       T
  SINCE JUL 1      6.5                       3.5    3.0      5.0
  SNOW DEPTH       2

DEGREE DAYS
 HEATING
  YESTERDAY       36                        14     22       22
  MONTH TO DATE  143                        75     68      163
  SINCE JUL 1   2582                      2521     61     2933

 COOLING
  YESTERDAY        0                         0      0        0
  MONTH TO DATE    0                         0      0        0
  SINCE JAN 1      0                         3     -3        0
..................................................................


WIND (MPH)
  HIGHEST WIND SPEED    16   HIGHEST WIND DIRECTION     W (280)
  HIGHEST GUST SPEED    25   HIGHEST GUST DIRECTION    SW (230)
  AVERAGE WIND SPEED     6.7


SKY COVER
  AVERAGE SKY COVER 0.1


WEATHER CONDITIONS
 THE FOLLOWING WEATHER WAS RECORDED YESTERDAY.
  NO SIGNIFICANT WEATHER WAS OBSERVED.


RELATIVE HUMIDITY (PERCENT)
 HIGHEST    84           300 AM
 LOWEST     34           500 PM
 AVERAGE    59

..........................................................


THE WICHITA FALLS CLIMATE NORMALS FOR TODAY
                         NORMAL    RECORD    YEAR
 MAXIMUM TEMPERATURE (F)   64        91      1929
 MINIMUM TEMPERATURE (F)   39         8      1989


SUNRISE AND SUNSET
MARCH  6 2015.........SUNRISE   657 AM CST   SUNSET   634 PM CST
MARCH  7 2015.........SUNRISE   655 AM CST   SUNSET   635 PM CST


-  INDICATES NEGATIVE NUMBERS.
R  INDICATES RECORD WAS SET OR TIED.
MM INDICATES DATA IS MISSING.
T  INDICATES TRACE AMOUNT.

$$
