000
CDUS44 KOUN 240632
CLISPS

CLIMATE REPORT
NATIONAL WEATHER SERVICE NORMAN OK
131 AM CDT TUE OCT 24 2017


...................................

...THE WICHITA FALLS CLIMATE SUMMARY FOR OCTOBER 23 2017...

CLIMATE NORMAL PERIOD 1981 TO 2010
CLIMATE RECORD PERIOD 1897 TO 2017


WEATHER ITEM   OBSERVED TIME   RECORD YEAR NORMAL DEPARTURE LAST
                VALUE   (LST)  VALUE       VALUE  FROM      YEAR
                                                  NORMAL
..................................................................
TEMPERATURE (F)
 YESTERDAY
  MAXIMUM         78    156 PM  92    2003  75      3       77
  MINIMUM         44    705 AM  33    1981  50     -6       52
  AVERAGE         61                        62     -1       65

PRECIPITATION (IN)
  YESTERDAY        0.00          1.58 1949   0.10  -0.10     0.00
  MONTH TO DATE    1.36                      2.34  -0.98     2.32
  SINCE SEP 1      4.43                      5.15  -0.72    12.14
  SINCE JAN 1     24.51                     24.88  -0.37    34.52

SNOWFALL (IN)
  YESTERDAY        0.0

DEGREE DAYS
 HEATING
  YESTERDAY        4                         5     -1        0
  MONTH TO DATE   39                        64    -25       31
  SINCE SEP 1     43                        77    -34       33
  SINCE JUL 1     43                        77    -34       33

 COOLING
  YESTERDAY        0                         2     -2        0
  MONTH TO DATE  123                        85     38      121
  SINCE SEP 1    456                       419     37      521
  SINCE JAN 1   2298                      2364    -66     2457
..................................................................


WIND (MPH)
  HIGHEST WIND SPEED    22   HIGHEST WIND DIRECTION     N (20)
  HIGHEST GUST SPEED    25   HIGHEST GUST DIRECTION     N (20)
  AVERAGE WIND SPEED    10.1


SKY COVER
  AVERAGE SKY COVER 0.1


WEATHER CONDITIONS
 THE FOLLOWING WEATHER WAS RECORDED YESTERDAY.
  NO SIGNIFICANT WEATHER WAS OBSERVED.


RELATIVE HUMIDITY (PERCENT)
 HIGHEST    83           700 AM
 LOWEST     33           200 PM
 AVERAGE    58

..........................................................


THE WICHITA FALLS CLIMATE NORMALS FOR TODAY
                         NORMAL    RECORD    YEAR
 MAXIMUM TEMPERATURE (F)   74        95      2003
 MINIMUM TEMPERATURE (F)   49        34      2005


SUNRISE AND SUNSET
OCTOBER 24 2017.......SUNRISE   747 AM CDT   SUNSET   649 PM CDT
OCTOBER 25 2017.......SUNRISE   747 AM CDT   SUNSET   648 PM CDT


-  INDICATES NEGATIVE NUMBERS.
R  INDICATES RECORD WAS SET OR TIED.
MM INDICATES DATA IS MISSING.
T  INDICATES TRACE AMOUNT.




$$
