000
CDUS44 KOUN 230635 RRA
CLISPS

CLIMATE REPORT
NATIONAL WEATHER SERVICE NORMAN OK
133 AM CDT THU OCT 23 2014


...................................

...THE WICHITA FALLS CLIMATE SUMMARY FOR OCTOBER 22 2014...

CLIMATE NORMAL PERIOD 1981 TO 2010
CLIMATE RECORD PERIOD 1897 TO 2014


WEATHER ITEM   OBSERVED TIME   RECORD YEAR NORMAL DEPARTURE LAST
                VALUE   (LST)  VALUE       VALUE  FROM      YEAR
                                                  NORMAL
..................................................................
TEMPERATURE (F)
 YESTERDAY
  MAXIMUM         78   1230 PM  93    1939  75      3       79
  MINIMUM         54    606 AM  32    1990  50      4       40
  AVERAGE         66                        62      4       60

PRECIPITATION (IN)
  YESTERDAY        T             1.75 1953   0.11  -0.11     0.00
  MONTH TO DATE    1.30                      2.24  -0.94     1.65
  SINCE JAN 1     18.58                     24.78  -6.20    19.10

SNOWFALL (IN)
  YESTERDAY        0.0                       0.0    0.0      0.0
  MONTH TO DATE    0.0                       0.0    0.0      0.0
  SINCE JUL 1      T                         0.0    0.0      0.0
  SNOW DEPTH       0

DEGREE DAYS
 HEATING
  YESTERDAY        0                         4     -4        5
  MONTH TO DATE   18                        59    -41       77
  SINCE JUL 1     26                        72    -46       77

 COOLING
  YESTERDAY        1                         2     -1        0
  MONTH TO DATE  127                        83     44       97
  SINCE JAN 1   2513                      2362    151     2602
..................................................................


WIND (MPH)
  HIGHEST WIND SPEED    17   HIGHEST WIND DIRECTION     S (160)
  HIGHEST GUST SPEED    21   HIGHEST GUST DIRECTION     S (160)
  AVERAGE WIND SPEED     7.2


SKY COVER
  AVERAGE SKY COVER 0.5


WEATHER CONDITIONS
 THE FOLLOWING WEATHER WAS RECORDED YESTERDAY.
  LIGHT RAIN
  FOG


RELATIVE HUMIDITY (PERCENT)
 HIGHEST    93           500 AM
 LOWEST     54          1200 PM
 AVERAGE    74

..........................................................


THE WICHITA FALLS CLIMATE NORMALS FOR TODAY
                         NORMAL    RECORD    YEAR
 MAXIMUM TEMPERATURE (F)   75        92      2003
 MINIMUM TEMPERATURE (F)   50        33      1981


SUNRISE AND SUNSET
OCTOBER 23 2014.......SUNRISE   746 AM CDT   SUNSET   650 PM CDT
OCTOBER 24 2014.......SUNRISE   746 AM CDT   SUNSET   649 PM CDT


-  INDICATES NEGATIVE NUMBERS.
R  INDICATES RECORD WAS SET OR TIED.
MM INDICATES DATA IS MISSING.
T  INDICATES TRACE AMOUNT.




$$
