000
CDUS44 KOUN 260654
CLISPS

CLIMATE REPORT
NATIONAL WEATHER SERVICE NORMAN OK
154 AM CDT WED APR 26 2017


...................................

...THE WICHITA FALLS CLIMATE SUMMARY FOR APRIL 25 2017...

CLIMATE NORMAL PERIOD 1981 TO 2010
CLIMATE RECORD PERIOD 1897 TO 2017


WEATHER ITEM   OBSERVED TIME   RECORD YEAR NORMAL DEPARTURE LAST
                VALUE   (LST)  VALUE       VALUE  FROM      YEAR
                                                  NORMAL
..................................................................
TEMPERATURE (F)
 YESTERDAY
  MAXIMUM         93    404 PM  98    2012  78     15       89
  MINIMUM         63    629 AM  38    2013  53     10       63
  AVERAGE         78                        65     13       76

PRECIPITATION (IN)
  YESTERDAY        0.00          2.54 1966   0.11  -0.11     0.00
  MONTH TO DATE    0.90                      2.03  -1.13     6.89
  SINCE JAN 1      5.62                      7.12  -1.50     9.94

DEGREE DAYS
 HEATING
  YESTERDAY        0                         3     -3        0
  MONTH TO DATE   70                       131    -61       78
  SINCE JUL 1   2118                      2934   -816     2268

 COOLING
  YESTERDAY       13                         3     10       11
  MONTH TO DATE   68                        52     16       33
  SINCE JAN 1    143                        74     69       54
..................................................................


WIND (MPH)
  HIGHEST WIND SPEED    22   HIGHEST WIND DIRECTION    SW (230)
  HIGHEST GUST SPEED    28   HIGHEST GUST DIRECTION    SW (210)
  AVERAGE WIND SPEED    12.9


SKY COVER
  AVERAGE SKY COVER 0.4


WEATHER CONDITIONS
 THE FOLLOWING WEATHER WAS RECORDED YESTERDAY.
  HAZE


RELATIVE HUMIDITY (PERCENT)
 HIGHEST    70          1100 PM
 LOWEST     16           300 PM
 AVERAGE    43

..........................................................


THE WICHITA FALLS CLIMATE NORMALS FOR TODAY
                         NORMAL    RECORD    YEAR
 MAXIMUM TEMPERATURE (F)   79        98      1939
 MINIMUM TEMPERATURE (F)   53        40      1947


SUNRISE AND SUNSET
APRIL 26 2017.........SUNRISE   650 AM CDT   SUNSET   814 PM CDT
APRIL 27 2017.........SUNRISE   649 AM CDT   SUNSET   815 PM CDT


-  INDICATES NEGATIVE NUMBERS.
R  INDICATES RECORD WAS SET OR TIED.
MM INDICATES DATA IS MISSING.
T  INDICATES TRACE AMOUNT.




$$
