000
CDUS44 KOUN 030633 RRA
CLISPS

CLIMATE REPORT
NATIONAL WEATHER SERVICE NORMAN OK
131 AM CDT TUE MAY 3 2016


...................................

...THE WICHITA FALLS CLIMATE SUMMARY FOR MAY 2 2016...

CLIMATE NORMAL PERIOD 1981 TO 2010
CLIMATE RECORD PERIOD 1897 TO 2016


WEATHER ITEM   OBSERVED TIME   RECORD YEAR NORMAL DEPARTURE LAST
                VALUE   (LST)  VALUE       VALUE  FROM      YEAR
                                                  NORMAL
..................................................................
TEMPERATURE (F)
 YESTERDAY
  MAXIMUM         69    403 PM  96    1987  80    -11       82
  MINIMUM         47    609 AM  38    2013  55     -8       54
  AVERAGE         58                        68    -10       68

PRECIPITATION (IN)
  YESTERDAY        0.00          3.29 1990   0.11  -0.11     0.00
  MONTH TO DATE    0.22                      0.23  -0.01     0.00
  SINCE JAN 1     10.58                      7.93   2.65     8.11

DEGREE DAYS
 COOLING
  YESTERDAY        0                         4     -4        3
  MONTH TO DATE    0                         8     -8        4
  SINCE JAN 1     68                       100    -32       84
..................................................................


WIND (MPH)
  HIGHEST WIND SPEED    23   HIGHEST WIND DIRECTION     N (340)
  HIGHEST GUST SPEED    30   HIGHEST GUST DIRECTION     N (360)
  AVERAGE WIND SPEED    10.5


SKY COVER
  AVERAGE SKY COVER 0.4


WEATHER CONDITIONS
 THE FOLLOWING WEATHER WAS RECORDED YESTERDAY.
  NO SIGNIFICANT WEATHER WAS OBSERVED.


RELATIVE HUMIDITY (PERCENT)
 HIGHEST    93           500 AM
 LOWEST     39           400 PM
 AVERAGE    66

..........................................................


THE WICHITA FALLS CLIMATE NORMALS FOR TODAY
                         NORMAL    RECORD    YEAR
 MAXIMUM TEMPERATURE (F)   80        97      2012
                                             1996
 MINIMUM TEMPERATURE (F)   55        36      2013
                                             1954


SUNRISE AND SUNSET
MAY  3 2016...........SUNRISE   642 AM CDT   SUNSET   820 PM CDT
MAY  4 2016...........SUNRISE   641 AM CDT   SUNSET   820 PM CDT


-  INDICATES NEGATIVE NUMBERS.
R  INDICATES RECORD WAS SET OR TIED.
MM INDICATES DATA IS MISSING.
T  INDICATES TRACE AMOUNT.




$$
