000
CDUS44 KOUN 040634 RRA
CLISPS

CLIMATE REPORT
NATIONAL WEATHER SERVICE NORMAN OK
133 AM CDT MON MAY 4 2015


...................................

...THE WICHITA FALLS CLIMATE SUMMARY FOR MAY 3 2015...

CLIMATE NORMAL PERIOD 1981 TO 2010
CLIMATE RECORD PERIOD 1897 TO 2015


WEATHER ITEM   OBSERVED TIME   RECORD YEAR NORMAL DEPARTURE LAST
                VALUE   (LST)  VALUE       VALUE  FROM      YEAR
                                                  NORMAL
..................................................................
TEMPERATURE (F)
 YESTERDAY
  MAXIMUM         82    414 PM  97    2012  80      2       92
                                      1996
  MINIMUM         56    606 AM  36    2013  55      1       47
                                      1954
  AVERAGE         69                        68      1       70

PRECIPITATION (IN)
  YESTERDAY        0.00          3.00 1913   0.11  -0.11     0.00
  MONTH TO DATE    0.00                      0.34  -0.34     0.00
  SINCE JAN 1      8.11                      8.04   0.07     4.02

DEGREE DAYS
 COOLING
  YESTERDAY        4                         4      0        5
  MONTH TO DATE    8                        12     -4        5
  SINCE JAN 1     88                       104    -16      111
..................................................................


WIND (MPH)
  HIGHEST WIND SPEED    24   HIGHEST WIND DIRECTION    SE (140)
  HIGHEST GUST SPEED    29   HIGHEST GUST DIRECTION    SE (140)
  AVERAGE WIND SPEED    13.8


SKY COVER
  AVERAGE SKY COVER 0.0


WEATHER CONDITIONS
 THE FOLLOWING WEATHER WAS RECORDED YESTERDAY.
  NO SIGNIFICANT WEATHER WAS OBSERVED.


RELATIVE HUMIDITY (PERCENT)
 HIGHEST    93           600 AM
 LOWEST     47           200 PM
 AVERAGE    70

..........................................................


THE WICHITA FALLS CLIMATE NORMALS FOR TODAY
                         NORMAL    RECORD    YEAR
 MAXIMUM TEMPERATURE (F)   81        99      2014
 MINIMUM TEMPERATURE (F)   56        37      2013


SUNRISE AND SUNSET
MAY  4 2015...........SUNRISE   642 AM CDT   SUNSET   820 PM CDT
MAY  5 2015...........SUNRISE   641 AM CDT   SUNSET   821 PM CDT


-  INDICATES NEGATIVE NUMBERS.
R  INDICATES RECORD WAS SET OR TIED.
MM INDICATES DATA IS MISSING.
T  INDICATES TRACE AMOUNT.




$$
