000
CDUS44 KOUN 240630
CLISPS

CLIMATE REPORT
NATIONAL WEATHER SERVICE NORMAN OK
128 AM CDT THU JUL 24 2014


...................................

...THE WICHITA FALLS CLIMATE SUMMARY FOR JULY 23 2014...

CLIMATE NORMAL PERIOD 1981 TO 2010
CLIMATE RECORD PERIOD 1897 TO 2014


WEATHER ITEM   OBSERVED TIME   RECORD YEAR NORMAL DEPARTURE LAST
                VALUE   (LST)  VALUE       VALUE  FROM      YEAR
                                                  NORMAL
..................................................................
TEMPERATURE (F)
 YESTERDAY
  MAXIMUM         96    448 PM 110    1974  98     -2       99
  MINIMUM         71    521 AM  54    1970  72     -1       79
  AVERAGE         84                        85     -1       89

PRECIPITATION (IN)
  YESTERDAY        0.09          2.09 1950   0.05   0.04     0.00
  MONTH TO DATE    4.50                      1.20   3.30     2.58
  SINCE JAN 1     12.74                     16.84  -4.10    12.70

DEGREE DAYS
 COOLING
  YESTERDAY       19                        20     -1       24
  MONTH TO DATE  368                       440    -72      419
  SINCE JAN 1   1258                      1195     63     1306
..................................................................


WIND (MPH)
  HIGHEST WIND SPEED    29   HIGHEST WIND DIRECTION     E (80)
  HIGHEST GUST SPEED    35   HIGHEST GUST DIRECTION     E (70)
  AVERAGE WIND SPEED     5.0


SKY COVER
  AVERAGE SKY COVER 0.2


WEATHER CONDITIONS
 THE FOLLOWING WEATHER WAS RECORDED YESTERDAY.
  THUNDERSTORM
  RAIN
  LIGHT RAIN
  HAIL
  FOG
  HAZE


RELATIVE HUMIDITY (PERCENT)
 HIGHEST    93           400 AM
 LOWEST     45           300 PM
 AVERAGE    69

..........................................................


THE WICHITA FALLS CLIMATE NORMALS FOR TODAY
                         NORMAL    RECORD    YEAR
 MAXIMUM TEMPERATURE (F)   98       109      1969
 MINIMUM TEMPERATURE (F)   73        60      1970


SUNRISE AND SUNSET
JULY 24 2014..........SUNRISE   640 AM CDT   SUNSET   841 PM CDT
JULY 25 2014..........SUNRISE   641 AM CDT   SUNSET   840 PM CDT


-  INDICATES NEGATIVE NUMBERS.
R  INDICATES RECORD WAS SET OR TIED.
MM INDICATES DATA IS MISSING.
T  INDICATES TRACE AMOUNT.




$$
