000
CDUS44 KOUN 310642
CLISPS

CLIMATE REPORT
NATIONAL WEATHER SERVICE NORMAN OK
138 AM CDT FRI OCT 31 2014


...................................

...THE WICHITA FALLS CLIMATE SUMMARY FOR OCTOBER 30 2014...

CLIMATE NORMAL PERIOD 1981 TO 2010
CLIMATE RECORD PERIOD 1897 TO 2014


WEATHER ITEM   OBSERVED TIME   RECORD YEAR NORMAL DEPARTURE LAST
                VALUE   (LST)  VALUE       VALUE  FROM      YEAR
                                                  NORMAL
..................................................................
TEMPERATURE (F)
 YESTERDAY
  MAXIMUM         80    414 PM  91    2003  72      8       78
                                      1968
  MINIMUM         50    705 AM  24    1993  47      3       68
  AVERAGE         65                        60      5       73

PRECIPITATION (IN)
  YESTERDAY        0.00          3.87 1941   0.08  -0.08      T
  MONTH TO DATE    1.30                      3.02  -1.72     1.95
  SINCE JAN 1     18.58                     25.56  -6.98    19.40

SNOWFALL (IN)
  YESTERDAY        0.0                       0.0    0.0      0.0
  MONTH TO DATE    0.0                       0.0    0.0      0.0
  SINCE JUL 1      T                         0.0    0.0      0.0
  SNOW DEPTH       0

DEGREE DAYS
 HEATING
  YESTERDAY        0                         7     -7        0
  MONTH TO DATE   25                       105    -80       97
  SINCE JUL 1     33                       118    -85       97

 COOLING
  YESTERDAY        0                         1     -1        8
  MONTH TO DATE  172                        98     74      115
  SINCE JAN 1   2558                      2377    181     2620
..................................................................


WIND (MPH)
  HIGHEST WIND SPEED    20   HIGHEST WIND DIRECTION    NE (30)
  HIGHEST GUST SPEED    23   HIGHEST GUST DIRECTION     N (20)
  AVERAGE WIND SPEED     9.8


SKY COVER
  AVERAGE SKY COVER 0.1


WEATHER CONDITIONS
 THE FOLLOWING WEATHER WAS RECORDED YESTERDAY.
  NO SIGNIFICANT WEATHER WAS OBSERVED.


RELATIVE HUMIDITY (PERCENT)
 HIGHEST    71           500 AM
 LOWEST     26           500 PM
 AVERAGE    49

..........................................................


THE WICHITA FALLS CLIMATE NORMALS FOR TODAY
                         NORMAL    RECORD    YEAR
 MAXIMUM TEMPERATURE (F)   72        92      1934
 MINIMUM TEMPERATURE (F)   47        21      1993


SUNRISE AND SUNSET
OCTOBER 31 2014.......SUNRISE   753 AM CDT   SUNSET   642 PM CDT
NOVEMBER  1 2014......SUNRISE   753 AM CDT   SUNSET   641 PM CDT


-  INDICATES NEGATIVE NUMBERS.
R  INDICATES RECORD WAS SET OR TIED.
MM INDICATES DATA IS MISSING.
T  INDICATES TRACE AMOUNT.




$$
