000
CDUS44 KOUN 290645
CLISPS

OUNCLISPS 000
TTAA00 KOUN 290642


CLIMATE REPORT
NATIONAL WEATHER SERVICE NORMAN OK
141 AM CDT TUE JUL 29 2014


...................................

...THE WICHITA FALLS CLIMATE SUMMARY FOR JULY 28 2014...

CLIMATE NORMAL PERIOD 1981 TO 2010
CLIMATE RECORD PERIOD 1897 TO 2014


WEATHER ITEM   OBSERVED TIME   RECORD YEAR NORMAL DEPARTURE LAST
                VALUE   (LST)  VALUE       VALUE  FROM      YEAR
                                                  NORMAL
..................................................................
TEMPERATURE (F)
 YESTERDAY
  MAXIMUM         86   1205 AM 110    2008  98    -12       91
  MINIMUM         69    139 PM  60    1994  73     -4       67
  AVERAGE         78                        85     -7       79

PRECIPITATION (IN)
  YESTERDAY        0.59          1.87 2004   0.05   0.54     0.00
  MONTH TO DATE    5.09                      1.44   3.65     3.19
  SINCE JAN 1     13.33                     17.08  -3.75    13.31

DEGREE DAYS
 COOLING
  YESTERDAY       13                        20     -7       14
  MONTH TO DATE  467                       540    -73      498
  SINCE JAN 1   1357                      1295     62     1385
..................................................................


WIND (MPH)
  HIGHEST WIND SPEED    23   HIGHEST WIND DIRECTION     E (80)
  HIGHEST GUST SPEED    28   HIGHEST GUST DIRECTION     E (70)
  AVERAGE WIND SPEED     8.4


SKY COVER
  AVERAGE SKY COVER 0.6


WEATHER CONDITIONS
 THE FOLLOWING WEATHER WAS RECORDED YESTERDAY.
  THUNDERSTORM
  RAIN
  LIGHT RAIN
  FOG


RELATIVE HUMIDITY (PERCENT)
 HIGHEST    97           200 PM
 LOWEST     58           600 PM
 AVERAGE    78

..........................................................


THE WICHITA FALLS CLIMATE NORMALS FOR TODAY
                         NORMAL    RECORD    YEAR
 MAXIMUM TEMPERATURE (F)   98       108      1986
                                             1980
 MINIMUM TEMPERATURE (F)   73        63      1969


SUNRISE AND SUNSET
JULY 29 2014..........SUNRISE   643 AM CDT   SUNSET   837 PM CDT
JULY 30 2014..........SUNRISE   644 AM CDT   SUNSET   836 PM CDT


-  INDICATES NEGATIVE NUMBERS.
R  INDICATES RECORD WAS SET OR TIED.
MM INDICATES DATA IS MISSING.
T  INDICATES TRACE AMOUNT.




$$
