000
CDUS44 KOUN 212212
CLISPS

CLIMATE REPORT
NATIONAL WEATHER SERVICE NORMAN OK
509 PM CDT TUE OCT 21 2014


...................................

...THE WICHITA FALLS CLIMATE SUMMARY FOR OCTOBER 21 2014...
VALID TODAY AS OF 0500 PM LOCAL TIME.

CLIMATE NORMAL PERIOD 1981 TO 2010
CLIMATE RECORD PERIOD 1897 TO 2014


WEATHER ITEM   OBSERVED TIME   RECORD YEAR NORMAL DEPARTURE LAST
                VALUE   (LST)  VALUE       VALUE  FROM      YEAR
                                                  NORMAL
..................................................................
TEMPERATURE (F)
 TODAY
  MAXIMUM         83    210 PM  95    2003  75      8       67
  MINIMUM         57    723 AM  38    1987  50      7       47
  AVERAGE         70                        63      7       57

PRECIPITATION (IN)
  TODAY            0.00          2.35 1972   0.12  -0.12      T
  MONTH TO DATE    1.30                      2.13  -0.83     1.65
  SINCE JAN 1     18.58                     24.67  -6.09    19.10

SNOWFALL (IN)
  TODAY            0.0                       0.0    0.0      0.0
  MONTH TO DATE    0.0                       0.0    0.0      0.0
  SINCE JUL 1      T                         0.0    0.0      0.0
  SNOW DEPTH       0

DEGREE DAYS
 HEATING
  TODAY            0                         4     -4        8
  MONTH TO DATE   18                        55    -37       72
  SINCE JUL 1     26                        68    -42       72

 COOLING
  TODAY            5                         2      3        0
  MONTH TO DATE  126                        81     45       97
  SINCE JAN 1   2512                      2360    152     2602
..................................................................


WIND (MPH)
  HIGHEST WIND SPEED    15   HIGHEST WIND DIRECTION    SE (130)
  HIGHEST GUST SPEED    20   HIGHEST GUST DIRECTION     S (170)
  AVERAGE WIND SPEED     6.1


SKY COVER
  AVERAGE SKY COVER 0.0


WEATHER CONDITIONS
 THE FOLLOWING WEATHER WAS RECORDED TODAY.
  FOG


RELATIVE HUMIDITY (PERCENT)
 HIGHEST    93           700 AM
 LOWEST     34           300 PM
 AVERAGE    64

..........................................................


THE WICHITA FALLS CLIMATE NORMALS FOR TOMORROW
                         NORMAL    RECORD    YEAR
 MAXIMUM TEMPERATURE (F)   75        93      1939
 MINIMUM TEMPERATURE (F)   50        32      1990


SUNRISE AND SUNSET
OCTOBER 21 2014.......SUNRISE   744 AM CDT   SUNSET   653 PM CDT
OCTOBER 22 2014.......SUNRISE   745 AM CDT   SUNSET   652 PM CDT


-  INDICATES NEGATIVE NUMBERS.
R  INDICATES RECORD WAS SET OR TIED.
MM INDICATES DATA IS MISSING.
T  INDICATES TRACE AMOUNT.




$$
