000
CXUS53 KGRB 180808
CF6STE
PRELIMINARY LOCAL CLIMATOLOGICAL DATA (WS FORM: F-6)
STATION: STEVENS POINT WI
MONTH: MARCH
YEAR: 2021
LATITUDE: 44 32 N
LONGITUDE: 89 32 W
TEMPERATURE IN F: :PCPN: SNOW: WIND :SUNSHINE: SKY :PK WND
================================================================================
1 2 3 4 5 6A 6B 7 8 9 10 11 12 13 14 15 16 17 18
12Z AVG MX 2MIN
DY MAX MIN AVG DEP HDD CDD WTR SNW DPTH SPD SPD DIR MIN PSBL S-S WX SPD DR
================================================================================
1 22 6 14 M 51 0 M M M 8.1 16 340 M M 2 23 310
2 40 6 23 M 42 0 M M M 11.5 21 220 M M 1 35 210
3 42 19 31 M 34 0 M M M 2.7 9 310 M M 1 1 16 330
4 36 20 28 M 37 0 M M M 2.6 8 80 M M 0 M M
5 44 15 30 M 35 0 M M M 2.5 8 270 M M 2 16 330
6 41 14 28 M 37 0 M M M 2.0 8 330 M M 0 16 300
7 42 16 29 M 36 0 M M M 8.2 15 160 M M 5 18 160
8 52 26 39 M 26 0 M M M 4.4 12 270 M M 0 17 270
9 60 24 42 M 23 0 M M M 8.2 17 170 M M 2 25 170
10 57 47 52 M 13 0 0.27 M M 10.1 14 180 M M 7 20 180
11 53 33 43 M 22 0 M M M 14.5 22 260 M M 6 32 220
12 37 17 27 M 38 0 M M M 6.8 12 340 M M 0 21 280
13 56 16 36 M 29 0 M M M 5.9 15 280 M M 0 28 280
14 43 24 34 M 31 0 M M M 8.8 14 100 M M 0 21 90
15 32 20 26 M 39 0 M M M 12.9 17 90 M M 5 23 80
16 33 26 30 M 35 0 M M M 2.6 9 90 M M 10 M M
17 38 28 33 M 32 0 M M M 3.6 12 20 M M 7 16 20
================================================================================
SM 728 357 560 0 0.27 M 115.3 M 48
================================================================================
AV 42.8 21.0 6.8 FASTST M M 3 MAX(MPH)
MISC ----> 22 260 35 210
================================================================================
NOTES:
# LAST OF SEVERAL OCCURRENCES
COLUMN 17 PEAK WIND IN M.P.H.
PRELIMINARY LOCAL CLIMATOLOGICAL DATA (WS FORM: F-6) , PAGE 2
STATION: STEVENS POINT WI
MONTH: MARCH
YEAR: 2021
LATITUDE: 44 32 N
LONGITUDE: 89 32 W
[TEMPERATURE DATA] [PRECIPITATION DATA] SYMBOLS USED IN COLUMN 16
AVERAGE MONTHLY: 31.9 TOTAL FOR MONTH: 0.27 1 = FOG OR MIST
DPTR FM NORMAL: 0.0 DPTR FM NORMAL: 0.27 2 = FOG REDUCING VISIBILITY
HIGHEST: 60 ON 9 GRTST 24HR 0.27 ON 10-10 TO 1/4 MILE OR LESS
LOWEST: 6 ON 2, 1 3 = THUNDER
SNOW, ICE PELLETS, HAIL 4 = ICE PELLETS
TOTAL MONTH: M 5 = HAIL
GRTST 24HR M ON M 6 = FREEZING RAIN OR DRIZZLE
GRTST DEPTH: M ON M 7 = DUSTSTORM OR SANDSTORM:
VSBY 1/2 MILE OR LESS
8 = SMOKE OR HAZE
[NO. OF DAYS WITH] [WEATHER - DAYS WITH] 9 = BLOWING SNOW
X = TORNADO
MAX 32 OR BELOW: 2 0.01 INCH OR MORE: 1
MAX 90 OR ABOVE: 0 0.10 INCH OR MORE: 1
MIN 32 OR BELOW: 15 0.50 INCH OR MORE: 0
MIN 0 OR BELOW: 0 1.00 INCH OR MORE: 0
[HDD (BASE 65) ]
TOTAL THIS MO. 560 CLEAR (SCALE 0-3) 11
DPTR FM NORMAL M PTCLDY (SCALE 4-7) 5
TOTAL FM JUL 1 6871 CLOUDY (SCALE 8-10) 1
DPTR FM NORMAL 6613
[CDD (BASE 65) ]
TOTAL THIS MO. 0
DPTR FM NORMAL M [PRESSURE DATA]
TOTAL FM JAN 1 0 HIGHEST SLP M ON M
DPTR FM NORMAL 0 LOWEST SLP M ON M
[REMARKS]