000
CXUS53 KEAX 010736
CF6STJ
PRELIMINARY LOCAL CLIMATOLOGICAL DATA (WS FORM: F-6)
STATION: ST. JOSEPH MO
MONTH: JUNE
YEAR: 2021
LATITUDE: 39 46 N
LONGITUDE: 94 55 W
TEMPERATURE IN F: :PCPN: SNOW: WIND :SUNSHINE: SKY :PK WND
================================================================================
1 2 3 4 5 6A 6B 7 8 9 10 11 12 13 14 15 16 17 18
12Z AVG MX 2MIN
DY MAX MIN AVG DEP HDD CDD WTR SNW DPTH SPD SPD DIR MIN PSBL S-S WX SPD DR
================================================================================
1 76 52 64 -7 1 0 0.00 M M 2.9 8 30 M M 7 12 11 30
2 79 52 66 -5 0 1 T M M 2.8 14 30 M M 4 12 19 30
3 85 51 68 -3 0 3 0.00 M M 2.3 9 150 M M 2 12 13 170
4 89 55 72 0 0 7 0.00 M M 5.2 14 200 M M 0 20 210
5 89 67 78 6 0 13 0.00 M M 10.3 21 190 M M 1 27 170
6 86 65 76 4 0 11 0.00 M M 9.0 23 180 M M 4 32 180
7 88 64 76 4 0 11 0.00 M M 6.3 14 140 M M 1 23 150
8 90 65 78 5 0 13 0.00 M M 4.0 12 120 M M 2 M M
9 92 67 80 7 0 15 0.00 M M 2.4 12 130 M M 1 1 16 100
10 95 68 82 9 0 17 0.00 M M 4.5 13 130 M M 1 20 170
11 90 70 80 6 0 15 1.16 M M 8.0 44 40 M M 2 13 64 60
12 88 63 76 2 0 11 0.00 M M 7.0 18 30 M M 2 23 30
13 93 57 75 1 0 10 0.00 M M 1.4 9 80 M M 0 14 70
14 95 61 78 4 0 13 0.00 M M 2.8 12 340 M M 0 15 340
15 92 71 82 8 0 17 0.00 M M 5.2 10 100 M M 1 17 80
16 93 69 81 6 0 16 0.00 M M 7.6 15 140 M M 2 26 120
17 99 74 87 12 0 22 0.16 M M 10.9 35 220 M M 1 38 49 220
18 98 77 88 13 0 23 0.04 M M 9.5 18 330 M M 0 3 23 330
19 94 75 85 10 0 20 0.00 M M 4.4 18 210 M M 1 26 210
20 93 69 81 6 0 16 0.08 M M 11.6 31 350 M M 4 13 44 360
21 79 58 69 -7 0 4 T M M 9.4 22 360 M M 1 32 330
22 89 54 72 -4 0 7 0.00 M M 10.7 25 190 M M 1 33 190
23 88 69 79 3 0 14 0.00 M M 14.6 22 170 M M 1 32 180
24 86 70 78 2 0 13 4.20 M M 13.2 41 320 M M 5 123 56 320
25 85 69 77 1 0 12 2.59 M M 7.5 33 190 M M 6 13 46 180
26 83 67 75 -1 0 10 0.27 M M 9.7 21 310 M M 6 1 26 310
27 80 64 72 -4 0 7 0.00 M M 2.0 9 160 M M 0 1 12 150
28 80 68 74 -2 0 9 0.06 M M 4.0 20 150 M M 3 1 25 170
29 80 71 76 -1 0 11 0.30 M M 4.7 10 220 M M 7 1 14 200
30 81 71 76 -1 0 11 0.03 M M 3.9 13 30 M M 8 1 17 20
================================================================================
SM 2635 1953 1 352 8.89 M 197.8 M 74
================================================================================
AV 87.8 65.1 6.6 FASTST M M 2 MAX(MPH)
MISC ----> 44 40 64 60
================================================================================
NOTES:
# LAST OF SEVERAL OCCURRENCES
COLUMN 17 PEAK WIND IN M.P.H.
PRELIMINARY LOCAL CLIMATOLOGICAL DATA (WS FORM: F-6) , PAGE 2
STATION: ST. JOSEPH MO
MONTH: JUNE
YEAR: 2021
LATITUDE: 39 46 N
LONGITUDE: 94 55 W
[TEMPERATURE DATA] [PRECIPITATION DATA] SYMBOLS USED IN COLUMN 16
AVERAGE MONTHLY: 76.5 TOTAL FOR MONTH: 8.89 1 = FOG OR MIST
DPTR FM NORMAL: 2.3 DPTR FM NORMAL: 4.14 2 = FOG REDUCING VISIBILITY
HIGHEST: 99 ON 17 GRTST 24HR 6.69 ON 24-25 TO 1/4 MILE OR LESS
LOWEST: 51 ON 3 3 = THUNDER
SNOW, ICE PELLETS, HAIL 4 = ICE PELLETS
TOTAL MONTH: M 5 = HAIL
GRTST 24HR M ON M 6 = FREEZING RAIN OR DRIZZLE
GRTST DEPTH: M ON M 7 = DUSTSTORM OR SANDSTORM:
VSBY 1/2 MILE OR LESS
8 = SMOKE OR HAZE
[NO. OF DAYS WITH] [WEATHER - DAYS WITH] 9 = BLOWING SNOW
X = TORNADO
MAX 32 OR BELOW: 0 0.01 INCH OR MORE: 10
MAX 90 OR ABOVE: 12 0.10 INCH OR MORE: 6
MIN 32 OR BELOW: 0 0.50 INCH OR MORE: 3
MIN 0 OR BELOW: 0 1.00 INCH OR MORE: 3
[HDD (BASE 65) ]
TOTAL THIS MO. 1 CLEAR (SCALE 0-3) 21
DPTR FM NORMAL -6 PTCLDY (SCALE 4-7) 9
TOTAL FM JUL 1 5417 CLOUDY (SCALE 8-10) 0
DPTR FM NORMAL 35
[CDD (BASE 65) ]
TOTAL THIS MO. 352
DPTR FM NORMAL 68 [PRESSURE DATA]
TOTAL FM JAN 1 459 HIGHEST SLP M ON M
DPTR FM NORMAL 49 LOWEST SLP 29.52 ON 20
[REMARKS]
#FINAL-06-21#