000
CXUS53 KEAX 011559 RRA
CLMSTJ
CLIMATE REPORT
NATIONAL WEATHER SERVICE KANSAS CITY/PLEASANT HILL MO
1050 AM CDT FRI SEP 01 2023
...................................
...THE ST. JOSEPH MO CLIMATE SUMMARY FOR THE MONTH OF AUGUST 2023...
CLIMATE NORMAL PERIOD: 1991 TO 2020
CLIMATE RECORD PERIOD: 1892 TO 2023
WEATHER OBSERVED NORMAL DEPART LAST YEAR`S
VALUE DATE(S) VALUE FROM VALUE DATE(S)
NORMAL
................................................................
TEMPERATURE (F)
RECORD
HIGH 110 08/13/1936
08/10/1934
LOW 41 08/28/1986
HIGHEST 101 08/25 98 3 94 08/13
LOWEST 52 08/18 51 1 52 08/31
AVG. MAXIMUM 86.2 86.2 -0.0 85.4
AVG. MINIMUM 65.1 64.5 0.6 62.5
MEAN 75.6 75.3 0.3 73.9
DAYS MAX >= 90 8 10.2 -2.2 7
DAYS MAX <= 32 0 0.0 0.0 0
DAYS MIN <= 32 0 0.0 0.0 0
DAYS MIN <= 0 0 0.0 0.0 0
PRECIPITATION (INCHES)
RECORD
MAXIMUM 11.54 1944
MINIMUM 0.38 1984
TOTALS 3.91 3.84 0.07 2.29
DAILY AVG. 0.15 0.12 0.03 0.07
DAYS >= .01 3 9.4 -6.4 3
DAYS >= .10 3 5.1 -2.1 3
DAYS >= .50 1 2.5 -1.5 2
DAYS >= 1.00 1 1.2 -0.2 0
GREATEST
24 HR. TOTAL 3.26 08/13 TO 08/13
DEGREE DAYS
HEATING TOTAL 0 3 -3 0
SINCE 7/1 0 1 -1 MM
COOLING TOTAL 327 324 3 285
SINCE 1/1 1162 1128 34 MM
................................................................
WIND (MPH)
AVERAGE WIND SPEED 6.0
HIGHEST WIND SPEED/DIRECTION 41/290 DATE 08/26
HIGHEST GUST SPEED/DIRECTION 63/290 DATE 08/26
SKY COVER
POSSIBLE SUNSHINE (PERCENT) MM
AVERAGE SKY COVER 0.24
NUMBER OF DAYS FAIR 20
NUMBER OF DAYS PC 11
NUMBER OF DAYS CLOUDY 0
AVERAGE RH (PERCENT) 79
WEATHER CONDITIONS. NUMBER OF DAYS WITH
THUNDERSTORM 6 MIXED PRECIP 0
HEAVY RAIN 5 RAIN 4
LIGHT RAIN 7 FREEZING RAIN 0
LT FREEZING RAIN 0 HAIL 0
HEAVY SNOW 0 SNOW 0
LIGHT SNOW 0 SLEET 0
FOG 23 FOG W/VIS <= 1/4 MILE 9
HAZE 3
- INDICATES NEGATIVE NUMBERS.
R INDICATES RECORD WAS SET OR TIED.
MM INDICATES DATA IS MISSING.
T INDICATES TRACE AMOUNT.
$$