000
CXUS53 KLSX 011500
CF6STL
PRELIMINARY LOCAL CLIMATOLOGICAL DATA (WS FORM: F-6)
STATION: ST. LOUIS
MONTH: FEBRUARY
YEAR: 2024
LATITUDE: 38 45 N
LONGITUDE: 90 23 W
TEMPERATURE IN F: :PCPN: SNOW: WIND :SUNSHINE: SKY :PK WND
================================================================================
1 2 3 4 5 6A 6B 7 8 9 10 11 12 13 14 15 16 17 18
12Z AVG MX 2MIN
DY MAX MIN AVG DEP HDD CDD WTR SNW DPTH SPD SPD DIR MIN PSBL S-S WX SPD DR
================================================================================
1 72 42 57 24 8 0 0.00 0.0 0 5.6 14 220 M M 6 21 210
2 51 37 44 11 21 0 0.00 0.0 0 6.9 16 100 M M 7 18 22 60
3 57 35 46 12 19 0 0.00 0.0 0 10.6 17 90 M M 5 18 22 90
4 55 39 47 13 18 0 0.00 0.0 0 9.2 15 30 M M 8 21 30
5 58 33 46 12 19 0 0.00 0.0 0 6.4 13 340 M M 6 19 10
6 59 29 44 10 21 0 0.00 0.0 0 2.8 12 100 M M 5 13 100
7 60 34 47 13 18 0 0.00 0.0 0 9.2 20 140 M M 8 18 25 140
8 69 49 59 24 6 0 0.00 0.0 0 14.8 28 210 M M 5 43 220
9 69 52 61 26 4 0 T 0.0 0 9.1 17 220 M M 5 8 22 210
10 54 37 46 11 19 0 0.00 0.0 0 8.0 16 350 M M 8 24 350
11 49 30 40 4 25 0 0.00 0.0 0 6.7 14 340 M M 7 17 350
12 49 32 41 5 24 0 0.00 0.0 0 7.3 20 350 M M 6 25 340
13 61 29 45 9 20 0 0.00 0.0 0 6.7 15 260 M M 2 20 240
14 61 33 47 11 18 0 0.00 0.0 0 5.8 16 200 M M 1 22 200
15 54 41 48 11 17 0 0.01 0.0 0 10.9 24 320 M M 5 35 33 320
16 41 25 33 -4 32 0 0.39 3.4 0 12.5 22 330 M M 9 14 31 330
17 26 14 20 -17 45 0 0.00 0.0 3 10.1 17 340 M M 1 23 330
18 49 23 36 -2 29 0 0.00 0.0 3 8.4 18 250 M M 0 24 240
19 59 24 42 4 23 0 0.00 0.0 T 3.4 12 130 M M 2 M M
20 67 31 49 11 16 0 0.00 0.0 0 4.8 12 220 M M 2 20 170
21 73 40 57 18 8 0 0.00 0.0 0 7.9 16 170 M M 5 8 27 150
22 68 45 57 18 8 0 0.00 0.0 0 7.7 21 350 M M 7 8 28 340
23 65 40 53 14 12 0 T 0.0 0 10.8 24 280 M M 3 36 280
24 48 35 42 2 23 0 0.00 0.0 0 9.6 17 340 M M 3 25 340
25 74 41 58 18 7 0 0.00 0.0 0 5.7 17 200 M M 0 22 190
26 80 40 60 20 5 0 0.00 0.0 0 10.0 28 170 M M 4 42 170
27 86 42 64 23 1 0 T 0.0 0 14.7 33 250 M M 8 3 45 260
28 42 26 34 -7 31 0 T T 0 13.8 29 310 M M 4 3 40 290
29 52 26 39 -2 26 0 0.00 0.0 0 8.0 16 140 M M 4 26 120
================================================================================
SM 1708 1004 523 0 0.40 3.4 247.4 M 136
================================================================================
AV 58.9 34.6 8.5 FASTST M M 5 MAX(MPH)
MISC ----> 33 250 45 260
================================================================================
NOTES:
# LAST OF SEVERAL OCCURRENCES
COLUMN 17 PEAK WIND IN M.P.H.
PRELIMINARY LOCAL CLIMATOLOGICAL DATA (WS FORM: F-6) , PAGE 2
STATION: ST. LOUIS
MONTH: FEBRUARY
YEAR: 2024
LATITUDE: 38 45 N
LONGITUDE: 90 23 W
[TEMPERATURE DATA] [PRECIPITATION DATA] SYMBOLS USED IN COLUMN 16
AVERAGE MONTHLY: 46.8 TOTAL FOR MONTH: 0.40 1 = FOG OR MIST
DPTR FM NORMAL: 10.1 DPTR FM NORMAL: -1.83 2 = FOG REDUCING VISIBILITY
HIGHEST: 86 ON 27 GRTST 24HR 0.39 ON 16-16 TO 1/4 MILE OR LESS
LOWEST: 14 ON 17 3 = THUNDER
SNOW, ICE PELLETS, HAIL 4 = ICE PELLETS
TOTAL MONTH: 3.4 INCHES 5 = HAIL
GRTST 24HR 3.4 ON 16-16 6 = FREEZING RAIN OR DRIZZLE
GRTST DEPTH: 3 ON 18,17 7 = DUSTSTORM OR SANDSTORM:
VSBY 1/2 MILE OR LESS
8 = SMOKE OR HAZE
[NO. OF DAYS WITH] [WEATHER - DAYS WITH] 9 = BLOWING SNOW
X = TORNADO
MAX 32 OR BELOW: 1 0.01 INCH OR MORE: 2
MAX 90 OR ABOVE: 0 0.10 INCH OR MORE: 1
MIN 32 OR BELOW: 11 0.50 INCH OR MORE: 0
MIN 0 OR BELOW: 0 1.00 INCH OR MORE: 0
[HDD (BASE 65) ]
TOTAL THIS MO. 523 CLEAR (SCALE 0-3) 9
DPTR FM NORMAL -270 PTCLDY (SCALE 4-7) 17
TOTAL FM JUL 1 2806 CLOUDY (SCALE 8-10) 3
DPTR FM NORMAL -761
[CDD (BASE 65) ]
TOTAL THIS MO. 0
DPTR FM NORMAL -1 [PRESSURE DATA]
TOTAL FM JAN 1 0 HIGHEST SLP 30.55 ON 29
DPTR FM NORMAL -1 LOWEST SLP 29.26 ON 27
[REMARKS]
#FINAL-02-24#