000
CXUS53 KLSX 040656 CCA
CF6STL
PRELIMINARY LOCAL CLIMATOLOGICAL DATA (WS FORM: F-6)
STATION: ST. LOUIS
MONTH: JANUARY
YEAR: 2022
LATITUDE: 38 45 N
LONGITUDE: 90 23 W
TEMPERATURE IN F: :PCPN: SNOW: WIND :SUNSHINE: SKY :PK WND
================================================================================
1 2 3 4 5 6A 6B 7 8 9 10 11 12 13 14 15 16 17 18
12Z AVG MX 2MIN
DY MAX MIN AVG DEP HDD CDD WTR SNW DPTH SPD SPD DIR MIN PSBL S-S WX SPD DR
================================================================================
1 48 27 38 5 27 0 0.63 T 0 10.1 20 350 M M 10 16 25 360
2 27 16 22 -11 43 0 T 0.1 0 13.3 20 330 M M 10 6 26 330
3 34 13 24 -9 41 0 0.00 0.0 0 5.6 10 180 M M 1 16 310
4 43 26 35 2 30 0 0.00 0.0 0 13.5 25 160 M M 5 32 150
5 42 20 31 -1 34 0 0.00 0.0 0 15.9 25 280 M M 6 36 310
6 20 9 15 -17 50 0 T T T 12.2 18 320 M M 8 26 300
7 24 7 16 -16 49 0 0.00 0.0 0 8.1 17 140 M M 7 23 140
8 44 19 32 0 33 0 0.13 0.0 0 10.9 18 180 M M 8 16 25 150
9 47 19 33 1 32 0 0.02 0.0 0 10.4 22 320 M M 6 18 30 320
10 39 17 28 -4 37 0 0.00 0.0 0 7.7 16 310 M M 0 24 290
11 52 18 35 3 30 0 0.00 0.0 0 9.3 18 220 M M 1 28 200
12 59 37 48 16 17 0 0.00 0.0 0 8.3 18 240 M M 7 25 230
13 54 32 43 11 22 0 0.01 0.0 0 6.2 13 330 M M 5 20 340
14 45 30 38 6 27 0 0.28 T 0 6.0 13 90 M M 10 18 17 80
15 34 22 28 -4 37 0 0.27 2.5 1 11.5 20 70 M M 8 14 31 50
16 32 17 25 -7 40 0 0.01 0.1 1 8.1 21 300 M M 5 1 31 280
17 37 28 33 1 32 0 0.00 0.0 1 9.7 26 320 M M 8 40 320
18 57 28 43 11 22 0 0.00 0.0 0 9.4 18 210 M M 6 26 220
19 49 12 31 -1 34 0 0.00 0.0 0 13.7 24 310 M M 9 32 320
20 20 7 14 -18 51 0 0.00 0.0 0 11.2 18 340 M M 2 26 330
21 26 5 16 -16 49 0 0.00 0.0 0 3.9 9 160 M M 2 13 150
22 45 17 31 -1 34 0 0.00 0.0 0 7.5 21 240 M M 6 26 290
23 44 23 34 2 31 0 0.00 0.0 0 11.1 23 320 M M 8 32 310
24 51 22 37 5 28 0 T 0.0 0 11.3 21 330 M M 9 29 340
25 25 11 18 -14 47 0 T T 0 9.2 18 350 M M 4 22 350
26 27 5 16 -16 49 0 0.00 0.0 0 5.5 13 170 M M 1 17 180
27 39 26 33 1 32 0 T 0.1 0 9.9 20 240 M M 9 27 240
28 31 14 23 -9 42 0 T T 0 10.4 21 340 M M 5 8 30 310
29 42 14 28 -4 37 0 0.00 0.0 0 7.3 17 160 M M 2 23 150
30 40 25 33 0 32 0 0.00 0.0 M 9.2 20 310 M M 5 26 310
31 51 25 38 5 27 0 0.00 0.0 0 11.0 17 150 M M 8 25 150
================================================================================
SM 1228 591 1096 0 1.35 2.8 297.4 M 181
================================================================================
AV 39.6 19.1 9.6 FASTST M M 6 MAX(MPH)
MISC ----> 26 320 40 320
================================================================================
NOTES:
# LAST OF SEVERAL OCCURRENCES
COLUMN 17 PEAK WIND IN M.P.H.
PRELIMINARY LOCAL CLIMATOLOGICAL DATA (WS FORM: F-6) , PAGE 2
STATION: ST. LOUIS
MONTH: JANUARY
YEAR: 2022
LATITUDE: 38 45 N
LONGITUDE: 90 23 W
[TEMPERATURE DATA] [PRECIPITATION DATA] SYMBOLS USED IN COLUMN 16
AVERAGE MONTHLY: 29.3 TOTAL FOR MONTH: 1.35 1 = FOG OR MIST
DPTR FM NORMAL: -2.8 DPTR FM NORMAL: -1.24 2 = FOG REDUCING VISIBILITY
HIGHEST: 59 ON 12 GRTST 24HR 0.65 ON 14-15 TO 1/4 MILE OR LESS
LOWEST: 5 ON 26,21 3 = THUNDER
SNOW, ICE PELLETS, HAIL 4 = ICE PELLETS
TOTAL MONTH: 2.8 INCHES 5 = HAIL
GRTST 24HR 2.5 ON 15-15 6 = FREEZING RAIN OR DRIZZLE
GRTST DEPTH: 1 ON 17,16 7 = DUSTSTORM OR SANDSTORM:
VSBY 1/2 MILE OR LESS
8 = SMOKE OR HAZE
[NO. OF DAYS WITH] [WEATHER - DAYS WITH] 9 = BLOWING SNOW
X = TORNADO
MAX 32 OR BELOW: 9 0.01 INCH OR MORE: 7
MAX 90 OR ABOVE: 0 0.10 INCH OR MORE: 4
MIN 32 OR BELOW: 30 0.50 INCH OR MORE: 1
MIN 0 OR BELOW: 0 1.00 INCH OR MORE: 0
[HDD (BASE 65) ]
TOTAL THIS MO. 1096 CLEAR (SCALE 0-3) 7
DPTR FM NORMAL 76 PTCLDY (SCALE 4-7) 12
TOTAL FM JUL 1 2331 CLOUDY (SCALE 8-10) 12
DPTR FM NORMAL -391
[CDD (BASE 65) ]
TOTAL THIS MO. 0
DPTR FM NORMAL 0 [PRESSURE DATA]
TOTAL FM JAN 1 0 HIGHEST SLP 30.71 ON 20
DPTR FM NORMAL 0 LOWEST SLP 29.66 ON 1
[REMARKS]
#FINAL-01-22#