000
CXUS56 KMTR 011000
CF6STS
PRELIMINARY LOCAL CLIMATOLOGICAL DATA (WS FORM: F-6)
STATION: SANTA ROSA AIRPORT
MONTH: FEBRUARY
YEAR: 2024
LATITUDE: 38 30 N
LONGITUDE: 122 49 W
TEMPERATURE IN F: :PCPN: SNOW: WIND :SUNSHINE: SKY :PK WND
================================================================================
1 2 3 4 5 6A 6B 7 8 9 10 11 12 13 14 15 16 17 18
12Z AVG MX 2MIN
DY MAX MIN AVG DEP HDD CDD WTR SNW DPTH SPD SPD DIR MIN PSBL S-S WX SPD DR
================================================================================
1 57 47 52 3 13 0 0.65 M M 1.7 18 270 M M 8 123 26 260
2 56 41 49 0 16 0 0.03 M M 3.2 17 240 M M 7 12 27 250
3 55 39 47 -2 18 0 0.21 M M 4.7 13 90 M M 8 1 17 80
4 58 46 52 3 13 0 1.85 M M 17.0 37 160 M M 10 1 55 160
5 59 43 51 1 14 0 0.18 M M 8.1 21 180 M M 8 1 28 180
6 60 39 50 0 15 0 0.00 M M 4.2 14 330 M M 4 1 19 330
7 54 38 46 -4 19 0 0.29 M M 5.8 25 300 M M 6 1 36 310
8 59 30 45 -5 20 0 0.00 M M 2.4 9 110 M M 4 12 12 120
9 58 34 46 -4 19 0 0.00 M M 2.5 10 190 M M 3 12 12 210
10 65 35 50 0 15 0 0.00 M M 3.5 9 260 M M 0 1 13 260
11 63 37 50 0 15 0 0.00 M M 1.7 9 190 M M 6 12 11 140
12 62 39 51 1 14 0 T M M 2.6 10 260 M M 7 12 16 250
13 60 38 49 -1 16 0 T M M 2.5 9 210 M M 4 1 13 210
14 55 50 53 3 12 0 0.58 M M 5.5 18 180 M M 10 1 26 190
15 61 45 53 2 12 0 0.33 M M 3.0 9 190 M M 7 12 14 170
16 60 45 53 2 12 0 T M M 2.7 8 250 M M 5 1 11 210
17 56 50 53 2 12 0 1.28 M M 6.5 25 190 M M 9 1 38 170
18 63 43 53 2 12 0 1.51 M M 6.8 22 130 M M 9 12 32 150
19 60 50 55 4 10 0 0.90 M M 12.0 30 180 M M 10 138 43 200
20 55 49 52 1 13 0 0.68 M M 5.4 17 240 M M 10 1 25 230
21 58 45 52 1 13 0 0.53 M M 2.4 9 170 M M 9 12 M M
22 63 43 53 2 12 0 0.00 M M 3.7 10 160 M M 6 12 13 180
23 68 39 54 2 11 0 0.00 M M 3.5 9 340 M M 1 1 11 340
24 73 42 58 6 7 0 0.00 M M 4.5 10 350 M M 0 13 200
25 64 41 53 1 12 0 T M M 3.3 13 220 M M 3 12 19 220
26 63 41 52 0 13 0 0.01 M M 5.3 16 250 M M 6 12 21 240
27 65 39 52 0 13 0 0.00 M M 4.9 14 340 M M 0 19 350
28 70 37 54 2 11 0 0.00 M M 4.7 13 200 M M 1 19 190
29 56 45 51 -1 14 0 0.52 M M 8.8 25 200 M M 9 1 39 190
================================================================================
SM 1756 1210 396 0 9.55 M 142.9 M 170
================================================================================
AV 60.6 41.7 4.9 FASTST M M 6 MAX(MPH)
MISC ----> 37 160 55 160
================================================================================
NOTES:
# LAST OF SEVERAL OCCURRENCES
COLUMN 17 PEAK WIND IN M.P.H.
PRELIMINARY LOCAL CLIMATOLOGICAL DATA (WS FORM: F-6) , PAGE 2
STATION: SANTA ROSA AIRPORT
MONTH: FEBRUARY
YEAR: 2024
LATITUDE: 38 30 N
LONGITUDE: 122 49 W
[TEMPERATURE DATA] [PRECIPITATION DATA] SYMBOLS USED IN COLUMN 16
AVERAGE MONTHLY: 51.1 TOTAL FOR MONTH: 9.55 1 = FOG OR MIST
DPTR FM NORMAL: 0.6 DPTR FM NORMAL: 2.88 2 = FOG REDUCING VISIBILITY
HIGHEST: 73 ON 24 GRTST 24HR 2.30 ON 31- 1 TO 1/4 MILE OR LESS
LOWEST: 30 ON 8 3 = THUNDER
SNOW, ICE PELLETS, HAIL 4 = ICE PELLETS
TOTAL MONTH: M 5 = HAIL
GRTST 24HR M ON M 6 = FREEZING RAIN OR DRIZZLE
GRTST DEPTH: M ON M 7 = DUSTSTORM OR SANDSTORM:
VSBY 1/2 MILE OR LESS
8 = SMOKE OR HAZE
[NO. OF DAYS WITH] [WEATHER - DAYS WITH] 9 = BLOWING SNOW
X = TORNADO
MAX 32 OR BELOW: 0 0.01 INCH OR MORE: 15
MAX 90 OR ABOVE: 0 0.10 INCH OR MORE: 13
MIN 32 OR BELOW: 1 0.50 INCH OR MORE: 9
MIN 0 OR BELOW: 0 1.00 INCH OR MORE: 3
[HDD (BASE 65) ]
TOTAL THIS MO. 396 CLEAR (SCALE 0-3) 7
DPTR FM NORMAL -9 PTCLDY (SCALE 4-7) 13
TOTAL FM JUL 1 1652 CLOUDY (SCALE 8-10) 9
DPTR FM NORMAL -441
[CDD (BASE 65) ]
TOTAL THIS MO. 0
DPTR FM NORMAL 0 [PRESSURE DATA]
TOTAL FM JAN 1 0 HIGHEST SLP M ON M
DPTR FM NORMAL 0 LOWEST SLP 29.18 ON 4
[REMARKS]
#FINAL-02-24#