000
CXUS53 KGRB 171622
CF6SUE
PRELIMINARY LOCAL CLIMATOLOGICAL DATA (WS FORM: F-6)
STATION: STURGEON BAY WI
MONTH: MARCH
YEAR: 2022
LATITUDE: 44 55 N
LONGITUDE: 87 25 W
TEMPERATURE IN F: :PCPN: SNOW: WIND :SUNSHINE: SKY :PK WND
================================================================================
1 2 3 4 5 6A 6B 7 8 9 10 11 12 13 14 15 16 17 18
12Z AVG MX 2MIN
DY MAX MIN AVG DEP HDD CDD WTR SNW DPTH SPD SPD DIR MIN PSBL S-S WX SPD DR
================================================================================
1 35 18 27 M 38 0 T M M 4.4 12 360 M M 3 12 M M
2 35 10 23 M 42 0 T M M 7.1 14 10 M M 5 1 M M
3 30 8 19 M 46 0 M M M 5.6 9 190 M M 0 M M
4 34 13 24 M 41 0 M M M 5.0 9 150 M M 2 M M
5 43 32 38 M 27 0 1.15 M M 9.4 15 140 M M 10 13 22 160
6 43 31 37 M 28 0 0.04 M M 9.9 17 260 M M 10 12 25 260
7 32 19 26 M 39 0 M M M 9.4 18 330 M M 8 1 25 330
8 34 18 26 M 39 0 M M M 11.7 25 210 M M 0 31 210
9 32 19 26 M 39 0 M M M 12.7 16 260 M M 5 27 260
10 22 12 17 M 48 0 M M M 9.4 14 240 M M 0 17 250
11 27 11 19 M 46 0 T M M 14.6 24 260 M M 3 35 240
12 17 4 11 M 54 0 M M M 12.2 16 290 M M 1 22 280
13 41 18 30 M 35 0 T M M 11.7 17 260 M M 4 1 24 240
14 34 28 31 M 34 0 0.02 M M 6.2 12 10 M M 10 12 M M
15 42 26 34 M 31 0 0.01 M M 5.6 10 190 M M 6 12 M M
16 50 34 42 M 23 0 M M M 9.2 15 150 M M 0 18 M M
17 57 37 47 M 18 0 M M M 6.6 10 40 M M 3 M M
18 37 32 35 M 30 0 0.26 M M 10.1 16 40 M M 9 1 22 50
19 46 31 39 M 26 0 0.19 M M 10.4 18 10 M M 7 1 30 10
20 54 31 43 M 22 0 M M M 5.9 8 200 M M 0 M M
21 42 34 38 M 27 0 0.57 M M 8.2 14 70 M M 7 1 20 100
22 41 34 38 M 27 0 0.15 M M 11.5 16 120 M M 7 26 70
23 38 33 36 M 29 0 1.22 M M 12.3 21 80 M M 10 1 26 80
24 39 32 36 M 29 0 T M M 9.4 17 360 M M 10 1 M M
25 46 28 37 M 28 0 0.06 M M 11.5 20 300 M M 6 1 30 320
26 29 22 26 M 39 0 T M M 17.1 21 330 M M 10 35 310
27 27 14 21 M 44 0 M M M 15.3 24 340 M M 3 33 340
28 33 13 23 M 42 0 M M M 8.6 15 330 M M 0 20 330
29 35 19 27 M 38 0 0.17 M M 9.1 15 140 M M 6 1 23 170
30 40 32 36 M 29 0 0.94 M M 12.7 21 140 M M 10 1 31 130
31 33 29 31 M 34 0 0.41 M M 15.7 24 350 M M 10 1 33 330
================================================================================
SM 1148 722 1072 0 5.19 M 308.6 M 165
================================================================================
AV 37.0 23.3 10.0 FASTST M M 5 MAX(MPH)
MISC ----> 25 210 # 35 240
================================================================================
NOTES:
# LAST OF SEVERAL OCCURRENCES
COLUMN 17 PEAK WIND IN M.P.H.
PRELIMINARY LOCAL CLIMATOLOGICAL DATA (WS FORM: F-6) , PAGE 2
STATION: STURGEON BAY WI
MONTH: MARCH
YEAR: 2022
LATITUDE: 44 55 N
LONGITUDE: 87 25 W
[TEMPERATURE DATA] [PRECIPITATION DATA] SYMBOLS USED IN COLUMN 16
AVERAGE MONTHLY: 30.2 TOTAL FOR MONTH: 5.19 1 = FOG OR MIST
DPTR FM NORMAL: 0.0 DPTR FM NORMAL: M 2 = FOG REDUCING VISIBILITY
HIGHEST: 57 ON 17 GRTST 24HR 1.22 ON 23-23 TO 1/4 MILE OR LESS
LOWEST: 4 ON 12 3 = THUNDER
SNOW, ICE PELLETS, HAIL 4 = ICE PELLETS
TOTAL MONTH: M 5 = HAIL
GRTST 24HR M ON M 6 = FREEZING RAIN OR DRIZZLE
GRTST DEPTH: M ON M 7 = DUSTSTORM OR SANDSTORM:
VSBY 1/2 MILE OR LESS
8 = SMOKE OR HAZE
[NO. OF DAYS WITH] [WEATHER - DAYS WITH] 9 = BLOWING SNOW
X = TORNADO
MAX 32 OR BELOW: 8 0.01 INCH OR MORE: 13
MAX 90 OR ABOVE: 0 0.10 INCH OR MORE: 9
MIN 32 OR BELOW: 26 0.50 INCH OR MORE: 4
MIN 0 OR BELOW: 0 1.00 INCH OR MORE: 2
[HDD (BASE 65) ]
TOTAL THIS MO. 1072 CLEAR (SCALE 0-3) 12
DPTR FM NORMAL M PTCLDY (SCALE 4-7) 9
TOTAL FM JUL 1 6257 CLOUDY (SCALE 8-10) 10
DPTR FM NORMAL 6019
[CDD (BASE 65) ]
TOTAL THIS MO. 0
DPTR FM NORMAL M [PRESSURE DATA]
TOTAL FM JAN 1 0 HIGHEST SLP M ON M
DPTR FM NORMAL 0 LOWEST SLP M ON M
[REMARKS]
#FINAL-03-22#