000
CXUS53 KFSD 012305
CF6SUX
PRELIMINARY LOCAL CLIMATOLOGICAL DATA (WS FORM: F-6)
STATION: SIOUX CITY IA
MONTH: APRIL
YEAR: 2022
LATITUDE: 42 24 N
LONGITUDE: 96 23 W
TEMPERATURE IN F: :PCPN: SNOW: WIND :SUNSHINE: SKY :PK WND
================================================================================
1 2 3 4 5 6A 6B 7 8 9 10 11 12 13 14 15 16 17 18
12Z AVG MX 2MIN
DY MAX MIN AVG DEP HDD CDD WTR SNW DPTH SPD SPD DIR MIN PSBL S-S WX SPD DR
================================================================================
1 59 18 39 -5 26 0 0.38 0.0 0 5.6 15 190 M M 3 1 21 180
2 60 33 47 3 18 0 0.01 0.0 0 7.9 21 320 M M 3 1 27 330
3 64 32 48 4 17 0 T 0.0 0 15.7 31 300 M M 3 43 300
4 58 31 45 0 20 0 0.00 0.0 0 10.4 22 330 M M 4 31 160
5 64 39 52 7 13 0 T 0.0 0 16.8 36 320 M M 6 51 300
6 50 40 45 -1 20 0 T 0.0 0 24.4 37 320 M M 9 51 330
7 42 34 38 -8 27 0 T T 0 28.1 40 320 M M 9 1 56 310
8 54 26 40 -6 25 0 0.00 0.0 0 20.2 31 340 M M 2 42 350
9 64 19 42 -5 23 0 0.00 0.0 0 10.4 22 170 M M 0 31 170
10 64 36 50 3 15 0 0.00 0.0 0 13.8 28 310 M M 0 36 310
11 65 28 47 0 18 0 0.00 0.0 0 7.4 20 200 M M 0 27 210
12 79 42 61 13 4 0 T 0.0 0 20.8 47 320 M M 5 3 63 330
13 47 29 38 -10 27 0 0.00 0.0 0 20.5 33 300 M M 2 46 290
14 48 28 38 -10 27 0 0.00 0.0 0 22.6 38 270 M M 0 55 280
15 47 25 36 -13 29 0 0.00 0.0 0 14.2 24 340 M M 2 33 340
16 50 22 36 -13 29 0 0.00 0.0 0 12.2 23 330 M M 0 31 330
17 45 32 39 -10 26 0 T T 0 12.5 22 320 M M 7 30 120
18 52 26 39 -11 26 0 0.00 0.0 0 19.0 33 330 M M 0 56 330
19 49 19 34 -16 31 0 0.00 0.0 0 13.7 28 130 M M 6 36 140
20 61 34 48 -2 17 0 0.21 0.0 0 7.9 20 170 M M 7 13 27 130
21 71 28 50 -1 15 0 0.01 0.0 0 9.8 23 110 M M 3 12 30 110
22 86 54 70 19 0 5 0.08 0.0 0 21.9 38 180 M M 9 3 51 170
23 80 45 63 11 2 0 T 0.0 0 26.3 47 200 M M 3 8 68 210
24 52 38 45 -7 20 0 T 0.0 0 19.9 30 290 M M 8 43 250
25 52 26 39 -13 26 0 T 0.0 0 17.9 29 320 M M 6 42 320
26 73 19 46 -7 19 0 0.00 0.0 0 8.1 25 70 M M 1 33 70
27 73 37 55 2 10 0 0.00 0.0 0 15.6 26 90 M M 0 38 90
28 79 45 62 9 3 0 0.00 0.0 0 14.2 22 160 M M 3 32 160
29 66 55 61 7 4 0 0.66 0.0 0 16.2 24 160 M M 8 13 37 130
30 57 43 50 -4 15 0 0.09 0.0 0 17.4 36 300 M M 10 1 51 300
================================================================================
SM 1811 983 552 5 1.44 T 471.4 M 119
================================================================================
AV 60.4 32.8 15.7 FASTST M M 4 MAX(MPH)
MISC ----> # 47 320 68 210
================================================================================
NOTES:
# LAST OF SEVERAL OCCURRENCES
-COLUMN 17 PEAK WIND IN M.P.H.
-PRECIPITATION AMOUNTS IN COLUMNS 7, 8, AND 9 ARE THE OFFICIAL PRECIPITATION
AMOUNTS FOR SIOUX CITY, IA
-SNOW DEPTH IN COLUMN 9 IS RECORDED AT 6AM CST (12Z)
PRELIMINARY LOCAL CLIMATOLOGICAL DATA (WS FORM: F-6) , PAGE 2
STATION: SIOUX CITY IA
MONTH: APRIL
YEAR: 2022
LATITUDE: 42 24 N
LONGITUDE: 96 23 W
[TEMPERATURE DATA] [PRECIPITATION DATA] SYMBOLS USED IN COLUMN 16
AVERAGE MONTHLY: 46.6 TOTAL FOR MONTH: 1.44 1 = FOG OR MIST
DPTR FM NORMAL: -2.3 DPTR FM NORMAL: -1.71 2 = FOG REDUCING VISIBILITY
HIGHEST: 86 ON 22 GRTST 24HR 0.75 ON 29-30 TO 1/4 MILE OR LESS
LOWEST: 18 ON 1 3 = THUNDER
SNOW, ICE PELLETS, HAIL 4 = ICE PELLETS
TOTAL MONTH: T 5 = HAIL
GRTST 24HR T ON 7,17 6 = FREEZING RAIN OR DRIZZLE
GRTST DEPTH: 0 7 = DUSTSTORM OR SANDSTORM:
VSBY 1/2 MILE OR LESS
8 = SMOKE OR HAZE
[NO. OF DAYS WITH] [WEATHER - DAYS WITH] 9 = BLOWING SNOW
X = TORNADO
MAX 32 OR BELOW: 0 0.01 INCH OR MORE: 7
MAX 90 OR ABOVE: 0 0.10 INCH OR MORE: 3
MIN 32 OR BELOW: 16 0.50 INCH OR MORE: 1
MIN 0 OR BELOW: 0 1.00 INCH OR MORE: 0
[HDD (BASE 65) ]
TOTAL THIS MO. 552 CLEAR (SCALE 0-3) 16
DPTR FM NORMAL 62 PTCLDY (SCALE 4-7) 10
TOTAL FM JUL 1 6031 CLOUDY (SCALE 8-10) 4
DPTR FM NORMAL -607
[CDD (BASE 65) ]
TOTAL THIS MO. 5
DPTR FM NORMAL -2 [PRESSURE DATA]
TOTAL FM JAN 1 5 HIGHEST SLP 30.46 ON 26
DPTR FM NORMAL -3 LOWEST SLP 29.06 ON 12
[REMARKS]
RECORD DAILY LOW MINIMUM TEMPERATURE WAS ESTABLISHED ON THE 19TH WITH A LOW OF
19 DEGREES. THE PREVIOUS RECORD WAS 20 DEGREES IN 1928.
RECORD DAILY LOW MINIMUM TEMPERATURE WAS ESTABLISHED ON THE 26TH WITH A LOW OF
19 DEGREES. THE PREVIOUS RECORD WAS 25 DEGREES IN 1950.
THIS IS THE COLDEST MINIMUM TEMPERATURE SO LATE IN THE SEASON. THE PREVIOUS
RECORD WAS 19 DEGREES SET ON APRIL 19, 2022.
#FINAL-04-22#