000
CXUS54 KEPZ 011130
CF6SVC
PRELIMINARY LOCAL CLIMATOLOGICAL DATA (WS FORM: F-6)
STATION: SILVER CITY
MONTH: FEBRUARY
YEAR: 2021
LATITUDE: 32 37 N
LONGITUDE: 108 10 W
TEMPERATURE IN F: :PCPN: SNOW: WIND :SUNSHINE: SKY :PK WND
================================================================================
1 2 3 4 5 6A 6B 7 8 9 10 11 12 13 14 15 16 17 18
12Z AVG MX 2MIN
DY MAX MIN AVG DEP HDD CDD WTR SNW DPTH SPD SPD DIR MIN PSBL S-S WX SPD DR
================================================================================
1 57 26 42 M 23 0 0.00 M M 5.0 12 100 M M 0 M M
2 66 35 51 M 14 0 0.00 M M 5.9 10 340 M M 1 M M
3 68 38 53 M 12 0 0.00 M M 11.6 17 270 M M 2 32 260
4 61 37 49 M 16 0 0.00 M M 16.6 28 310 M M 0 35 290
5 58 27 43 M 22 0 0.00 M M 14.0 24 290 M M 0 31 280
6 60 24 42 M 23 0 0.00 M M 7.4 14 190 M M 0 20 180
7 64 27 46 M 19 0 0.00 M M 12.6 22 270 M M 0 29 280
8 64 29 47 M 18 0 0.00 M M 11.7 23 300 M M 0 31 290
9 65 27 46 M 19 0 0.00 M M 9.4 18 290 M M 0 22 280
10 60 30 45 M 20 0 0.00 M M 8.8 14 270 M M 3 20 270
11 63 27 45 M 20 0 0.00 M M 9.0 13 310 M M 0 18 270
12 59 32 46 M 19 0 0.00 M M 9.1 14 200 M M 5 21 310
13 56 27 42 M 23 0 0.00 M M 12.0 20 290 M M 3 33 180
14 42 16 29 M 36 0 0.03 M M 10.6 20 310 M M 9 32 240
15 44 14 29 M 36 0 0.00 M M 6.4 22 290 M M 6 1 29 290
16 44 27 36 M 29 0 T M M 13.1 27 270 M M 7 36 300
17 47 18 33 M 32 0 0.00 M M 11.4 27 280 M M 3 32 280
18 46 22 34 M 31 0 0.00 M M 6.2 13 320 M M 0 M M
19 57 19 38 M 27 0 0.00 M M 5.3 10 220 M M 0 M M
20 68 25 47 M 18 0 0.00 M M 13.8 28 270 M M 0 38 250
21 54 29 42 M 23 0 0.00 M M 13.8 23 300 M M 0 28 280
22 65 23 44 M 21 0 0.00 M M 7.1 10 320 M M 0 16 280
23 68 24 46 M 19 0 0.00 M M 10.4 18 280 M M 0 26 280
24 66 28 47 M 18 0 0.00 M M 12.1 24 280 M M 0 33 270
25 62 24 43 M 22 0 0.00 M M 11.5 23 260 M M 1 37 260
26 63 24 44 M 21 0 0.00 M M 11.5 20 290 M M 0 27 310
27 60 23 42 M 23 0 0.00 M M 11.7 21 280 M M 0 28 280
28 53 20 37 M 28 0 0.00 M M 13.7 27 280 M M 1 33 290
================================================================================
SM 1640 722 632 0 0.03 M 291.8 M 41
================================================================================
AV 58.6 25.8 10.4 FASTST M M 1 MAX(MPH)
MISC ----> # 28 310 38 250
================================================================================
NOTES:
# LAST OF SEVERAL OCCURRENCES
COLUMN 17 PEAK WIND IN M.P.H.
PRELIMINARY LOCAL CLIMATOLOGICAL DATA (WS FORM: F-6) , PAGE 2
STATION: SILVER CITY
MONTH: FEBRUARY
YEAR: 2021
LATITUDE: 32 37 N
LONGITUDE: 108 10 W
[TEMPERATURE DATA] [PRECIPITATION DATA] SYMBOLS USED IN COLUMN 16
AVERAGE MONTHLY: 42.2 TOTAL FOR MONTH: 0.03 1 = FOG OR MIST
DPTR FM NORMAL: 0.0 DPTR FM NORMAL: 0.03 2 = FOG REDUCING VISIBILITY
HIGHEST: 68 ON 23,20 GRTST 24HR 0.03 ON 14-14 TO 1/4 MILE OR LESS
LOWEST: 14 ON 15 3 = THUNDER
SNOW, ICE PELLETS, HAIL 4 = ICE PELLETS
TOTAL MONTH: M 5 = HAIL
GRTST 24HR M ON M 6 = FREEZING RAIN OR DRIZZLE
GRTST DEPTH: M ON M 7 = DUSTSTORM OR SANDSTORM:
VSBY 1/2 MILE OR LESS
8 = SMOKE OR HAZE
[NO. OF DAYS WITH] [WEATHER - DAYS WITH] 9 = BLOWING SNOW
X = TORNADO
MAX 32 OR BELOW: 0 0.01 INCH OR MORE: 1
MAX 90 OR ABOVE: 0 0.10 INCH OR MORE: 0
MIN 32 OR BELOW: 25 0.50 INCH OR MORE: 0
MIN 0 OR BELOW: 0 1.00 INCH OR MORE: 0
[HDD (BASE 65) ]
TOTAL THIS MO. 632 CLEAR (SCALE 0-3) 22
DPTR FM NORMAL M PTCLDY (SCALE 4-7) 5
TOTAL FM JUL 1 2873 CLOUDY (SCALE 8-10) 1
DPTR FM NORMAL M
[CDD (BASE 65) ]
TOTAL THIS MO. 0
DPTR FM NORMAL M [PRESSURE DATA]
TOTAL FM JAN 1 0 HIGHEST SLP M ON M
DPTR FM NORMAL M LOWEST SLP M ON M
[REMARKS]
#FINAL-02-21#