000
CXUS54 KOUN 010810
CF6SWO
PRELIMINARY LOCAL CLIMATOLOGICAL DATA (WS FORM: F-6)
STATION: STILLWATER
MONTH: SEPTEMBER
YEAR: 2021
LATITUDE: 36 10 N
LONGITUDE: 97 5 W
TEMPERATURE IN F: :PCPN: SNOW: WIND :SUNSHINE: SKY :PK WND
================================================================================
1 2 3 4 5 6A 6B 7 8 9 10 11 12 13 14 15 16 17 18
12Z AVG MX 2MIN
DY MAX MIN AVG DEP HDD CDD WTR SNW DPTH SPD SPD DIR MIN PSBL S-S WX SPD DR
================================================================================
1 101 72 87 8 0 22 0.00 M M 5.7 14 140 M M 0 17 120
2 99 75 87 8 0 22 0.00 M M 10.8 21 160 M M 0 25 180
3 101 77 89 10 0 24 0.00 M M 12.1 21 180 M M 2 28 200
4 96 75 86 8 0 21 0.00 M M 9.3 21 10 M M 3 25 10
5 93 65 79 1 0 14 0.00 0.0 0 8.2 14 70 M M 1 18 18 70
6 95 58 77 -1 0 12 0.00 M M 7.2 16 160 M M 0 1 24 180
7 99 66 83 6 0 18 0.00 M M 9.3 20 200 M M 0 26 220
8 94 62 78 1 0 13 0.00 M M 9.4 21 40 M M 1 28 50
9 96 56 76 -1 0 11 0.00 M M 7.3 17 160 M M 0 21 190
10 97 66 82 6 0 17 0.00 M M 12.0 23 190 M M 0 30 220
11 97 69 83 7 0 18 0.00 M M 13.8 24 170 M M 0 30 190
12 95 66 81 5 0 16 0.00 M M 11.3 21 180 M M 0 26 160
13 95 63 79 4 0 14 0.00 0.0 M 11.8 23 190 M M 0 27 160
14 94 70 82 7 0 17 0.00 0.0 M 8.6 20 200 M M 0 25 210
15 94 68 81 6 0 16 0.00 0.0 M 3.9 13 70 M M 1 3 17 150
16 96 66 81 7 0 16 0.00 M M 8.0 16 140 M M 0 21 190
17 95 69 82 8 0 17 0.00 M M 6.1 14 110 M M 0 21 120
18 96 66 81 7 0 16 0.00 M M 5.0 17 90 M M 0 21 120
19 96 66 81 8 0 16 0.00 M M 8.8 16 140 M M 0 22 140
20 101 73 87 14 0 22 T M M 14.5 28 10 M M 0 3 36 10
21 84 52 68 -4 0 3 T M M 13.7 29 10 M M 3 37 10
22 83 50 67 -5 0 2 0.00 M M 3.7 14 30 M M 0 8 23 360
23 87 46 67 -5 0 2 0.00 M M 6.5 15 190 M M 0 20 170
24 91 57 74 3 0 9 0.00 M M 8.7 20 200 M M 0 26 200
25 89 53 71 0 0 6 0.00 M M 8.9 16 130 M M 0 21 130
26 96 62 79 9 0 14 0.00 M M 12.5 25 180 M M 0 34 180
27 97 63 80 10 0 15 0.00 M M 10.9 22 180 M M 0 26 180
28 96 66 81 11 0 16 0.00 M M 9.0 22 190 M M 0 28 190
29 90 70 80 11 0 15 0.00 M M 11.1 21 130 M M 2 26 120
30 74 64 69 0 0 4 0.18 M M 7.3 23 360 M M 5 3 32 360
================================================================================
SM 2817 1931 0 428 0.18 0.0 275.4 M 18
================================================================================
AV 93.9 64.4 9.2 FASTST M M 1 MAX(MPH)
MISC ----> 29 10 37 10
================================================================================
NOTES:
# LAST OF SEVERAL OCCURRENCES
COLUMN 17 PEAK WIND IN M.P.H.
PRELIMINARY LOCAL CLIMATOLOGICAL DATA (WS FORM: F-6) , PAGE 2
STATION: STILLWATER
MONTH: SEPTEMBER
YEAR: 2021
LATITUDE: 36 10 N
LONGITUDE: 97 5 W
[TEMPERATURE DATA] [PRECIPITATION DATA] SYMBOLS USED IN COLUMN 16
AVERAGE MONTHLY: 79.1 TOTAL FOR MONTH: 0.18 1 = FOG OR MIST
DPTR FM NORMAL: 4.8 DPTR FM NORMAL: -2.93 2 = FOG REDUCING VISIBILITY
HIGHEST: 101 ON 20, 3 GRTST 24HR 0.18 ON 30-30 TO 1/4 MILE OR LESS
LOWEST: 46 ON 23 3 = THUNDER
SNOW, ICE PELLETS, HAIL 4 = ICE PELLETS
TOTAL MONTH: 0.0 INCH 5 = HAIL
GRTST 24HR 0.0 6 = FREEZING RAIN OR DRIZZLE
GRTST DEPTH: 0 7 = DUSTSTORM OR SANDSTORM:
VSBY 1/2 MILE OR LESS
8 = SMOKE OR HAZE
[NO. OF DAYS WITH] [WEATHER - DAYS WITH] 9 = BLOWING SNOW
X = TORNADO
MAX 32 OR BELOW: 0 0.01 INCH OR MORE: 1
MAX 90 OR ABOVE: 25 0.10 INCH OR MORE: 1
MIN 32 OR BELOW: 0 0.50 INCH OR MORE: 0
MIN 0 OR BELOW: 0 1.00 INCH OR MORE: 0
[HDD (BASE 65) ]
TOTAL THIS MO. 0 CLEAR (SCALE 0-3) 28
DPTR FM NORMAL -16 PTCLDY (SCALE 4-7) 2
TOTAL FM JUL 1 0 CLOUDY (SCALE 8-10) 0
DPTR FM NORMAL -14
[CDD (BASE 65) ]
TOTAL THIS MO. 428
DPTR FM NORMAL 133 [PRESSURE DATA]
TOTAL FM JAN 1 2131 HIGHEST SLP M ON M
DPTR FM NORMAL 27 LOWEST SLP 29.67 ON 20
[REMARKS]
#FINAL-09-21#