000
CXUS51 KBGM 010740
CLMSYR
CLIMATE REPORT
NATIONAL WEATHER SERVICE BINGHAMTON, NY
340 AM EDT SAT APR 01 2023
...................................
...THE SYRACUSE NY CLIMATE SUMMARY FOR THE MONTH OF MARCH 2023...
CLIMATE NORMAL PERIOD 1991 TO 2020
CLIMATE RECORD PERIOD 1902 TO 2023
WEATHER OBSERVED NORMAL DEPART LAST YEAR`S
VALUE DATE(S) VALUE FROM VALUE DATE(S)
NORMAL
................................................................
TEMPERATURE (F)
RECORD
HIGH 87 03/30/1986
LOW -16 03/04/1950
HIGHEST 60 03/22 43 17 75 03/06
LOWEST 16 03/12 25 -9 11 03/04
AVG. MAXIMUM 42.7 42.4 0.3 46.8
AVG. MINIMUM 27.3 25.2 2.1 27.2
MEAN 35.0 33.8 1.2 37.0
DAYS MAX >= 90 0 0.0 0.0 0
DAYS MAX <= 32 2 6.3 -4.3 4
DAYS MIN <= 32 28 23.6 4.4 20
DAYS MIN <= 0 0 0.6 -0.6 0
PRECIPITATION (INCHES)
RECORD
MAXIMUM 6.84 1955
MINIMUM 1.01 1981
TOTALS 3.31 3.04 0.27 2.52
DAILY AVG. 0.11 0.10 0.01 0.08
DAYS >= .01 15 15.5 -0.5 19
DAYS >= .10 10 7.6 2.4 8
DAYS >= .50 3 1.8 1.2 1
DAYS >= 1.00 0 0.3 -0.3 0
GREATEST
24 HR. TOTAL 0.72 03/13 TO 03/14
SNOWFALL (INCHES)
RECORDS
TOTAL 54.4 1993
24 HR TOTAL 22.1 03/13/1993 TO 03/13/1993
SNOW DEPTH 35 03/15/1993
TOTALS 13.7 19.8 -6.1 15.9
SINCE 7/1 65.6 124.7 -59.1 MM
SNOWDEPTH AVG. 2 1
DAYS >= TRACE 19 10.1 8.9 15
DAYS >= 1.0 3 5.0 -2.0 6
GREATEST
SNOW DEPTH 9 03/15 6 03/28
03/16
03/29
03/29
24 HR TOTAL MM
DEGREE DAYS
HEATING TOTAL 925 967 -42 859
SINCE 7/1 4954 5723 -769 MM
COOLING TOTAL 0 0 0 0
SINCE 1/1 0 0 0 MM
................................................................
WIND (MPH)
AVERAGE WIND SPEED 9.2
RESULTANT WIND SPEED/DIRECTION 4/280
HIGHEST WIND SPEED/DIRECTION 36/280 DATE 03/29
HIGHEST GUST SPEED/DIRECTION 45/250 DATE 03/29
SKY COVER
POSSIBLE SUNSHINE (PERCENT) MM
AVERAGE SKY COVER 0.78
NUMBER OF DAYS FAIR 1
NUMBER OF DAYS PC 12
NUMBER OF DAYS CLOUDY 18
AVERAGE RH (PERCENT) 68
WEATHER CONDITIONS. NUMBER OF DAYS WITH
THUNDERSTORM 0 MIXED PRECIP 0
HEAVY RAIN 1 RAIN 3
LIGHT RAIN 14 FREEZING RAIN 0
LT FREEZING RAIN 3 HAIL 0
HEAVY SNOW 2 SNOW 5
LIGHT SNOW 19 SLEET 2
FOG 16 FOG W/VIS <= 1/4 MILE 2
HAZE 3
- INDICATES NEGATIVE NUMBERS.
R INDICATES RECORD WAS SET OR TIED.
MM INDICATES DATA IS MISSING.
T INDICATES TRACE AMOUNT.
$$