287
CXUS54 KEWX 011010
CF6T82
PRELIMINARY LOCAL CLIMATOLOGICAL DATA (WS FORM: F-6)
STATION: FREDERICKSBURG
MONTH: JANUARY
YEAR: 2021
LATITUDE: 30 15 N
LONGITUDE: 98 55 W
TEMPERATURE IN F: :PCPN: SNOW: WIND :SUNSHINE: SKY :PK WND
================================================================================
1 2 3 4 5 6A 6B 7 8 9 10 11 12 13 14 15 16 17 18
12Z AVG MX 2MIN
DY MAX MIN AVG DEP HDD CDD WTR SNW DPTH SPD SPD DIR MIN PSBL S-S WX SPD DR
================================================================================
1 49 32 41 M 24 0 0.00 M M 11.4 18 310 M M 5 24 290
2 58 27 43 M 22 0 0.00 M M 4.1 14 260 M M 0 20 260
3 68 27 48 M 17 0 0.00 M M 5.8 15 250 M M 0 23 250
4 74 31 53 M 12 0 0.00 M M 3.7 10 360 M M 0 16 330
5 66 32 49 M 16 0 0.00 M M 3.6 12 160 M M 4 1 17 160
6 63 41 52 M 13 0 0.00 M M 10.3 20 320 M M 5 30 320
7 59 31 45 M 20 0 0.00 M M 7.7 20 340 M M 0 24 340
8 52 26 39 M 26 0 0.00 M M 3.0 9 50 M M 0 M M
9 51 24 38 M 27 0 0.00 M M 4.0 12 70 M M 5 17 80
10 42 32 37 M 28 0 0.29 M M 9.3 14 360 M M 10 21 350
11 42 28 35 M 30 0 0.00 M M 7.4 13 340 M M 9 22 320
12 51 23 37 M 28 0 0.00 M M 2.2 8 230 M M 0 M M
13 65 24 45 M 20 0 0.00 M M 4.7 9 230 M M 0 16 260
14 64 32 48 M 17 0 0.00 M M 9.7 23 10 M M 0 30 10
15 55 29 42 M 23 0 0.00 M M 8.8 21 320 M M 0 25 350
16 65 22 44 M 21 0 0.00 M M 2.5 9 200 M M 0 M M
17 66 27 47 M 18 0 0.00 M M 2.9 7 260 M M 0 M M
18 70 30 50 M 15 0 0.00 M M 6.9 21 190 M M 5 1 26 190
19 62 42 52 M 13 0 0.01 M M 7.3 14 40 M M 10 22 40
20 47 41 44 M 21 0 0.23 M M 3.5 8 50 M M 10 1 M M
21 64 47 56 M 9 0 0.00 M M 1.7 5 310 M M 5 1 M M
22 74 50 62 M 3 0 0.00 M M 6.3 13 320 M M 5 1 21 0
23 61 48 55 M 10 0 0.00 M M 4.0 7 150 M M 10 12 M M
24 67 56 62 M 3 0 0.00 M M 5.2 12 160 M M 10 12 18 150
25 71 39 55 M 10 0 0.00 M M 8.9 17 320 M M 3 1 24 200
26 73 34 54 M 11 0 0.00 M M 4.4 20 20 M M 1 28 20
27 61 33 47 M 18 0 0.00 M M 8.1 20 360 M M 2 25 340
28 55 28 42 M 23 0 0.00 M M 3.0 7 90 M M 0 M M
29 65 32 49 M 16 0 0.00 M M 7.4 20 200 M M 5 24 200
30 76 42 59 M 6 0 0.00 M M 12.1 18 210 M M 5 1 27 210
31 65 37 51 M 14 0 0.00 M M 8.5 16 360 M M 0 25 360
================================================================================
SM 1901 1047 534 0 0.53 M 188.6 M 109
================================================================================
AV 61.3 33.8 6.1 FASTST M M 4 MAX(MPH)
MISC ----> 23 10 30 10
================================================================================
NOTES:
# LAST OF SEVERAL OCCURRENCES
COLUMN 17 PEAK WIND IN M.P.H.
PRELIMINARY LOCAL CLIMATOLOGICAL DATA (WS FORM: F-6) , PAGE 2
STATION: FREDERICKSBURG
MONTH: JANUARY
YEAR: 2021
LATITUDE: 30 15 N
LONGITUDE: 98 55 W
[TEMPERATURE DATA] [PRECIPITATION DATA] SYMBOLS USED IN COLUMN 16
AVERAGE MONTHLY: 47.5 TOTAL FOR MONTH: 0.53 1 = FOG OR MIST
DPTR FM NORMAL: 0.0 DPTR FM NORMAL: M 2 = FOG REDUCING VISIBILITY
HIGHEST: 76 ON 30 GRTST 24HR 0.83 ON 9-10 TO 1/4 MILE OR LESS
LOWEST: 22 ON 16 3 = THUNDER
SNOW, ICE PELLETS, HAIL 4 = ICE PELLETS
TOTAL MONTH: M 5 = HAIL
GRTST 24HR M ON M 6 = FREEZING RAIN OR DRIZZLE
GRTST DEPTH: M ON M 7 = DUSTSTORM OR SANDSTORM:
VSBY 1/2 MILE OR LESS
8 = SMOKE OR HAZE
[NO. OF DAYS WITH] [WEATHER - DAYS WITH] 9 = BLOWING SNOW
X = TORNADO
MAX 32 OR BELOW: 0 0.01 INCH OR MORE: 3
MAX 90 OR ABOVE: 0 0.10 INCH OR MORE: 2
MIN 32 OR BELOW: 19 0.50 INCH OR MORE: 0
MIN 0 OR BELOW: 0 1.00 INCH OR MORE: 0
[HDD (BASE 65) ]
TOTAL THIS MO. 534 CLEAR (SCALE 0-3) 16
DPTR FM NORMAL M PTCLDY (SCALE 4-7) 9
TOTAL FM JUL 1 1362 CLOUDY (SCALE 8-10) 6
DPTR FM NORMAL M
[CDD (BASE 65) ]
TOTAL THIS MO. 0
DPTR FM NORMAL M [PRESSURE DATA]
TOTAL FM JAN 1 0 HIGHEST SLP M ON M
DPTR FM NORMAL M LOWEST SLP M ON M
[REMARKS]
#FINAL-01-21#