000
CXUS54 KBMX 021431
CLMTCL
CLIMATE REPORT
NATIONAL WEATHER SERVICE BIRMINGHAM AL
931 AM CDT MON OCT 02 2023
...................................
...THE TUSCALOOSA CLIMATE SUMMARY FOR THE MONTH OF SEPTEMBER 2023...
CLIMATE NORMAL PERIOD 1991 TO 2020
CLIMATE RECORD PERIOD 1948 TO 2023
WEATHER OBSERVED NORMAL DEPART LAST YEAR`S
VALUE DATE(S) VALUE FROM VALUE DATE(S)
NORMAL
................................................................
TEMPERATURE (F)
RECORD
HIGH 104 09/04/1954
09/01/1951
LOW 37 09/30/1967
HIGHEST 96 09/12 MM MM 98 09/22
LOWEST 55 09/19 MM MM 50 09/27
09/28
AVG. MAXIMUM 89.6 87.0 2.6 86.5
AVG. MINIMUM 65.6 65.6 0.0 63.8
MEAN 77.6 75.2
DAYS MAX >= 90 16 12.6 3.4 7
DAYS MAX <= 32 0 0.0 0.0 0
DAYS MIN <= 32 0 0.0 0.0 0
DAYS MIN <= 0 0 0.0 0.0 0
PRECIPITATION (INCHES)
RECORD
MAXIMUM 9.74 2011
MINIMUM 0.00 1955
TOTALS 1.16 3.40 -2.24 2.71
DAILY AVG. 0.04 0.11 -0.07
DAYS >= .01 4 7.6 -3.6
DAYS >= .10 3 4.7 -1.7
DAYS >= .50 1 2.0 -1.0
DAYS >= 1.00 0 1.0 -1.0
DEGREE DAYS
HEATING TOTAL 0 4 -4 1
SINCE 7/1 0 1 -1 MM
COOLING TOTAL 384 342 42 315
SINCE 1/1 2240 2138 102 MM
................................................................
WIND (MPH)
AVERAGE WIND SPEED 3.6
HIGHEST WIND SPEED/DIRECTION 22/040 DATE 09/25
HIGHEST GUST SPEED/DIRECTION 33/040 DATE 09/25
AVERAGE RH (PERCENT) 69
WEATHER CONDITIONS. NUMBER OF DAYS WITH
THUNDERSTORM 3 MIXED PRECIP 0
HEAVY RAIN 1 RAIN 3
LIGHT RAIN 10 FREEZING RAIN 0
LT FREEZING RAIN 0 HAIL 0
HEAVY SNOW 0 SNOW 0
LIGHT SNOW 0 SLEET 0
FOG 17 FOG W/VIS <= 1/4 MILE 0
HAZE 2
- INDICATES NEGATIVE NUMBERS.
R INDICATES RECORD WAS SET OR TIED.
MM INDICATES DATA IS MISSING.
T INDICATES TRACE AMOUNT.
$$