000
CXUS52 KTAE 010900
CF6TLH
PRELIMINARY LOCAL CLIMATOLOGICAL DATA (WS FORM: F-6)
STATION: TALLAHASSEE
MONTH: JANUARY
YEAR: 2022
LATITUDE: 30 22 N
LONGITUDE: 84 22 W
TEMPERATURE IN F: :PCPN: SNOW: WIND :SUNSHINE: SKY :PK WND
================================================================================
1 2 3 4 5 6A 6B 7 8 9 10 11 12 13 14 15 16 17 18
12Z AVG MX 2MIN
DY MAX MIN AVG DEP HDD CDD WTR SNW DPTH SPD SPD DIR MIN PSBL S-S WX SPD DR
================================================================================
1 80 67 74 22 0 9 0.00 0.0 0 8.7 22 190 M M 8 1 28 200
2 83 67 75 23 0 10 0.07 0.0 0 13.5 29 280 M M 8 3 36 280
3 66 35 51 -1 14 0 T 0.0 M 12.5 38 290 M M 6 43 300
4 60 33 47 -5 18 0 0.00 0.0 0 2.8 10 90 M M 4 14 90
5 67 44 56 4 9 0 0.00 0.0 M 4.6 16 300 M M 6 1 21 310
6 71 38 55 3 10 0 0.03 0.0 M 4.1 15 170 M M 4 12 22 220
7 61 37 49 -3 16 0 T 0.0 M 7.0 20 340 M M 2 1 23 340
8 70 35 53 1 12 0 0.00 0.0 0 5.8 13 80 M M 2 16 80
9 76 55 66 14 0 1 0.77 0.0 0 7.7 39 300 M M 4 13 50 300
10 63 43 53 1 12 0 0.07 0.0 0 8.1 21 340 M M 6 138 25 340
11 59 37 48 -4 17 0 0.00 0.0 0 6.4 15 30 M M 1 19 20
12 63 42 53 1 12 0 0.00 0.0 0 4.2 9 340 M M 6 8 14 80
13 65 41 53 1 12 0 0.00 0.0 0 6.4 15 270 M M 2 1 20 290
14 65 37 51 -1 14 0 0.00 0.0 0 3.7 13 310 M M 3 18 18 330
15 68 34 51 -1 14 0 1.00 0.0 0 6.5 25 100 M M 4 1 34 100
16 61 43 52 0 13 0 1.65 0.0 0 15.3 30 240 M M 9 1 44 240
17 60 34 47 -5 18 0 0.00 0.0 0 13.0 22 290 M M 2 28 300
18 61 27 44 -8 21 0 0.00 0.0 0 1.6 10 30 M M 1 14 30
19 67 28 48 -4 17 0 0.00 0.0 M 2.7 13 150 M M 2 16 170
20 67 37 52 0 13 0 0.34 0.0 0 4.8 15 350 M M 6 1 19 360
21 52 43 48 -4 17 0 0.17 0.0 0 8.4 16 340 M M 10 1 20 330
22 44 39 42 -10 23 0 T M M 8.4 13 30 M M 10 18 30
23 55 26 41 -11 24 0 0.00 0.0 0 2.7 17 270 M M 2 12 21 270
24 62 26 44 -8 21 0 0.00 0.0 0 2.1 12 180 M M 3 15 180
25 54 45 50 -2 15 0 0.24 0.0 M 3.6 10 90 M M 10 12 100
26 64 48 56 4 9 0 T 0.0 M 6.2 14 360 M M 9 18 350
27 65 43 54 1 11 0 0.00 0.0 0 6.3 12 70 M M 1 16 60
28 60 43 52 -1 13 0 0.00 0.0 0 6.5 20 320 M M 7 28 330
29 47 24 36 -17 29 0 0.00 0.0 0 11.4 26 330 M M 1 34 320
30 62 19 41 -12 24 0 0.00 M M 5.5 20 250 M M 0 18 25 240
31 69 30 50 -3 15 0 0.00 0.0 M 2.7 15 320 M M 2 18 19 270
================================================================================
SM 1967 1200 443 20 4.34 0.0 203.2 M 141
================================================================================
AV 63.5 38.7 6.6 FASTST M M 5 MAX(MPH)
MISC ----> 39 300 50 300
================================================================================
NOTES:
# LAST OF SEVERAL OCCURRENCES
COLUMN 17 PEAK WIND IN M.P.H.
PRELIMINARY LOCAL CLIMATOLOGICAL DATA (WS FORM: F-6) , PAGE 2
STATION: TALLAHASSEE
MONTH: JANUARY
YEAR: 2022
LATITUDE: 30 22 N
LONGITUDE: 84 22 W
[TEMPERATURE DATA] [PRECIPITATION DATA] SYMBOLS USED IN COLUMN 16
AVERAGE MONTHLY: 51.1 TOTAL FOR MONTH: 4.34 1 = FOG OR MIST
DPTR FM NORMAL: -1.1 DPTR FM NORMAL: -0.07 2 = FOG REDUCING VISIBILITY
HIGHEST: 83 ON 2 GRTST 24HR 1.65 ON 16-16 TO 1/4 MILE OR LESS
LOWEST: 19 ON 30 3 = THUNDER
SNOW, ICE PELLETS, HAIL 4 = ICE PELLETS
TOTAL MONTH: 0.0 INCH 5 = HAIL
GRTST 24HR 0.0 6 = FREEZING RAIN OR DRIZZLE
GRTST DEPTH: 0 7 = DUSTSTORM OR SANDSTORM:
VSBY 1/2 MILE OR LESS
8 = SMOKE OR HAZE
[NO. OF DAYS WITH] [WEATHER - DAYS WITH] 9 = BLOWING SNOW
X = TORNADO
MAX 32 OR BELOW: 0 0.01 INCH OR MORE: 9
MAX 90 OR ABOVE: 0 0.10 INCH OR MORE: 6
MIN 32 OR BELOW: 7 0.50 INCH OR MORE: 3
MIN 0 OR BELOW: 0 1.00 INCH OR MORE: 2
[HDD (BASE 65) ]
TOTAL THIS MO. 443 CLEAR (SCALE 0-3) 14
DPTR FM NORMAL 38 PTCLDY (SCALE 4-7) 12
TOTAL FM JUL 1 843 CLOUDY (SCALE 8-10) 5
DPTR FM NORMAL -130
[CDD (BASE 65) ]
TOTAL THIS MO. 20
DPTR FM NORMAL 12 [PRESSURE DATA]
TOTAL FM JAN 1 20 HIGHEST SLP 30.47 ON 11
DPTR FM NORMAL 12 LOWEST SLP 29.54 ON 16
[REMARKS]
#FINAL-01-22#