000
CXUS54 KBMX 011010
CF6TOI
PRELIMINARY LOCAL CLIMATOLOGICAL DATA (WS FORM: F-6)
STATION: TROY
MONTH: SEPTEMBER
YEAR: 2020
LATITUDE: 31 51 N
LONGITUDE: 86 1 W
TEMPERATURE IN F: :PCPN: SNOW: WIND :SUNSHINE: SKY :PK WND
================================================================================
1 2 3 4 5 6A 6B 7 8 9 10 11 12 13 14 15 16 17 18
12Z AVG MX 2MIN
DY MAX MIN AVG DEP HDD CDD WTR SNW DPTH SPD SPD DIR MIN PSBL S-S WX SPD DR
================================================================================
1 M M M M M M M 0.0 0 M M M M M M M M
2 M M M M M M 0.00 0.0 0 M M M M M 0 M M
3 95 M M M M M 0.00 0.0 0 1.7 6 99 M M 0 1 M M
4 97 68 83 5 0 18 0.00 0.0 0 2.3 12 10 M M 0 1 14 350
5 95 66 81 3 0 16 0.00 0.0 0 5.1 14 350 M M 0 1 18 20
6 91 64 78 0 0 13 0.00 0.0 0 4.0 15 40 M M 0 18 50
7 92 63 78 0 0 13 0.00 0.0 M M 10 80 M M M 18 90
8 92 71 82 4 0 17 0.00 0.0 M 5.0 12 100 M M 1 16 70
9 93 66 80 3 0 15 0.00 0.0 0 5.2 14 20 M M 1 19 30
10 89 70 80 3 0 15 0.23 0.0 0 3.9 15 30 M M 7 13 20 40
11 93 75 84 7 0 19 0.08 0.0 0 5.4 13 40 M M 4 3 17 50
12 93 74 84 7 0 19 0.03 0.0 0 5.0 25 90 M M 5 13 36 90
13 91 75 83 7 0 18 T 0.0 0 8.6 16 80 M M 6 22 80
14 86 76 81 5 0 16 0.53 0.0 0 7.4 17 130 M M 7 138 23 80
15 82 74 78 2 0 13 0.25 0.0 0 9.3 17 80 M M 8 1 27 80
16 74 70 72 -4 0 7 8.96 0.0 0 13.3 28 80 M M 10 13 40 70
17 82 71 77 2 0 12 T 0.0 0 4.1 16 320 M M 7 18 21 340
18 85 70 78 3 0 13 T 0.0 0 4.6 14 20 M M 1 1 17 20
19 75 66 71 -3 0 6 0.08 0.0 0 7.3 16 40 M M 3 22 50
20 71 63 67 -7 0 2 0.00 0.0 0 8.6 17 60 M M 5 26 50
21 75 62 69 -5 0 4 0.00 0.0 0 9.4 18 70 M M 1 27 60
22 73 60 67 -7 0 2 0.00 0.0 0 5.7 12 60 M M 1 16 70
23 84 63 74 1 0 9 0.00 0.0 0 5.3 13 140 M M 4 17 140
24 82 69 76 3 0 11 0.04 0.0 0 8.0 20 140 M M 9 1 27 160
25 79 67 73 1 0 8 0.00 0.0 M 2.7 10 220 M M 8 1 14 310
26 86 64 75 3 0 10 0.00 0.0 M 1.4 10 300 M M 5 12 14 340
27 87 69 78 6 0 13 0.67 0.0 M 4.2 13 170 M M 6 12 17 160
28 89 68 79 8 0 14 0.06 0.0 M 4.9 23 320 M M 7 123 29 320
29 69 52 61 -10 4 0 0.04 0.0 M 5.9 16 340 M M 6 1 20 310
30 79 49 64 -7 1 0 0.00 0.0 M 2.0 10 290 M M 0 1 16 280
================================================================================
SM 2379 1805 5 303 10.97 0.0 150.3 M 112
================================================================================
AV 85.0 66.9 5.6 FASTST M M 4 MAX(MPH)
MISC ----> 28 80 40 70
================================================================================
NOTES:
# LAST OF SEVERAL OCCURRENCES
COLUMN 17 PEAK WIND IN M.P.H.
PRELIMINARY LOCAL CLIMATOLOGICAL DATA (WS FORM: F-6) , PAGE 2
STATION: TROY
MONTH: SEPTEMBER
YEAR: 2020
LATITUDE: 31 51 N
LONGITUDE: 86 1 W
[TEMPERATURE DATA] [PRECIPITATION DATA] SYMBOLS USED IN COLUMN 16
AVERAGE MONTHLY: 75.9 TOTAL FOR MONTH: 10.97 1 = FOG OR MIST
DPTR FM NORMAL: 0.5 DPTR FM NORMAL: 7.01 2 = FOG REDUCING VISIBILITY
HIGHEST: 97 ON 4 GRTST 24HR 8.99 ON 15-16 TO 1/4 MILE OR LESS
LOWEST: 49 ON 30 3 = THUNDER
SNOW, ICE PELLETS, HAIL 4 = ICE PELLETS
TOTAL MONTH: 0.0 INCH 5 = HAIL
GRTST 24HR 0.0 6 = FREEZING RAIN OR DRIZZLE
GRTST DEPTH: 0 7 = DUSTSTORM OR SANDSTORM:
VSBY 1/2 MILE OR LESS
8 = SMOKE OR HAZE
[NO. OF DAYS WITH] [WEATHER - DAYS WITH] 9 = BLOWING SNOW
X = TORNADO
MAX 32 OR BELOW: 0 0.01 INCH OR MORE: 11
MAX 90 OR ABOVE: 10 0.10 INCH OR MORE: 5
MIN 32 OR BELOW: 0 0.50 INCH OR MORE: 3
MIN 0 OR BELOW: 0 1.00 INCH OR MORE: 1
[HDD (BASE 65) ]
TOTAL THIS MO. 5 CLEAR (SCALE 0-3) 12
DPTR FM NORMAL 1 PTCLDY (SCALE 4-7) 13
TOTAL FM JUL 1 5 CLOUDY (SCALE 8-10) 5
DPTR FM NORMAL 2
[CDD (BASE 65) ]
TOTAL THIS MO. 303
DPTR FM NORMAL -11 [PRESSURE DATA]
TOTAL FM JAN 1 2249 HIGHEST SLP 30.28 ON 21
DPTR FM NORMAL 301 LOWEST SLP 29.56 ON 16
[REMARKS]
#FINAL-09-20#