000
CXUS54 KBMX 011110
CF6TOI
PRELIMINARY LOCAL CLIMATOLOGICAL DATA (WS FORM: F-6)
STATION: TROY
MONTH: NOVEMBER
YEAR: 2023
LATITUDE: 31 51 N
LONGITUDE: 86 1 W
TEMPERATURE IN F: :PCPN: SNOW: WIND :SUNSHINE: SKY :PK WND
================================================================================
1 2 3 4 5 6A 6B 7 8 9 10 11 12 13 14 15 16 17 18
12Z AVG MX 2MIN
DY MAX MIN AVG DEP HDD CDD WTR SNW DPTH SPD SPD DIR MIN PSBL S-S WX SPD DR
================================================================================
1 60 32 46 -13 19 0 0.00 0.0 0 9.2 20 360 M M 0 28 360
2 68 28 48 -11 17 0 0.00 0.0 M 3.2 14 60 M M 0 22 70
3 76 34 55 -4 10 0 0.00 0.0 0 2.2 10 40 M M 1 17 120
4 80 42 61 3 4 0 0.00 0.0 0 1.8 13 330 M M 0 1 18 20
5 81 40 61 3 4 0 0.00 0.0 0 2.9 14 350 M M 0 21 350
6 83 44 64 6 1 0 0.00 0.0 M 1.7 9 250 M M 0 18 14 220
7 84 46 65 8 0 0 0.00 0.0 M 1.1 10 220 M M 0 18 14 220
8 84 50 67 10 0 2 0.00 0.0 0 2.0 10 220 M M 3 128 15 240
9 83 52 68 11 0 3 0.00 0.0 0 1.5 9 140 M M 3 128 15 130
10 72 57 65 9 0 0 0.41 0.0 0 2.1 7 60 M M 9 18 8 80
11 68 56 62 6 3 0 0.26 0.0 0 6.8 13 30 M M 10 18 17 50
12 64 56 60 4 5 0 0.01 0.0 0 7.0 10 70 M M 10 18 17 80
13 69 57 63 7 2 0 0.00 0.0 0 4.6 13 40 M M 5 18 20
14 67 55 61 6 4 0 0.15 0.0 M 6.2 15 80 M M 6 26 70
15 64 53 59 4 6 0 0.49 0.0 0 9.8 15 70 M M 9 18 25 50
16 77 56 67 12 0 2 T 0.0 0 7.0 16 120 M M 6 25 60
17 78 58 68 13 0 3 0.00 0.0 0 3.6 9 340 M M 4 1 14 30
18 78 49 64 10 1 0 0.00 0.0 0 5.7 16 330 M M 3 18 26 310
19 75 39 57 3 8 0 0.00 0.0 0 0.7 8 190 M M 0 18 11 190
20 78 41 60 6 5 0 0.00 0.0 M 5.4 20 130 M M 3 33 130
21 76 61 69 15 0 4 1.37 0.0 M 10.1 20 180 M M 9 13 30 160
22 61 42 52 -2 13 0 0.00 0.0 0 7.1 17 330 M M 7 23 330
23 60 38 49 -4 16 0 T M 0 3.4 9 330 M M 2 14 360
24 69 43 56 3 9 0 0.01 0.0 0 2.6 10 310 M M 4 15 310
25 71 39 55 2 10 0 0.00 0.0 M 1.7 9 110 M M 0 13 90
26 60 53 57 4 8 0 0.26 0.0 0 4.3 13 300 M M 7 18 18 290
27 57 43 50 -2 15 0 0.00 0.0 0 7.7 16 330 M M 1 27 300
28 61 32 47 -5 18 0 0.00 0.0 0 5.7 18 340 M M 0 27 340
29 61 28 45 -7 20 0 0.00 0.0 0 1.7 10 330 M M 0 15 310
30 58 29 44 -8 21 0 0.00 0.0 0 3.0 9 140 M M 1 11 150
================================================================================
SM 2123 1353 219 14 2.96 0.0 131.8 M 103
================================================================================
AV 70.8 45.1 4.4 FASTST M M 3 MAX(MPH)
MISC ----> # 20 360 33 130
================================================================================
NOTES:
# LAST OF SEVERAL OCCURRENCES
COLUMN 17 PEAK WIND IN M.P.H.
PRELIMINARY LOCAL CLIMATOLOGICAL DATA (WS FORM: F-6) , PAGE 2
STATION: TROY
MONTH: NOVEMBER
YEAR: 2023
LATITUDE: 31 51 N
LONGITUDE: 86 1 W
[TEMPERATURE DATA] [PRECIPITATION DATA] SYMBOLS USED IN COLUMN 16
AVERAGE MONTHLY: 57.9 TOTAL FOR MONTH: 2.96 1 = FOG OR MIST
DPTR FM NORMAL: 2.7 DPTR FM NORMAL: -1.46 2 = FOG REDUCING VISIBILITY
HIGHEST: 84 ON 8, 7 GRTST 24HR 1.37 ON 21-21 TO 1/4 MILE OR LESS
LOWEST: 28 ON 29, 2 3 = THUNDER
SNOW, ICE PELLETS, HAIL 4 = ICE PELLETS
TOTAL MONTH: 0.0 INCH 5 = HAIL
GRTST 24HR 0.0 6 = FREEZING RAIN OR DRIZZLE
GRTST DEPTH: 0 7 = DUSTSTORM OR SANDSTORM:
VSBY 1/2 MILE OR LESS
8 = SMOKE OR HAZE
[NO. OF DAYS WITH] [WEATHER - DAYS WITH] 9 = BLOWING SNOW
X = TORNADO
MAX 32 OR BELOW: 0 0.01 INCH OR MORE: 8
MAX 90 OR ABOVE: 0 0.10 INCH OR MORE: 6
MIN 32 OR BELOW: 5 0.50 INCH OR MORE: 1
MIN 0 OR BELOW: 0 1.00 INCH OR MORE: 1
[HDD (BASE 65) ]
TOTAL THIS MO. 219 CLEAR (SCALE 0-3) 18
DPTR FM NORMAL -90 PTCLDY (SCALE 4-7) 7
TOTAL FM JUL 1 256 CLOUDY (SCALE 8-10) 5
DPTR FM NORMAL -146
[CDD (BASE 65) ]
TOTAL THIS MO. 14
DPTR FM NORMAL -3 [PRESSURE DATA]
TOTAL FM JAN 1 2913 HIGHEST SLP 30.47 ON 2
DPTR FM NORMAL 786 LOWEST SLP 29.82 ON 21
[REMARKS]
#FINAL-11-23#