000
CXUS54 KBMX 011010
CF6TOI
PRELIMINARY LOCAL CLIMATOLOGICAL DATA (WS FORM: F-6)
STATION: TROY
MONTH: SEPTEMBER
YEAR: 2023
LATITUDE: 31 51 N
LONGITUDE: 86 1 W
TEMPERATURE IN F: :PCPN: SNOW: WIND :SUNSHINE: SKY :PK WND
================================================================================
1 2 3 4 5 6A 6B 7 8 9 10 11 12 13 14 15 16 17 18
12Z AVG MX 2MIN
DY MAX MIN AVG DEP HDD CDD WTR SNW DPTH SPD SPD DIR MIN PSBL S-S WX SPD DR
================================================================================
1 86 77 82 3 0 17 1.23 0.0 0 5.8 13 110 M M 9 138 20 70
2 85 74 80 1 0 15 0.02 0.0 0 5.8 15 120 M M 9 24 130
3 91 73 82 3 0 17 0.00 0.0 0 2.6 9 170 M M 5 18 15 100
4 93 72 83 5 0 18 0.00 0.0 M 1.4 8 100 M M 1 18 11 150
5 94 71 83 5 0 18 0.00 0.0 M 0.9 8 100 M M 0 18 13 80
6 96 69 83 5 0 18 0.00 0.0 M 1.3 10 330 M M 0 8 15 300
7 96 73 85 7 0 20 0.00 0.0 M 3.4 15 330 M M 0 18 20 260
8 94 66 80 2 0 15 0.00 0.0 0 3.6 17 330 M M 0 18 25 320
9 94 63 79 1 0 14 0.00 0.0 0 1.5 10 350 M M 1 18 13 340
10 96 65 81 4 0 16 0.00 0.0 0 1.0 8 30 M M 0 18 13 220
11 96 68 82 5 0 17 0.00 0.0 0 1.6 9 220 M M 0 18 14 220
12 93 70 82 5 0 17 0.00 0.0 0 2.2 8 170 M M 1 18 13 190
13 94 72 83 6 0 18 0.50 0.0 0 2.6 14 140 M M 2 138 21 310
14 90 73 82 6 0 17 T 0.0 0 2.8 14 350 M M 1 18 17 330
15 90 71 81 5 0 16 0.07 0.0 0 3.5 13 60 M M 7 18 19 80
16 92 73 83 7 0 18 1.60 0.0 0 3.8 15 230 M M 8 13 22 250
17 90 66 78 2 0 13 0.00 0.0 0 3.7 16 360 M M 5 128 21 290
18 89 61 75 -1 0 10 0.00 0.0 0 2.1 15 10 M M 1 18 24 10
19 88 60 74 -1 0 9 0.00 0.0 0 1.3 7 100 M M 0 18 12 170
20 88 62 75 0 0 10 0.00 0.0 0 3.4 13 120 M M 2 1 18 130
21 89 67 78 3 0 13 0.00 0.0 0 4.6 12 30 M M 4 17 60
22 89 63 76 2 0 11 0.00 0.0 0 3.5 13 60 M M 2 1 19 80
23 91 59 75 1 0 10 0.00 0.0 0 2.3 13 360 M M 0 18 18 340
24 93 60 77 3 0 12 0.00 0.0 0 1.9 10 260 M M 1 18 15 260
25 92 64 78 5 0 13 T 0.0 0 2.5 17 320 M M 1 18 23 330
26 88 67 78 5 0 13 0.00 0.0 0 4.7 15 90 M M 2 18 22 80
27 84 71 78 5 0 13 0.00 0.0 M 6.5 12 80 M M 8 8 23 60
28 85 66 76 4 0 11 0.00 0.0 M 5.1 13 40 M M 4 19 70
29 90 60 75 3 0 10 0.00 0.0 0 2.9 12 70 M M 2 18 17 100
30 93 63 78 6 0 13 0.00 0.0 0 2.4 14 40 M M 1 18 19 110
================================================================================
SM 2729 2019 0 432 3.42 0.0 90.7 M 77
================================================================================
AV 91.0 67.3 3.0 FASTST M M 3 MAX(MPH)
MISC ----> # 17 330 25 320
================================================================================
NOTES:
# LAST OF SEVERAL OCCURRENCES
COLUMN 17 PEAK WIND IN M.P.H.
PRELIMINARY LOCAL CLIMATOLOGICAL DATA (WS FORM: F-6) , PAGE 2
STATION: TROY
MONTH: SEPTEMBER
YEAR: 2023
LATITUDE: 31 51 N
LONGITUDE: 86 1 W
[TEMPERATURE DATA] [PRECIPITATION DATA] SYMBOLS USED IN COLUMN 16
AVERAGE MONTHLY: 79.1 TOTAL FOR MONTH: 3.42 1 = FOG OR MIST
DPTR FM NORMAL: 3.3 DPTR FM NORMAL: 0.36 2 = FOG REDUCING VISIBILITY
HIGHEST: 96 ON 11,10 GRTST 24HR 1.67 ON 15-16 TO 1/4 MILE OR LESS
LOWEST: 59 ON 23 3 = THUNDER
SNOW, ICE PELLETS, HAIL 4 = ICE PELLETS
TOTAL MONTH: 0.0 INCH 5 = HAIL
GRTST 24HR 0.0 6 = FREEZING RAIN OR DRIZZLE
GRTST DEPTH: 0 7 = DUSTSTORM OR SANDSTORM:
VSBY 1/2 MILE OR LESS
8 = SMOKE OR HAZE
[NO. OF DAYS WITH] [WEATHER - DAYS WITH] 9 = BLOWING SNOW
X = TORNADO
MAX 32 OR BELOW: 0 0.01 INCH OR MORE: 5
MAX 90 OR ABOVE: 20 0.10 INCH OR MORE: 3
MIN 32 OR BELOW: 0 0.50 INCH OR MORE: 3
MIN 0 OR BELOW: 0 1.00 INCH OR MORE: 2
[HDD (BASE 65) ]
TOTAL THIS MO. 0 CLEAR (SCALE 0-3) 21
DPTR FM NORMAL -3 PTCLDY (SCALE 4-7) 6
TOTAL FM JUL 1 0 CLOUDY (SCALE 8-10) 3
DPTR FM NORMAL -1
[CDD (BASE 65) ]
TOTAL THIS MO. 432
DPTR FM NORMAL 105 [PRESSURE DATA]
TOTAL FM JAN 1 2751 HIGHEST SLP 30.16 ON 2
DPTR FM NORMAL 747 LOWEST SLP 29.82 ON 7
[REMARKS]
#FINAL-09-23#