000
CXUS51 KCLE 010800
CF6TOL
PRELIMINARY LOCAL CLIMATOLOGICAL DATA (WS FORM: F-6)
STATION: TOLEDO OH
MONTH: MARCH
YEAR: 2023
LATITUDE: 41 35 N
LONGITUDE: 83 48 W
TEMPERATURE IN F: :PCPN: SNOW: WIND :SUNSHINE: SKY :PK WND
================================================================================
1 2 3 4 5 6A 6B 7 8 9 10 11 12 13 14 15 16 17 18
12Z AVG MX 2MIN
DY MAX MIN AVG DEP HDD CDD WTR SNW DPTH SPD SPD DIR MIN PSBL S-S WX SPD DR
================================================================================
1 60 37 49 15 16 0 T 0.0 0 5.7 14 50 M M 2 19 40
2 46 34 40 6 25 0 0.00 0.0 0 7.3 16 300 M M 5 1 22 290
3 38 32 35 0 30 0 1.34 0.3 0 16.7 39 50 M M 6 1 50 60
4 48 33 41 6 24 0 T 0.0 T 9.6 22 290 M M 5 30 330
5 53 35 44 9 21 0 0.01 0.0 0 6.5 14 290 M M 2 1 18 280
6 53 37 45 9 20 0 0.22 0.0 0 11.5 21 70 M M 8 1 26 90
7 47 32 40 4 25 0 0.02 0.0 0 10.6 18 20 M M 4 1 29 30
8 48 30 39 3 26 0 0.00 0.0 0 9.0 18 40 M M 0 25 20
9 45 30 38 1 27 0 T T 0 10.2 20 50 M M 4 25 130
10 37 33 35 -2 30 0 0.34 2.0 2 11.9 18 330 M M 10 1 26 340
11 40 32 36 -1 29 0 0.00 0.0 1 6.4 13 350 M M 8 18 350
12 35 30 33 -5 32 0 0.07 0.8 1 6.3 16 70 M M 10 18 19 80
13 37 27 32 -6 33 0 0.10 0.6 T 8.2 22 270 M M 10 128 27 260
14 38 23 31 -7 34 0 0.00 0.0 T 11.7 20 320 M M 5 26 290
15 48 22 35 -4 30 0 0.00 0.0 0 5.8 15 230 M M 0 21 240
16 60 35 48 9 17 0 0.02 0.0 0 9.4 21 210 M M 4 30 210
17 54 33 44 5 21 0 0.12 0.0 0 17.1 32 260 M M 10 1 42 250
18 33 22 28 -12 37 0 T T 0 18.8 31 270 M M 8 8 38 260
19 41 21 31 -9 34 0 T 0.2 T 16.1 24 250 M M 4 1 32 260
20 52 28 40 0 25 0 0.00 0.0 0 14.1 26 230 M M 1 34 240
21 60 30 45 4 20 0 0.01 0.0 0 8.2 21 230 M M 3 27 230
22 51 41 46 5 19 0 0.16 0.0 0 6.7 17 210 M M 10 1 23 210
23 53 41 47 5 18 0 0.19 0.0 0 6.6 18 330 M M 9 18 24 340
24 44 37 41 -1 24 0 T 0.0 0 13.1 20 60 M M 6 1 24 70
25 56 37 47 5 18 0 0.39 0.0 0 20.2 41 250 M M 10 1 55 240
26 59 34 47 4 18 0 T 0.0 0 7.9 22 330 M M 4 26 330
27 47 38 43 0 22 0 0.02 0.0 0 7.8 16 360 M M 9 1 22 20
28 50 30 40 -4 25 0 0.00 0.0 0 3.2 12 300 M M 3 128 14 300
29 52 29 41 -3 24 0 T 0.0 0 11.7 32 270 M M 2 40 270
30 51 22 37 -7 28 0 0.00 0.0 0 4.7 12 190 M M 0 19 180
31 62 42 52 7 13 0 0.75 0.0 0 12.0 32 220 M M 10 13 47 230
================================================================================
SM 1498 987 765 0 3.76 3.9 315.0 M 172
================================================================================
AV 48.3 31.8 10.2 FASTST M M 6 MAX(MPH)
MISC ----> 41 250 55 240
================================================================================
NOTES:
# LAST OF SEVERAL OCCURRENCES
COLUMN 17 PEAK WIND IN M.P.H.
PRELIMINARY LOCAL CLIMATOLOGICAL DATA (WS FORM: F-6) , PAGE 2
STATION: TOLEDO OH
MONTH: MARCH
YEAR: 2023
LATITUDE: 41 35 N
LONGITUDE: 83 48 W
[TEMPERATURE DATA] [PRECIPITATION DATA] SYMBOLS USED IN COLUMN 16
AVERAGE MONTHLY: 40.1 TOTAL FOR MONTH: 3.76 1 = FOG OR MIST
DPTR FM NORMAL: 0.9 DPTR FM NORMAL: 1.15 2 = FOG REDUCING VISIBILITY
HIGHEST: 62 ON 31 GRTST 24HR 1.34 ON 3- 3 TO 1/4 MILE OR LESS
LOWEST: 21 ON 19 3 = THUNDER
SNOW, ICE PELLETS, HAIL 4 = ICE PELLETS
TOTAL MONTH: 3.9 INCHES 5 = HAIL
GRTST 24HR 2.0 ON 10-10 6 = FREEZING RAIN OR DRIZZLE
GRTST DEPTH: 2 ON 10 7 = DUSTSTORM OR SANDSTORM:
VSBY 1/2 MILE OR LESS
8 = SMOKE OR HAZE
[NO. OF DAYS WITH] [WEATHER - DAYS WITH] 9 = BLOWING SNOW
X = TORNADO
MAX 32 OR BELOW: 0 0.01 INCH OR MORE: 15
MAX 90 OR ABOVE: 0 0.10 INCH OR MORE: 9
MIN 32 OR BELOW: 16 0.50 INCH OR MORE: 2
MIN 0 OR BELOW: 0 1.00 INCH OR MORE: 1
[HDD (BASE 65) ]
TOTAL THIS MO. 765 CLEAR (SCALE 0-3) 9
DPTR FM NORMAL -38 PTCLDY (SCALE 4-7) 13
TOTAL FM JUL 1 4440 CLOUDY (SCALE 8-10) 9
DPTR FM NORMAL -587
[CDD (BASE 65) ]
TOTAL THIS MO. 0
DPTR FM NORMAL -1 [PRESSURE DATA]
TOTAL FM JAN 1 0 HIGHEST SLP 30.56 ON 8
DPTR FM NORMAL -1 LOWEST SLP 29.12 ON 3
[REMARKS]
#FINAL-03-23#