000
CXUS51 KCLE 021655
CLMTOL
CLIMATE REPORT
NATIONAL WEATHER SERVICE CLEVELAND, OH
1155 AM EST FRI FEB 02 2024
...................................
...THE TOLEDO OH CLIMATE SUMMARY FOR THE MONTH OF JANUARY 2024...
CLIMATE NORMAL PERIOD 1991 TO 2020
CLIMATE RECORD PERIOD 1873 TO 2024
WEATHER OBSERVED NORMAL DEPART LAST YEAR`S
VALUE DATE(S) VALUE FROM VALUE
NORMAL
..............................................................
TEMPERATURE (F)
RECORD
HIGH 71 01/25/1950
01/13/1890
LOW -20 01/21/1984
HIGHEST 48 01/09
LOWEST -2 01/15
AVG. MAXIMUM 33.8 34.7 -0.9 40.4
AVG. MINIMUM 24.4 20.3 4.1 29.8
MEAN 29.1 27.5 1.6 35.1
DAYS MAX >= 90 0 0.0 0.0 0
DAYS MAX <= 32 8 15.7 -7.7 2
DAYS MIN <= 32 18 26.9 -8.9 19
DAYS MIN <= 0 2 3.0 -1.0 0
PRECIPITATION (INCHES)
RECORD
MAXIMUM 6.63 1913
MINIMUM 0.27 1961
TOTALS 4.66 2.37 2.29 3.29
DAYS >= .01 18 13.5 4.5 16
DAYS >= .10 8 5.9 2.1 7
DAYS >= .50 2 1.5 0.5 3
DAYS >= 1.00 1 0.2 0.8 0
GREATEST
24 HR. TOTAL 1.36 01/09 TO 01/10 0.99
SNOWFALL (INCHES)
RECORDS
TOTAL 40.2 2014
TOTALS 8.1 12.3 -4.2 7.9
SINCE 7/1 9.0 20.6 -11.6 9.5
DAYS >= 1.0 3 3.9 -0.9 2
GREATEST
24 HR TOTAL 2.5 01/12 TO 01/12
DEGREE DAYS
HEATING TOTAL 1104 1162 -58 918
SINCE 7/1 2820 3244 -424 2873
COOLING TOTAL 0 0 0 0
SINCE 1/1 0 0 0 0
..............................................................
WIND (MPH)
AVERAGE WIND SPEED 9.3
HIGHEST WIND SPEED/DIRECTION 38/240 DATE 01/13
HIGHEST GUST SPEED/DIRECTION 56/230 DATE 01/13
SKY COVER
AVERAGE SKY COVER 0.82
AVERAGE RH (PERCENT) 78
WEATHER CONDITIONS. NUMBER OF DAYS WITH
THUNDERSTORM 0 MIXED PRECIP 0
HEAVY RAIN 2 RAIN 4
LIGHT RAIN 10 FREEZING RAIN 0
LT FREEZING RAIN 0 HAIL 0
HEAVY SNOW 1 SNOW 1
LIGHT SNOW 16 SLEET 0
FOG 22 FOG W/VIS <= 1/4 MILE 7
HAZE 11
- INDICATES NEGATIVE NUMBERS.
R INDICATES RECORD WAS SET OR TIED.
MM INDICATES DATA IS MISSING.
T INDICATES TRACE AMOUNT.
$$