000
CXUS55 KCYS 040244
CF6TOR
PRELIMINARY LOCAL CLIMATOLOGICAL DATA (WS FORM: F-6)
STATION: TORRINGTON WY AIRPORT
MONTH: MARCH
YEAR: 2024
LATITUDE: 42 3 N
LONGITUDE: 104 9 W
TEMPERATURE IN F: :PCPN: SNOW: WIND :SUNSHINE: SKY :PK WND
================================================================================
1 2 3 4 5 6A 6B 7 8 9 10 11 12 13 14 15 16 17 18
12Z AVG MX 2MIN
DY MAX MIN AVG DEP HDD CDD WTR SNW DPTH SPD SPD DIR MIN PSBL S-S WX SPD DR
================================================================================
1 67 33 50 16 15 0 0.00 M M 9.5 23 270 M M 1 35 280
2 69 31 50 16 15 0 0.00 M M 11.6 32 300 M M 1 48 280
3 50 32 41 6 24 0 0.00 M M 19.4 36 270 M M 3 53 270
4 44 28 36 1 29 0 0.00 M M 11.3 22 250 M M 4 32 250
5 51 21 36 0 29 0 0.00 M M 11.5 28 190 M M 0 36 190
6 59 27 43 7 22 0 T M M 11.1 30 280 M M 3 42 280
7 31 22 27 -9 38 0 0.06 M M 8.3 16 60 M M 9 128 20 50
8 40 22 31 -6 34 0 0.14 M M 4.6 10 300 M M 6 1 14 320
9 56 16 36 -1 29 0 0.00 M M 4.5 20 240 M M 0 25 230
10 63 22 43 6 22 0 0.00 M M 8.1 28 230 M M 0 36 220
11 66 26 46 8 19 0 0.00 M M 7.5 21 260 M M 2 28 270
12 62 33 48 10 17 0 0.00 M M 10.7 25 280 M M 3 40 290
13 50 37 44 6 21 0 0.03 M M 6.8 24 80 M M 10 31 80
14 43 28 36 -3 29 0 T M M 14.6 39 30 M M 10 8 52 30
15 50 27 39 0 26 0 0.00 M M 8.1 24 190 M M 5 32 210
16 55 25 40 0 25 0 0.00 M M 10.5 21 360 M M 0 31 330
17 51 23 37 -3 28 0 0.00 M M 10.0 28 330 M M 4 40 330
18 66 19 43 3 22 0 0.00 M M 5.0 15 290 M M 0 20 290
19 68 32 50 10 15 0 0.00 M M 6.6 20 60 M M 1 27 50
20 64 26 45 4 20 0 0.00 M M 11.9 24 150 M M 0 33 170
21 71 27 49 8 16 0 0.00 M M 9.8 38 10 M M 2 47 10
22 53 28 41 0 24 0 0.00 M M 11.3 28 80 M M 5 35 80
23 60 24 42 0 23 0 T M M 16.1 25 100 M M 3 34 100
24 39 22 31 -11 34 0 0.01 M M 12.8 28 360 M M 8 18 40 350
25 33 14 24 -18 41 0 T M M 11.5 22 360 M M 8 33 340
26 48 13 31 -11 34 0 0.00 M M 4.8 21 30 M M 6 27 30
27 54 15 35 -7 30 0 0.00 M M 8.6 25 290 M M 4 45 240
28 66 33 50 7 15 0 0.00 M M 9.2 26 230 M M 3 39 220
29 56 34 45 2 20 0 0.00 M M 8.4 16 80 M M 3 24 320
30 52 32 42 -1 23 0 0.43 M M 11.2 18 100 M M 9 1 25 120
31 55 33 44 1 21 0 0.44 M M 12.7 32 60 M M 8 13 40 60
================================================================================
SM 1692 805 760 0 1.11 M 308.0 M 121
================================================================================
AV 54.6 26.0 9.9 FASTST M M 4 MAX(MPH)
MISC ----> 39 30 53 270
================================================================================
NOTES:
# LAST OF SEVERAL OCCURRENCES
COLUMN 17 PEAK WIND IN M.P.H.
PRELIMINARY LOCAL CLIMATOLOGICAL DATA (WS FORM: F-6) , PAGE 2
STATION: TORRINGTON WY AIRPORT
MONTH: MARCH
YEAR: 2024
LATITUDE: 42 3 N
LONGITUDE: 104 9 W
[TEMPERATURE DATA] [PRECIPITATION DATA] SYMBOLS USED IN COLUMN 16
AVERAGE MONTHLY: 40.3 TOTAL FOR MONTH: 1.11 1 = FOG OR MIST
DPTR FM NORMAL: 1.1 DPTR FM NORMAL: 0.45 2 = FOG REDUCING VISIBILITY
HIGHEST: 71 ON 21 GRTST 24HR 0.56 ON 30-31 TO 1/4 MILE OR LESS
LOWEST: 13 ON 26 3 = THUNDER
SNOW, ICE PELLETS, HAIL 4 = ICE PELLETS
TOTAL MONTH: M 5 = HAIL
GRTST 24HR M ON M 6 = FREEZING RAIN OR DRIZZLE
GRTST DEPTH: M ON M 7 = DUSTSTORM OR SANDSTORM:
VSBY 1/2 MILE OR LESS
8 = SMOKE OR HAZE
[NO. OF DAYS WITH] [WEATHER - DAYS WITH] 9 = BLOWING SNOW
X = TORNADO
MAX 32 OR BELOW: 1 0.01 INCH OR MORE: 6
MAX 90 OR ABOVE: 0 0.10 INCH OR MORE: 3
MIN 32 OR BELOW: 25 0.50 INCH OR MORE: 0
MIN 0 OR BELOW: 0 1.00 INCH OR MORE: 0
[HDD (BASE 65) ]
TOTAL THIS MO. 760 CLEAR (SCALE 0-3) 15
DPTR FM NORMAL -40 PTCLDY (SCALE 4-7) 12
TOTAL FM JUL 1 5160 CLOUDY (SCALE 8-10) 4
DPTR FM NORMAL -403
[CDD (BASE 65) ]
TOTAL THIS MO. 0
DPTR FM NORMAL 0 [PRESSURE DATA]
TOTAL FM JAN 1 0 HIGHEST SLP 30.44 ON 15
DPTR FM NORMAL 0 LOWEST SLP 29.28 ON 2
[REMARKS]
#FINAL-03-24#
PRECIPITATION VALUES ARE FROM COCORAHS STATION WY-GS-9 FOR A
SNOW EVENT ON 3/7-3/8.